{"id":1065,"date":"2022-12-03T12:41:29","date_gmt":"2022-12-03T11:41:29","guid":{"rendered":"http:\/\/lzommcr.cluster031.hosting.ovh.net\/?page_id=1065"},"modified":"2024-11-12T17:45:04","modified_gmt":"2024-11-12T16:45:04","slug":"zajecia","status":"publish","type":"page","link":"https:\/\/4tutti.pl\/?page_id=1065","title":{"rendered":"Pokazy"},"content":{"rendered":"<div class=\"ngg-albumoverview default-view\">\n            <div class=\"ngg-album\">\n            <div class=\"ngg-albumcontent\">\n                <div class=\"ngg-thumbnail\">\n                    <a class='gallery_link' href='https:\/\/4tutti.pl\/index.php\/nggallery\/zajecia\/2026-wosp?page_id=1065'>\n                        <img class=\"Thumb\"\n                             alt=\"2026 WO\u015aP\"\n                             src=\"https:\/\/4tutti.pl\/wp-content\/gallery\/2026-wosp\/cache\/1000038084.jpg-nggid044254-ngg0dyn-300x200x100-00f0w010c011r110f110r010t010.jpg\"\/>\n                    <\/a>\n                <\/div>\n                <div class=\"ngg-albumtitle\">\n                  <a class='gallery_link' href='https:\/\/4tutti.pl\/index.php\/nggallery\/zajecia\/2026-wosp?page_id=1065'>2026 WO\u015aP<\/a>\n                <\/div>\n                <div class=\"ngg-description\">\n                    <p><\/p>\n                                            <p class=\"ngg-album-gallery-image-counter\"><strong>21<\/strong>&nbsp;Zdj\u0119\u0107<\/p>\n                                    <\/div>\n            <\/div>\n        <\/div>\n            <div class=\"ngg-album\">\n            <div class=\"ngg-albumcontent\">\n                <div class=\"ngg-thumbnail\">\n                    <a class='gallery_link' href='https:\/\/4tutti.pl\/index.php\/nggallery\/zajecia\/2025-korowod-winobraniowy?page_id=1065'>\n                        <img class=\"Thumb\"\n                             alt=\"2025 Korow\u00f3d winobraniowy\"\n                             src=\"https:\/\/4tutti.pl\/wp-content\/gallery\/2025-korowod-winobraniowy\/cache\/546267458_1101583925393989_1146961898255691_n.jpg-nggid044118-ngg0dyn-300x200x100-00f0w010c011r110f110r010t010.jpg\"\/>\n                    <\/a>\n                <\/div>\n                <div class=\"ngg-albumtitle\">\n                  <a class='gallery_link' href='https:\/\/4tutti.pl\/index.php\/nggallery\/zajecia\/2025-korowod-winobraniowy?page_id=1065'>2025 Korow\u00f3d winobraniowy<\/a>\n                <\/div>\n                <div class=\"ngg-description\">\n                    <p><\/p>\n                                            <p class=\"ngg-album-gallery-image-counter\"><strong>53<\/strong>&nbsp;Zdj\u0119\u0107<\/p>\n                                    <\/div>\n            <\/div>\n        <\/div>\n            <div class=\"ngg-album\">\n            <div class=\"ngg-albumcontent\">\n                <div class=\"ngg-thumbnail\">\n                    <a class='gallery_link' href='https:\/\/4tutti.pl\/index.php\/nggallery\/zajecia\/2025-zakonczenie-sezonu?page_id=1065'>\n                        <img class=\"Thumb\"\n                             alt=\"2025 ZAKO\u0143CZENIE SEZONU\"\n                             src=\"https:\/\/4tutti.pl\/wp-content\/gallery\/2025-zakonczenie-sezonu\/cache\/511192549_1040966918122357_910242310488559359_n.jpg-nggid043858-ngg0dyn-300x200x100-00f0w010c011r110f110r010t010.jpg\"\/>\n                    <\/a>\n                <\/div>\n                <div class=\"ngg-albumtitle\">\n                  <a class='gallery_link' href='https:\/\/4tutti.pl\/index.php\/nggallery\/zajecia\/2025-zakonczenie-sezonu?page_id=1065'>2025 ZAKO\u0143CZENIE SEZONU<\/a>\n                <\/div>\n                <div class=\"ngg-description\">\n                    <p><\/p>\n                                            <p class=\"ngg-album-gallery-image-counter\"><strong>33<\/strong>&nbsp;Zdj\u0119\u0107<\/p>\n                                    <\/div>\n            <\/div>\n        <\/div>\n            <div class=\"ngg-album\">\n            <div class=\"ngg-albumcontent\">\n                <div class=\"ngg-thumbnail\">\n                    <a class='gallery_link' href='https:\/\/4tutti.pl\/index.php\/nggallery\/zajecia\/2025-tanczymy-na-6?page_id=1065'>\n                        <img class=\"Thumb\"\n                             alt=\"2025 TA\u0143CZYMY NA 6\"\n                             src=\"https:\/\/4tutti.pl\/wp-content\/gallery\/2025-tanczymy-na-6\/cache\/493927741_1029596195926096_9141681896375425637_n.jpg-nggid043792-ngg0dyn-300x200x100-00f0w010c011r110f110r010t010.jpg\"\/>\n                    <\/a>\n                <\/div>\n                <div class=\"ngg-albumtitle\">\n                  <a class='gallery_link' href='https:\/\/4tutti.pl\/index.php\/nggallery\/zajecia\/2025-tanczymy-na-6?page_id=1065'>2025 TA\u0143CZYMY NA 6<\/a>\n                <\/div>\n                <div class=\"ngg-description\">\n                    <p><\/p>\n                                            <p class=\"ngg-album-gallery-image-counter\"><strong>33<\/strong>&nbsp;Zdj\u0119\u0107<\/p>\n                                    <\/div>\n            <\/div>\n        <\/div>\n            <div class=\"ngg-album\">\n            <div class=\"ngg-albumcontent\">\n                <div class=\"ngg-thumbnail\">\n                    <a class='gallery_link' href='https:\/\/4tutti.pl\/index.php\/nggallery\/zajecia\/2025-pokazy-w-ze-nr-6?page_id=1065'>\n                        <img class=\"Thumb\"\n                             alt=\"2025 POKAZY W ZE nr 6\"\n                             src=\"https:\/\/4tutti.pl\/wp-content\/gallery\/2025-pokazy-w-ze-nr-6\/cache\/505258998_1027396092812773_8820998074189199883_n.jpg-nggid043734-ngg0dyn-300x200x100-00f0w010c011r110f110r010t010.jpg\"\/>\n                    <\/a>\n                <\/div>\n                <div class=\"ngg-albumtitle\">\n                  <a class='gallery_link' href='https:\/\/4tutti.pl\/index.php\/nggallery\/zajecia\/2025-pokazy-w-ze-nr-6?page_id=1065'>2025 POKAZY W ZE nr 6<\/a>\n                <\/div>\n                <div class=\"ngg-description\">\n                    <p><\/p>\n                                            <p class=\"ngg-album-gallery-image-counter\"><strong>39<\/strong>&nbsp;Zdj\u0119\u0107<\/p>\n                                    <\/div>\n            <\/div>\n        <\/div>\n        <div class='ngg-navigation'><span class='current'>1<\/span>\n<a class='page-numbers' data-pageid='2' href='https:\/\/4tutti.pl\/index.php\/nggallery\/page\/2?page_id=1065'>2<\/a>\n<span class='ellipsis'>...<\/span>\n<a class='page-numbers' data-pageid='6' href='https:\/\/4tutti.pl\/index.php\/nggallery\/page\/6?page_id=1065'>6<\/a>\n<a class='prev' href='https:\/\/4tutti.pl\/index.php\/nggallery\/page\/2?page_id=1065' data-pageid=2>&#9658;<\/a><\/div><\/div>\n\n","protected":false},"excerpt":{"rendered":"2026 WO\u015aP 21&nbsp;Zdj\u0119\u0107 2025 Korow\u00f3d winobraniowy 53&nbsp;Zdj\u0119\u0107 2025 ZAKO\u0143CZENIE SEZONU 33&nbsp;Zdj\u0119\u0107 2025 TA\u0143CZYMY NA 6 33&nbsp;Zdj\u0119\u0107 2025 POKAZY W ZE nr 6 39&nbsp;Zdj\u0119\u0107 1 2 ... 6 &#9658;","protected":false},"author":1,"featured_media":4534,"parent":466,"menu_order":0,"comment_status":"closed","ping_status":"closed","template":"","meta":{"ngg_post_thumbnail":0,"footnotes":""},"class_list":["post-1065","page","type-page","status-publish","has-post-thumbnail","hentry"],"yoast_head":"<!-- This site is optimized with the Yoast SEO plugin v19.8 - https:\/\/yoast.com\/wordpress\/plugins\/seo\/ -->\n<title>Pokazy - Stowarzyszenie 4tutti<\/title>\n<meta name=\"robots\" content=\"index, follow, max-snippet:-1, max-image-preview:large, max-video-preview:-1\" \/>\n<link rel=\"canonical\" href=\"https:\/\/4tutti.pl\/?page_id=1065\" \/>\n<meta property=\"og:locale\" content=\"pl_PL\" \/>\n<meta property=\"og:type\" content=\"article\" \/>\n<meta property=\"og:title\" content=\"Pokazy - Stowarzyszenie 4tutti\" \/>\n<meta property=\"og:url\" content=\"https:\/\/4tutti.pl\/?page_id=1065\" \/>\n<meta property=\"og:site_name\" content=\"Stowarzyszenie 4tutti\" \/>\n<meta property=\"article:modified_time\" content=\"2024-11-12T16:45:04+00:00\" \/>\n<meta property=\"og:image\" content=\"https:\/\/4tutti.pl\/wp-content\/uploads\/2024\/11\/image_123650291-8.jpg\" \/>\n\t<meta property=\"og:image:width\" content=\"1280\" \/>\n\t<meta property=\"og:image:height\" content=\"1280\" \/>\n\t<meta property=\"og:image:type\" content=\"image\/jpeg\" \/>\n<meta name=\"twitter:card\" content=\"summary_large_image\" \/>\n<meta name=\"twitter:label1\" content=\"Szacowany czas czytania\" \/>\n\t<meta name=\"twitter:data1\" content=\"1 minuta\" \/>\n<script type=\"application\/ld+json\" class=\"yoast-schema-graph\">{\"@context\":\"https:\/\/schema.org\",\"@graph\":[{\"@type\":\"WebPage\",\"@id\":\"https:\/\/4tutti.pl\/?page_id=1065\",\"url\":\"https:\/\/4tutti.pl\/?page_id=1065\",\"name\":\"Pokazy - Stowarzyszenie 4tutti\",\"isPartOf\":{\"@id\":\"https:\/\/4tutti.pl\/#website\"},\"datePublished\":\"2022-12-03T11:41:29+00:00\",\"dateModified\":\"2024-11-12T16:45:04+00:00\",\"breadcrumb\":{\"@id\":\"https:\/\/4tutti.pl\/?page_id=1065#breadcrumb\"},\"inLanguage\":\"pl-PL\",\"potentialAction\":[{\"@type\":\"ReadAction\",\"target\":[\"https:\/\/4tutti.pl\/?page_id=1065\"]}]},{\"@type\":\"BreadcrumbList\",\"@id\":\"https:\/\/4tutti.pl\/?page_id=1065#breadcrumb\",\"itemListElement\":[{\"@type\":\"ListItem\",\"position\":1,\"name\":\"Strona g\u0142\u00f3wna\",\"item\":\"https:\/\/4tutti.pl\/\"},{\"@type\":\"ListItem\",\"position\":2,\"name\":\"Galeria\",\"item\":\"https:\/\/4tutti.pl\/?page_id=466\"},{\"@type\":\"ListItem\",\"position\":3,\"name\":\"Pokazy\"}]},{\"@type\":\"WebSite\",\"@id\":\"https:\/\/4tutti.pl\/#website\",\"url\":\"https:\/\/4tutti.pl\/\",\"name\":\"Stowarzyszenie 4tutti\",\"description\":\"P\u00f3\u0142kolonie, warsztaty dla dzieci\",\"potentialAction\":[{\"@type\":\"SearchAction\",\"target\":{\"@type\":\"EntryPoint\",\"urlTemplate\":\"https:\/\/4tutti.pl\/?s={search_term_string}\"},\"query-input\":\"required name=search_term_string\"}],\"inLanguage\":\"pl-PL\"}]}<\/script>\n<!-- \/ Yoast SEO plugin. -->","yoast_head_json":{"title":"Pokazy - Stowarzyszenie 4tutti","robots":{"index":"index","follow":"follow","max-snippet":"max-snippet:-1","max-image-preview":"max-image-preview:large","max-video-preview":"max-video-preview:-1"},"canonical":"https:\/\/4tutti.pl\/?page_id=1065","og_locale":"pl_PL","og_type":"article","og_title":"Pokazy - Stowarzyszenie 4tutti","og_url":"https:\/\/4tutti.pl\/?page_id=1065","og_site_name":"Stowarzyszenie 4tutti","article_modified_time":"2024-11-12T16:45:04+00:00","og_image":[{"width":1280,"height":1280,"url":"https:\/\/4tutti.pl\/wp-content\/uploads\/2024\/11\/image_123650291-8.jpg","type":"image\/jpeg"}],"twitter_card":"summary_large_image","twitter_misc":{"Szacowany czas czytania":"1 minuta"},"schema":{"@context":"https:\/\/schema.org","@graph":[{"@type":"WebPage","@id":"https:\/\/4tutti.pl\/?page_id=1065","url":"https:\/\/4tutti.pl\/?page_id=1065","name":"Pokazy - Stowarzyszenie 4tutti","isPartOf":{"@id":"https:\/\/4tutti.pl\/#website"},"datePublished":"2022-12-03T11:41:29+00:00","dateModified":"2024-11-12T16:45:04+00:00","breadcrumb":{"@id":"https:\/\/4tutti.pl\/?page_id=1065#breadcrumb"},"inLanguage":"pl-PL","potentialAction":[{"@type":"ReadAction","target":["https:\/\/4tutti.pl\/?page_id=1065"]}]},{"@type":"BreadcrumbList","@id":"https:\/\/4tutti.pl\/?page_id=1065#breadcrumb","itemListElement":[{"@type":"ListItem","position":1,"name":"Strona g\u0142\u00f3wna","item":"https:\/\/4tutti.pl\/"},{"@type":"ListItem","position":2,"name":"Galeria","item":"https:\/\/4tutti.pl\/?page_id=466"},{"@type":"ListItem","position":3,"name":"Pokazy"}]},{"@type":"WebSite","@id":"https:\/\/4tutti.pl\/#website","url":"https:\/\/4tutti.pl\/","name":"Stowarzyszenie 4tutti","description":"P\u00f3\u0142kolonie, warsztaty dla dzieci","potentialAction":[{"@type":"SearchAction","target":{"@type":"EntryPoint","urlTemplate":"https:\/\/4tutti.pl\/?s={search_term_string}"},"query-input":"required name=search_term_string"}],"inLanguage":"pl-PL"}]}},"_links":{"self":[{"href":"https:\/\/4tutti.pl\/index.php?rest_route=\/wp\/v2\/pages\/1065","targetHints":{"allow":["GET"]}}],"collection":[{"href":"https:\/\/4tutti.pl\/index.php?rest_route=\/wp\/v2\/pages"}],"about":[{"href":"https:\/\/4tutti.pl\/index.php?rest_route=\/wp\/v2\/types\/page"}],"author":[{"embeddable":true,"href":"https:\/\/4tutti.pl\/index.php?rest_route=\/wp\/v2\/users\/1"}],"replies":[{"embeddable":true,"href":"https:\/\/4tutti.pl\/index.php?rest_route=%2Fwp%2Fv2%2Fcomments&post=1065"}],"version-history":[{"count":3,"href":"https:\/\/4tutti.pl\/index.php?rest_route=\/wp\/v2\/pages\/1065\/revisions"}],"predecessor-version":[{"id":1832,"href":"https:\/\/4tutti.pl\/index.php?rest_route=\/wp\/v2\/pages\/1065\/revisions\/1832"}],"up":[{"embeddable":true,"href":"https:\/\/4tutti.pl\/index.php?rest_route=\/wp\/v2\/pages\/466"}],"wp:featuredmedia":[{"embeddable":true,"href":"https:\/\/4tutti.pl\/index.php?rest_route=\/wp\/v2\/media\/4534"}],"wp:attachment":[{"href":"https:\/\/4tutti.pl\/index.php?rest_route=%2Fwp%2Fv2%2Fmedia&parent=1065"}],"curies":[{"name":"wp","href":"https:\/\/api.w.org\/{rel}","templated":true}]}}