{"id":2544,"date":"2023-09-05T18:34:01","date_gmt":"2023-09-05T16:34:01","guid":{"rendered":"https:\/\/4tutti.pl\/?page_id=2544"},"modified":"2024-09-05T18:12:05","modified_gmt":"2024-09-05T16:12:05","slug":"aktualnosci-obozy","status":"publish","type":"page","link":"https:\/\/4tutti.pl\/?page_id=2544","title":{"rendered":"OBOZY, P\u00d3\u0141KOLONIE"},"content":{"rendered":"<div class=\"pt-cv-wrapper\"><div class=\"pt-cv-view pt-cv-grid pt-cv-colsys\" id=\"pt-cv-view-a34cf36vfb\"><div data-id=\"pt-cv-page-1\" class=\"pt-cv-page\" data-cvc=\"1\"><div class=\"col-md-12 col-sm-12 col-xs-12 pt-cv-content-item pt-cv-2-col\" ><div class='pt-cv-ifield'><a href=\"https:\/\/4tutti.pl\/?page_id=6467\" class=\"_self pt-cv-href-thumbnail pt-cv-thumb-left\" target=\"_self\" ><img loading=\"lazy\" decoding=\"async\" width=\"682\" height=\"1024\" src=\"https:\/\/4tutti.pl\/wp-content\/uploads\/2026\/04\/IMG_9839-682x1024.jpeg\" class=\"pt-cv-thumbnail pull-left\" alt=\"\" srcset=\"https:\/\/4tutti.pl\/wp-content\/uploads\/2026\/04\/IMG_9839-682x1024.jpeg 682w, https:\/\/4tutti.pl\/wp-content\/uploads\/2026\/04\/IMG_9839-200x300.jpeg 200w, https:\/\/4tutti.pl\/wp-content\/uploads\/2026\/04\/IMG_9839-768x1152.jpeg 768w, https:\/\/4tutti.pl\/wp-content\/uploads\/2026\/04\/IMG_9839.jpeg 853w\" sizes=\"auto, (max-width: 682px) 100vw, 682px\" \/><\/a>\n<h4 class=\"pt-cv-title\"><a href=\"https:\/\/4tutti.pl\/?page_id=6467\" class=\"_self\" target=\"_self\" >LATO W MIE\u015aCIE 2026<\/a><\/h4>\n<div class=\"pt-cv-content\">Wakacyjna Przygoda 2026 z 4TUTTI! Szukasz miejsca, gdzie Twoje dziecko prze\u017cyje tydzie\u0144 pe\u0142en emocji i niezapomnianych przyg\u00f3d? Z nami nuda ...<br \/><a href=\"https:\/\/4tutti.pl\/?page_id=6467\" class=\"_self pt-cv-readmore btn btn-success\" target=\"_self\">Czytaj Dalej<\/a><\/div><\/div><\/div>\n<div class=\"col-md-12 col-sm-12 col-xs-12 pt-cv-content-item pt-cv-2-col\" ><div class='pt-cv-ifield'><a href=\"https:\/\/4tutti.pl\/?page_id=6444\" class=\"_self pt-cv-href-thumbnail pt-cv-thumb-left\" target=\"_self\" ><img loading=\"lazy\" decoding=\"async\" width=\"724\" height=\"1024\" src=\"https:\/\/4tutti.pl\/wp-content\/uploads\/2026\/02\/oboz-jaroslawiec-2026-724x1024.jpg\" class=\"pt-cv-thumbnail pull-left\" alt=\"\" srcset=\"https:\/\/4tutti.pl\/wp-content\/uploads\/2026\/02\/oboz-jaroslawiec-2026-724x1024.jpg 724w, https:\/\/4tutti.pl\/wp-content\/uploads\/2026\/02\/oboz-jaroslawiec-2026-212x300.jpg 212w, https:\/\/4tutti.pl\/wp-content\/uploads\/2026\/02\/oboz-jaroslawiec-2026-768x1086.jpg 768w, https:\/\/4tutti.pl\/wp-content\/uploads\/2026\/02\/oboz-jaroslawiec-2026-1086x1536.jpg 1086w, https:\/\/4tutti.pl\/wp-content\/uploads\/2026\/02\/oboz-jaroslawiec-2026-1448x2048.jpg 1448w, https:\/\/4tutti.pl\/wp-content\/uploads\/2026\/02\/oboz-jaroslawiec-2026-scaled.jpg 1810w\" sizes=\"auto, (max-width: 724px) 100vw, 724px\" \/><\/a>\n<h4 class=\"pt-cv-title\"><a href=\"https:\/\/4tutti.pl\/?page_id=6444\" class=\"_self\" target=\"_self\" >OB\u00d3Z &#8211; LETNI CAMP 2026<\/a><\/h4>\n<div class=\"pt-cv-content\">Ju\u017c teraz zapraszamy wszystkie ch\u0119tne dzieci w wieku 7-18 lat na rekreacyjno-sportowy ob\u00f3z! Jedziemy nad morze do \u2026 JAROS\u0141AWCA !!! ...<br \/><a href=\"https:\/\/4tutti.pl\/?page_id=6444\" class=\"_self pt-cv-readmore btn btn-success\" target=\"_self\">Czytaj Dalej<\/a><\/div><\/div><\/div>\n<div class=\"col-md-12 col-sm-12 col-xs-12 pt-cv-content-item pt-cv-2-col\" ><div class='pt-cv-ifield'><a href=\"https:\/\/4tutti.pl\/?page_id=6270\" class=\"_self pt-cv-href-thumbnail pt-cv-thumb-left\" target=\"_self\" ><img loading=\"lazy\" decoding=\"async\" width=\"724\" height=\"1024\" src=\"https:\/\/4tutti.pl\/wp-content\/uploads\/2026\/01\/FERIE-2026-724x1024.jpg\" class=\"pt-cv-thumbnail pull-left\" alt=\"\" srcset=\"https:\/\/4tutti.pl\/wp-content\/uploads\/2026\/01\/FERIE-2026-724x1024.jpg 724w, https:\/\/4tutti.pl\/wp-content\/uploads\/2026\/01\/FERIE-2026-212x300.jpg 212w, https:\/\/4tutti.pl\/wp-content\/uploads\/2026\/01\/FERIE-2026-768x1086.jpg 768w, https:\/\/4tutti.pl\/wp-content\/uploads\/2026\/01\/FERIE-2026-1086x1536.jpg 1086w, https:\/\/4tutti.pl\/wp-content\/uploads\/2026\/01\/FERIE-2026-1448x2048.jpg 1448w, https:\/\/4tutti.pl\/wp-content\/uploads\/2026\/01\/FERIE-2026-scaled.jpg 1810w\" sizes=\"auto, (max-width: 724px) 100vw, 724px\" \/><\/a>\n<h4 class=\"pt-cv-title\"><a href=\"https:\/\/4tutti.pl\/?page_id=6270\" class=\"_self\" target=\"_self\" >FERIE ZIMOWE 2026<\/a><\/h4>\n<div class=\"pt-cv-content\">JESZCZE CHWILA i ....... WOLNE OD SZKO\u0141Y W tym czasie zapraszamy wszystkie dzieci do NAS KIEDY -&gt; 16-20 luty GDZIE ...<br \/><a href=\"https:\/\/4tutti.pl\/?page_id=6270\" class=\"_self pt-cv-readmore btn btn-success\" target=\"_self\">Czytaj Dalej<\/a><\/div><\/div><\/div>\n<div class=\"col-md-12 col-sm-12 col-xs-12 pt-cv-content-item pt-cv-2-col\" ><div class='pt-cv-ifield'><a href=\"https:\/\/4tutti.pl\/?page_id=6215\" class=\"_self pt-cv-href-thumbnail pt-cv-thumb-left\" target=\"_self\" ><img loading=\"lazy\" decoding=\"async\" width=\"724\" height=\"1024\" src=\"https:\/\/4tutti.pl\/wp-content\/uploads\/2025\/10\/IMG_8459-724x1024.jpeg\" class=\"pt-cv-thumbnail pull-left\" alt=\"\" srcset=\"https:\/\/4tutti.pl\/wp-content\/uploads\/2025\/10\/IMG_8459-724x1024.jpeg 724w, https:\/\/4tutti.pl\/wp-content\/uploads\/2025\/10\/IMG_8459-212x300.jpeg 212w, https:\/\/4tutti.pl\/wp-content\/uploads\/2025\/10\/IMG_8459-768x1086.jpeg 768w, https:\/\/4tutti.pl\/wp-content\/uploads\/2025\/10\/IMG_8459.jpeg 905w\" sizes=\"auto, (max-width: 724px) 100vw, 724px\" \/><\/a>\n<h4 class=\"pt-cv-title\"><a href=\"https:\/\/4tutti.pl\/?page_id=6215\" class=\"_self\" target=\"_self\" >OB\u00d3Z ZIMA 2026<\/a><\/h4>\n<div class=\"pt-cv-content\">FERIE gdzie --&gt; W KARPACZU kiedy --&gt; 15-21 lutego 2026 Z nami nie ma nudy \u2013 czeka WAS tydzie\u0144 pe\u0142en ...<br \/><a href=\"https:\/\/4tutti.pl\/?page_id=6215\" class=\"_self pt-cv-readmore btn btn-success\" target=\"_self\">Czytaj Dalej<\/a><\/div><\/div><\/div>\n<div class=\"col-md-12 col-sm-12 col-xs-12 pt-cv-content-item pt-cv-2-col\" ><div class='pt-cv-ifield'><a href=\"https:\/\/4tutti.pl\/?page_id=4847\" class=\"_self pt-cv-href-thumbnail pt-cv-thumb-left\" target=\"_self\" ><img loading=\"lazy\" decoding=\"async\" width=\"750\" height=\"750\" src=\"https:\/\/4tutti.pl\/wp-content\/uploads\/2025\/02\/IMG_5936-1024x1024.jpeg\" class=\"pt-cv-thumbnail pull-left\" alt=\"\" srcset=\"https:\/\/4tutti.pl\/wp-content\/uploads\/2025\/02\/IMG_5936-1024x1024.jpeg 1024w, https:\/\/4tutti.pl\/wp-content\/uploads\/2025\/02\/IMG_5936-300x300.jpeg 300w, https:\/\/4tutti.pl\/wp-content\/uploads\/2025\/02\/IMG_5936-150x150.jpeg 150w, https:\/\/4tutti.pl\/wp-content\/uploads\/2025\/02\/IMG_5936-768x768.jpeg 768w, https:\/\/4tutti.pl\/wp-content\/uploads\/2025\/02\/IMG_5936.jpeg 1280w\" sizes=\"auto, (max-width: 750px) 100vw, 750px\" \/><\/a>\n<h4 class=\"pt-cv-title\"><a href=\"https:\/\/4tutti.pl\/?page_id=4847\" class=\"_self\" target=\"_self\" >OB\u00d3Z LETNI 2025<\/a><\/h4>\n<div class=\"pt-cv-content\">HARMONOGRAM OBOZU --&gt; PLAN OBOZU MRZEZ\u0307YNO 2025 REGULAMIN OBOZU --&gt; REGULAMIN OBOZU SPORTOWEGO Ju\u017c teraz zapraszamy wszystkie ch\u0119tne dzieci w ...<br \/><a href=\"https:\/\/4tutti.pl\/?page_id=4847\" class=\"_self pt-cv-readmore btn btn-success\" target=\"_self\">Czytaj Dalej<\/a><\/div><\/div><\/div><\/div><\/div>\n<div class=\" pt-cv-pagination-wrapper\"><ul class=\"pt-cv-pagination pt-cv-normal pagination\" data-totalpages=\"5\" data-currentpage=\"1\" data-sid=\"a34cf36vfb\" data-unid=\"\"><li class=\"active\"><a href=\"#\">1<\/a><\/li>\n\t<li ><a class=\"\" href=\"https:\/\/4tutti.pl\/index.php\/?_page=2&#038;rest_route=%2Fwp%2Fv2%2Fpages%2F2544\">2<\/a><\/li>\n\t<li ><a class=\"\" href=\"https:\/\/4tutti.pl\/index.php\/?_page=3&#038;rest_route=%2Fwp%2Fv2%2Fpages%2F2544\">3<\/a><\/li>\n\t<li ><a href=\"#\">&hellip;<\/a><\/li>\n\t<li ><a class=\"\" href=\"https:\/\/4tutti.pl\/index.php\/?_page=5&#038;rest_route=%2Fwp%2Fv2%2Fpages%2F2544\">5<\/a><\/li>\n\t<li ><a class=\" \" href=\"https:\/\/4tutti.pl\/index.php\/?_page=2&#038;rest_route=%2Fwp%2Fv2%2Fpages%2F2544\">&rsaquo;<\/a><\/li>\n\t<\/ul><img loading=\"lazy\" decoding=\"async\" width=\"15\" height=\"15\" class=\"pt-cv-spinner\" alt=\"Loading...\" src=\"data:image\/gif;base64,R0lGODlhDwAPALMPAMrKygwMDJOTkz09PZWVla+vr3p6euTk5M7OzuXl5TMzMwAAAJmZmWZmZszMzP\/\/\/yH\/C05FVFNDQVBFMi4wAwEAAAAh+QQFCgAPACwAAAAADwAPAAAEQvDJaZaZOIcV8iQK8VRX4iTYoAwZ4iCYoAjZ4RxejhVNoT+mRGP4cyF4Pp0N98sBGIBMEMOotl6YZ3S61Bmbkm4mAgAh+QQFCgAPACwAAAAADQANAAAENPDJSRSZeA418itN8QiK8BiLITVsFiyBBIoYqnoewAD4xPw9iY4XLGYSjkQR4UAUD45DLwIAIfkEBQoADwAsAAAAAA8ACQAABC\/wyVlamTi3nSdgwFNdhEJgTJoNyoB9ISYoQmdjiZPcj7EYCAeCF1gEDo4Dz2eIAAAh+QQFCgAPACwCAAAADQANAAAEM\/DJBxiYeLKdX3IJZT1FU0iIg2RNKx3OkZVnZ98ToRD4MyiDnkAh6BkNC0MvsAj0kMpHBAAh+QQFCgAPACwGAAAACQAPAAAEMDC59KpFDll73HkAA2wVY5KgiK5b0RRoI6MuzG6EQqCDMlSGheEhUAgqgUUAFRySIgAh+QQFCgAPACwCAAIADQANAAAEM\/DJKZNLND\/kkKaHc3xk+QAMYDKsiaqmZCxGVjSFFCxB1vwy2oOgIDxuucxAMTAJFAJNBAAh+QQFCgAPACwAAAYADwAJAAAEMNAs86q1yaWwwv2Ig0jUZx3OYa4XoRAfwADXoAwfo1+CIjyFRuEho60aSNYlOPxEAAAh+QQFCgAPACwAAAIADQANAAAENPA9s4y8+IUVcqaWJ4qEQozSoAzoIyhCK2NFU2SJk0hNnyEOhKR2AzAAj4Pj4GE4W0bkJQIAOw==\" \/><div class=\"clear pt-cv-clear-pagination\"><\/div><\/div><\/div>\n","protected":false},"excerpt":{"rendered":"<div><strong>HARMONOGRAM&nbsp; OBOZU&nbsp;<\/strong> &#8211;&gt;&nbsp; <a href=\"https:\/\/4tutti.pl\/wp-content\/uploads\/2025\/08\/PLAN-OBOZU-MRZEZYNO-2025.pdf\">PLAN OBOZU MRZEZ\u0307YNO 2025<\/a><\/div>\n<div><strong>REGULAMIN&nbsp; OBOZU&nbsp;<\/strong> &#8211;&gt;&nbsp; &nbsp;<a href=\"https:\/\/4tutti.pl\/wp-content\/uploads\/2025\/07\/REGULAMIN-OBOZU-SPORTOWEGO.pdf\">REGULAMIN OBOZU SPORTOWEGO<\/a><\/div>\n<div>&nbsp;<\/div>\n<div>Ju\u017c teraz zapraszamy wszystkie ch\u0119tne dzieci w wieku 7-18 lat na rekreacyjno-sportowy ob\u00f3z!<\/div>\n<div>Jedziemy nad <\/div>&hellip;","protected":false},"author":1,"featured_media":2589,"parent":525,"menu_order":0,"comment_status":"closed","ping_status":"closed","template":"","meta":{"ngg_post_thumbnail":0,"footnotes":""},"class_list":["post-2544","page","type-page","status-publish","has-post-thumbnail","hentry"],"yoast_head":"<!-- This site is optimized with the Yoast SEO plugin v19.8 - https:\/\/yoast.com\/wordpress\/plugins\/seo\/ -->\n<title>OBOZY, P\u00d3\u0141KOLONIE - Stowarzyszenie 4tutti<\/title>\n<meta name=\"robots\" content=\"index, follow, max-snippet:-1, max-image-preview:large, max-video-preview:-1\" \/>\n<link rel=\"canonical\" href=\"https:\/\/4tutti.pl\/?page_id=2544\" \/>\n<meta property=\"og:locale\" content=\"pl_PL\" \/>\n<meta property=\"og:type\" content=\"article\" \/>\n<meta property=\"og:title\" content=\"OBOZY, P\u00d3\u0141KOLONIE - Stowarzyszenie 4tutti\" \/>\n<meta property=\"og:description\" content=\"HARMONOGRAM&nbsp; OBOZU&nbsp; &#8211;&gt;&nbsp; PLAN OBOZU MRZEZ\u0307YNO 2025 REGULAMIN&nbsp; OBOZU&nbsp; &#8211;&gt;&nbsp; &nbsp;REGULAMIN OBOZU SPORTOWEGO &nbsp; Ju\u017c teraz zapraszamy wszystkie ch\u0119tne dzieci w wieku 7-18 lat na rekreacyjno-sportowy ob\u00f3z! Jedziemy nad &hellip;\" \/>\n<meta property=\"og:url\" content=\"https:\/\/4tutti.pl\/?page_id=2544\" \/>\n<meta property=\"og:site_name\" content=\"Stowarzyszenie 4tutti\" \/>\n<meta property=\"article:modified_time\" content=\"2024-09-05T16:12:05+00:00\" \/>\n<meta property=\"og:image\" content=\"https:\/\/4tutti.pl\/wp-content\/uploads\/2023\/09\/beach-5342891_640.webp\" \/>\n\t<meta property=\"og:image:width\" content=\"640\" \/>\n\t<meta property=\"og:image:height\" content=\"452\" \/>\n\t<meta property=\"og:image:type\" content=\"image\/webp\" \/>\n<meta name=\"twitter:card\" content=\"summary_large_image\" \/>\n<meta name=\"twitter:label1\" content=\"Szacowany czas czytania\" \/>\n\t<meta name=\"twitter:data1\" content=\"1 minuta\" \/>\n<script type=\"application\/ld+json\" class=\"yoast-schema-graph\">{\"@context\":\"https:\/\/schema.org\",\"@graph\":[{\"@type\":\"WebPage\",\"@id\":\"https:\/\/4tutti.pl\/?page_id=2544\",\"url\":\"https:\/\/4tutti.pl\/?page_id=2544\",\"name\":\"OBOZY, P\u00d3\u0141KOLONIE - Stowarzyszenie 4tutti\",\"isPartOf\":{\"@id\":\"https:\/\/4tutti.pl\/#website\"},\"datePublished\":\"2023-09-05T16:34:01+00:00\",\"dateModified\":\"2024-09-05T16:12:05+00:00\",\"breadcrumb\":{\"@id\":\"https:\/\/4tutti.pl\/?page_id=2544#breadcrumb\"},\"inLanguage\":\"pl-PL\",\"potentialAction\":[{\"@type\":\"ReadAction\",\"target\":[\"https:\/\/4tutti.pl\/?page_id=2544\"]}]},{\"@type\":\"BreadcrumbList\",\"@id\":\"https:\/\/4tutti.pl\/?page_id=2544#breadcrumb\",\"itemListElement\":[{\"@type\":\"ListItem\",\"position\":1,\"name\":\"Strona g\u0142\u00f3wna\",\"item\":\"https:\/\/4tutti.pl\/\"},{\"@type\":\"ListItem\",\"position\":2,\"name\":\"Aktualno\u015bci\",\"item\":\"https:\/\/4tutti.pl\/?page_id=525\"},{\"@type\":\"ListItem\",\"position\":3,\"name\":\"OBOZY, P\u00d3\u0141KOLONIE\"}]},{\"@type\":\"WebSite\",\"@id\":\"https:\/\/4tutti.pl\/#website\",\"url\":\"https:\/\/4tutti.pl\/\",\"name\":\"Stowarzyszenie 4tutti\",\"description\":\"P\u00f3\u0142kolonie, warsztaty dla dzieci\",\"potentialAction\":[{\"@type\":\"SearchAction\",\"target\":{\"@type\":\"EntryPoint\",\"urlTemplate\":\"https:\/\/4tutti.pl\/?s={search_term_string}\"},\"query-input\":\"required name=search_term_string\"}],\"inLanguage\":\"pl-PL\"}]}<\/script>\n<!-- \/ Yoast SEO plugin. -->","yoast_head_json":{"title":"OBOZY, P\u00d3\u0141KOLONIE - Stowarzyszenie 4tutti","robots":{"index":"index","follow":"follow","max-snippet":"max-snippet:-1","max-image-preview":"max-image-preview:large","max-video-preview":"max-video-preview:-1"},"canonical":"https:\/\/4tutti.pl\/?page_id=2544","og_locale":"pl_PL","og_type":"article","og_title":"OBOZY, P\u00d3\u0141KOLONIE - Stowarzyszenie 4tutti","og_description":"HARMONOGRAM&nbsp; OBOZU&nbsp; &#8211;&gt;&nbsp; PLAN OBOZU MRZEZ\u0307YNO 2025 REGULAMIN&nbsp; OBOZU&nbsp; &#8211;&gt;&nbsp; &nbsp;REGULAMIN OBOZU SPORTOWEGO &nbsp; Ju\u017c teraz zapraszamy wszystkie ch\u0119tne dzieci w wieku 7-18 lat na rekreacyjno-sportowy ob\u00f3z! Jedziemy nad &hellip;","og_url":"https:\/\/4tutti.pl\/?page_id=2544","og_site_name":"Stowarzyszenie 4tutti","article_modified_time":"2024-09-05T16:12:05+00:00","og_image":[{"width":640,"height":452,"url":"https:\/\/4tutti.pl\/wp-content\/uploads\/2023\/09\/beach-5342891_640.webp","type":"image\/webp"}],"twitter_card":"summary_large_image","twitter_misc":{"Szacowany czas czytania":"1 minuta"},"schema":{"@context":"https:\/\/schema.org","@graph":[{"@type":"WebPage","@id":"https:\/\/4tutti.pl\/?page_id=2544","url":"https:\/\/4tutti.pl\/?page_id=2544","name":"OBOZY, P\u00d3\u0141KOLONIE - Stowarzyszenie 4tutti","isPartOf":{"@id":"https:\/\/4tutti.pl\/#website"},"datePublished":"2023-09-05T16:34:01+00:00","dateModified":"2024-09-05T16:12:05+00:00","breadcrumb":{"@id":"https:\/\/4tutti.pl\/?page_id=2544#breadcrumb"},"inLanguage":"pl-PL","potentialAction":[{"@type":"ReadAction","target":["https:\/\/4tutti.pl\/?page_id=2544"]}]},{"@type":"BreadcrumbList","@id":"https:\/\/4tutti.pl\/?page_id=2544#breadcrumb","itemListElement":[{"@type":"ListItem","position":1,"name":"Strona g\u0142\u00f3wna","item":"https:\/\/4tutti.pl\/"},{"@type":"ListItem","position":2,"name":"Aktualno\u015bci","item":"https:\/\/4tutti.pl\/?page_id=525"},{"@type":"ListItem","position":3,"name":"OBOZY, P\u00d3\u0141KOLONIE"}]},{"@type":"WebSite","@id":"https:\/\/4tutti.pl\/#website","url":"https:\/\/4tutti.pl\/","name":"Stowarzyszenie 4tutti","description":"P\u00f3\u0142kolonie, warsztaty dla dzieci","potentialAction":[{"@type":"SearchAction","target":{"@type":"EntryPoint","urlTemplate":"https:\/\/4tutti.pl\/?s={search_term_string}"},"query-input":"required name=search_term_string"}],"inLanguage":"pl-PL"}]}},"_links":{"self":[{"href":"https:\/\/4tutti.pl\/index.php?rest_route=\/wp\/v2\/pages\/2544","targetHints":{"allow":["GET"]}}],"collection":[{"href":"https:\/\/4tutti.pl\/index.php?rest_route=\/wp\/v2\/pages"}],"about":[{"href":"https:\/\/4tutti.pl\/index.php?rest_route=\/wp\/v2\/types\/page"}],"author":[{"embeddable":true,"href":"https:\/\/4tutti.pl\/index.php?rest_route=\/wp\/v2\/users\/1"}],"replies":[{"embeddable":true,"href":"https:\/\/4tutti.pl\/index.php?rest_route=%2Fwp%2Fv2%2Fcomments&post=2544"}],"version-history":[{"count":6,"href":"https:\/\/4tutti.pl\/index.php?rest_route=\/wp\/v2\/pages\/2544\/revisions"}],"predecessor-version":[{"id":4310,"href":"https:\/\/4tutti.pl\/index.php?rest_route=\/wp\/v2\/pages\/2544\/revisions\/4310"}],"up":[{"embeddable":true,"href":"https:\/\/4tutti.pl\/index.php?rest_route=\/wp\/v2\/pages\/525"}],"wp:featuredmedia":[{"embeddable":true,"href":"https:\/\/4tutti.pl\/index.php?rest_route=\/wp\/v2\/media\/2589"}],"wp:attachment":[{"href":"https:\/\/4tutti.pl\/index.php?rest_route=%2Fwp%2Fv2%2Fmedia&parent=2544"}],"curies":[{"name":"wp","href":"https:\/\/api.w.org\/{rel}","templated":true}]}}