{"id":2609,"date":"2023-09-25T18:03:26","date_gmt":"2023-09-25T16:03:26","guid":{"rendered":"https:\/\/4tutti.pl\/?page_id=2609"},"modified":"2024-09-05T18:11:05","modified_gmt":"2024-09-05T16:11:05","slug":"aktualnosci-nowosci","status":"publish","type":"page","link":"https:\/\/4tutti.pl\/?page_id=2609","title":{"rendered":"NOWO\u015aCI"},"content":{"rendered":"<div class=\"pt-cv-wrapper\"><div class=\"pt-cv-view pt-cv-grid pt-cv-colsys\" id=\"pt-cv-view-b3251ddvot\"><div data-id=\"pt-cv-page-1\" class=\"pt-cv-page\" data-cvc=\"1\"><div class=\"col-md-12 col-sm-12 col-xs-12 pt-cv-content-item pt-cv-2-col\" ><div class='pt-cv-ifield'><a href=\"https:\/\/4tutti.pl\/?page_id=6953\" class=\"_self pt-cv-href-thumbnail pt-cv-thumb-left\" target=\"_self\" ><img loading=\"lazy\" decoding=\"async\" width=\"750\" height=\"750\" src=\"https:\/\/4tutti.pl\/wp-content\/uploads\/2026\/04\/672659123_1269495891936124_359719937955978687_n-1024x1024.jpg\" class=\"pt-cv-thumbnail pull-left\" alt=\"\" srcset=\"https:\/\/4tutti.pl\/wp-content\/uploads\/2026\/04\/672659123_1269495891936124_359719937955978687_n-1024x1024.jpg 1024w, https:\/\/4tutti.pl\/wp-content\/uploads\/2026\/04\/672659123_1269495891936124_359719937955978687_n-300x300.jpg 300w, https:\/\/4tutti.pl\/wp-content\/uploads\/2026\/04\/672659123_1269495891936124_359719937955978687_n-150x150.jpg 150w, https:\/\/4tutti.pl\/wp-content\/uploads\/2026\/04\/672659123_1269495891936124_359719937955978687_n-768x768.jpg 768w, https:\/\/4tutti.pl\/wp-content\/uploads\/2026\/04\/672659123_1269495891936124_359719937955978687_n.jpg 1440w\" sizes=\"auto, (max-width: 750px) 100vw, 750px\" \/><\/a>\n<h4 class=\"pt-cv-title\"><a href=\"https:\/\/4tutti.pl\/?page_id=6953\" class=\"_self\" target=\"_self\" >2026 PRO-ARTE<\/a><\/h4>\n<div class=\"pt-cv-content\">OG\u0141ASZAMY KOLEJNE SUKCESY! W pi\u0105tek 17 kwietnia 2026r. reprezentowali\u015bmy klub podczas PRO-ARTE,. Z ka\u017cdym wyj\u015bciem na scen\u0119 pokazujemy coraz wi\u0119cej ...<br \/><a href=\"https:\/\/4tutti.pl\/?page_id=6953\" class=\"_self pt-cv-readmore btn btn-success\" target=\"_self\">Czytaj Dalej<\/a><\/div><\/div><\/div>\n<div class=\"col-md-12 col-sm-12 col-xs-12 pt-cv-content-item pt-cv-2-col\" ><div class='pt-cv-ifield'><a href=\"https:\/\/4tutti.pl\/?page_id=6918\" class=\"_self pt-cv-href-thumbnail pt-cv-thumb-left\" target=\"_self\" ><img loading=\"lazy\" decoding=\"async\" width=\"206\" height=\"206\" src=\"https:\/\/4tutti.pl\/wp-content\/uploads\/2026\/04\/670626242_1264850709067309_3055349042204703240_n.jpg\" class=\"pt-cv-thumbnail pull-left\" alt=\"\" srcset=\"https:\/\/4tutti.pl\/wp-content\/uploads\/2026\/04\/670626242_1264850709067309_3055349042204703240_n.jpg 206w, https:\/\/4tutti.pl\/wp-content\/uploads\/2026\/04\/670626242_1264850709067309_3055349042204703240_n-150x150.jpg 150w\" sizes=\"auto, (max-width: 206px) 100vw, 206px\" \/><\/a>\n<h4 class=\"pt-cv-title\"><a href=\"https:\/\/4tutti.pl\/?page_id=6918\" class=\"_self\" target=\"_self\" >2026 MISTRZOSTWA POLSKI W ROCK&#038;ROLL-U<\/a><\/h4>\n<div class=\"pt-cv-content\">11 KWIETNIA odby\u0142y si\u0119 Mistrzostwa Polski i Mo\u017cemy \u015bmia\u0142o powiedzie\u0107 \u2014 nasze dzieci da\u0142y z siebie wszystko\u2026 a nawet wi\u0119cej ...<br \/><a href=\"https:\/\/4tutti.pl\/?page_id=6918\" class=\"_self pt-cv-readmore btn btn-success\" target=\"_self\">Czytaj Dalej<\/a><\/div><\/div><\/div>\n<div class=\"col-md-12 col-sm-12 col-xs-12 pt-cv-content-item pt-cv-2-col\" ><div class='pt-cv-ifield'><a href=\"https:\/\/4tutti.pl\/?page_id=6459\" class=\"_self pt-cv-href-thumbnail pt-cv-thumb-left\" target=\"_self\" ><img loading=\"lazy\" decoding=\"async\" width=\"750\" height=\"748\" src=\"https:\/\/4tutti.pl\/wp-content\/uploads\/2026\/04\/IMG_9840-1024x1021.jpeg\" class=\"pt-cv-thumbnail pull-left\" alt=\"\" srcset=\"https:\/\/4tutti.pl\/wp-content\/uploads\/2026\/04\/IMG_9840-1024x1021.jpeg 1024w, https:\/\/4tutti.pl\/wp-content\/uploads\/2026\/04\/IMG_9840-300x300.jpeg 300w, https:\/\/4tutti.pl\/wp-content\/uploads\/2026\/04\/IMG_9840-150x150.jpeg 150w, https:\/\/4tutti.pl\/wp-content\/uploads\/2026\/04\/IMG_9840-768x766.jpeg 768w, https:\/\/4tutti.pl\/wp-content\/uploads\/2026\/04\/IMG_9840.jpeg 1280w\" sizes=\"auto, (max-width: 750px) 100vw, 750px\" \/><\/a>\n<h4 class=\"pt-cv-title\"><a href=\"https:\/\/4tutti.pl\/?page_id=6459\" class=\"_self\" target=\"_self\" >LATO W MIE\u015aCIE 2026<\/a><\/h4>\n<div class=\"pt-cv-content\">Wakacyjna Przygoda 2026 z 4TUTTI! Szukasz miejsca, gdzie Twoje dziecko prze\u017cyje tydzie\u0144 pe\u0142en emocji i niezapomnianych przyg\u00f3d? Z nami nuda ...<br \/><a href=\"https:\/\/4tutti.pl\/?page_id=6459\" class=\"_self pt-cv-readmore btn btn-success\" target=\"_self\">Czytaj Dalej<\/a><\/div><\/div><\/div>\n<div class=\"col-md-12 col-sm-12 col-xs-12 pt-cv-content-item pt-cv-2-col\" ><div class='pt-cv-ifield'><a href=\"https:\/\/4tutti.pl\/?page_id=6283\" class=\"_self pt-cv-href-thumbnail pt-cv-thumb-left\" target=\"_self\" ><img loading=\"lazy\" decoding=\"async\" width=\"750\" height=\"223\" src=\"https:\/\/4tutti.pl\/wp-content\/uploads\/2024\/09\/67-1-1024x304.jpg\" class=\"pt-cv-thumbnail pull-left\" alt=\"\" srcset=\"https:\/\/4tutti.pl\/wp-content\/uploads\/2024\/09\/67-1-1024x304.jpg 1024w, https:\/\/4tutti.pl\/wp-content\/uploads\/2024\/09\/67-1-300x89.jpg 300w, https:\/\/4tutti.pl\/wp-content\/uploads\/2024\/09\/67-1-768x228.jpg 768w, https:\/\/4tutti.pl\/wp-content\/uploads\/2024\/09\/67-1-1536x456.jpg 1536w, https:\/\/4tutti.pl\/wp-content\/uploads\/2024\/09\/67-1.jpg 1920w\" sizes=\"auto, (max-width: 750px) 100vw, 750px\" \/><\/a>\n<h4 class=\"pt-cv-title\"><a href=\"https:\/\/4tutti.pl\/?page_id=6283\" class=\"_self\" target=\"_self\" >OB\u00d3Z LETNI 2026<\/a><\/h4>\n<div class=\"pt-cv-content\">Ob\u00f3z letni \u201eLetni CAMP\u201d 2026 ! Pakujcie walizki, bo szykuje si\u0119 prawdziwa letnia przygoda! W dniach 9\u201317 sierpnia jedziemy na ...<br \/><a href=\"https:\/\/4tutti.pl\/?page_id=6283\" class=\"_self pt-cv-readmore btn btn-success\" target=\"_self\">Czytaj Dalej<\/a><\/div><\/div><\/div>\n<div class=\"col-md-12 col-sm-12 col-xs-12 pt-cv-content-item pt-cv-2-col\" ><div class='pt-cv-ifield'><a href=\"https:\/\/4tutti.pl\/?page_id=6266\" class=\"_self pt-cv-href-thumbnail pt-cv-thumb-left\" target=\"_self\" ><img loading=\"lazy\" decoding=\"async\" width=\"724\" height=\"1024\" src=\"https:\/\/4tutti.pl\/wp-content\/uploads\/2026\/01\/FERIE-2026-724x1024.jpg\" class=\"pt-cv-thumbnail pull-left\" alt=\"\" srcset=\"https:\/\/4tutti.pl\/wp-content\/uploads\/2026\/01\/FERIE-2026-724x1024.jpg 724w, https:\/\/4tutti.pl\/wp-content\/uploads\/2026\/01\/FERIE-2026-212x300.jpg 212w, https:\/\/4tutti.pl\/wp-content\/uploads\/2026\/01\/FERIE-2026-768x1086.jpg 768w, https:\/\/4tutti.pl\/wp-content\/uploads\/2026\/01\/FERIE-2026-1086x1536.jpg 1086w, https:\/\/4tutti.pl\/wp-content\/uploads\/2026\/01\/FERIE-2026-1448x2048.jpg 1448w, https:\/\/4tutti.pl\/wp-content\/uploads\/2026\/01\/FERIE-2026-scaled.jpg 1810w\" sizes=\"auto, (max-width: 724px) 100vw, 724px\" \/><\/a>\n<h4 class=\"pt-cv-title\"><a href=\"https:\/\/4tutti.pl\/?page_id=6266\" class=\"_self\" target=\"_self\" >FERIE ZIMOWE 2026<\/a><\/h4>\n<div class=\"pt-cv-content\">Zapraszamy na niezapomnian\u0105 przygod\u0119 sportow\u0105 (i nie tylko!) w terminie 16-20 luty ! Oferujemy szeroki wachlarz atrakcji dla dzieci, zapewniaj\u0105c ...<br \/><a href=\"https:\/\/4tutti.pl\/?page_id=6266\" class=\"_self pt-cv-readmore btn btn-success\" target=\"_self\">Czytaj Dalej<\/a><\/div><\/div><\/div><\/div><\/div>\n<div class=\" pt-cv-pagination-wrapper\"><ul class=\"pt-cv-pagination pt-cv-normal pagination\" data-totalpages=\"12\" data-currentpage=\"1\" data-sid=\"b3251ddvot\" data-unid=\"\"><li class=\"active\"><a href=\"#\">1<\/a><\/li>\n\t<li ><a class=\"\" href=\"https:\/\/4tutti.pl\/index.php\/?_page=2&#038;rest_route=%2Fwp%2Fv2%2Fpages%2F2609\">2<\/a><\/li>\n\t<li ><a class=\"\" href=\"https:\/\/4tutti.pl\/index.php\/?_page=3&#038;rest_route=%2Fwp%2Fv2%2Fpages%2F2609\">3<\/a><\/li>\n\t<li ><a href=\"#\">&hellip;<\/a><\/li>\n\t<li ><a class=\"\" href=\"https:\/\/4tutti.pl\/index.php\/?_page=12&#038;rest_route=%2Fwp%2Fv2%2Fpages%2F2609\">12<\/a><\/li>\n\t<li ><a class=\" \" href=\"https:\/\/4tutti.pl\/index.php\/?_page=2&#038;rest_route=%2Fwp%2Fv2%2Fpages%2F2609\">&rsaquo;<\/a><\/li>\n\t<\/ul><img loading=\"lazy\" decoding=\"async\" width=\"15\" height=\"15\" class=\"pt-cv-spinner\" alt=\"Loading...\" src=\"data:image\/gif;base64,R0lGODlhDwAPALMPAMrKygwMDJOTkz09PZWVla+vr3p6euTk5M7OzuXl5TMzMwAAAJmZmWZmZszMzP\/\/\/yH\/C05FVFNDQVBFMi4wAwEAAAAh+QQFCgAPACwAAAAADwAPAAAEQvDJaZaZOIcV8iQK8VRX4iTYoAwZ4iCYoAjZ4RxejhVNoT+mRGP4cyF4Pp0N98sBGIBMEMOotl6YZ3S61Bmbkm4mAgAh+QQFCgAPACwAAAAADQANAAAENPDJSRSZeA418itN8QiK8BiLITVsFiyBBIoYqnoewAD4xPw9iY4XLGYSjkQR4UAUD45DLwIAIfkEBQoADwAsAAAAAA8ACQAABC\/wyVlamTi3nSdgwFNdhEJgTJoNyoB9ISYoQmdjiZPcj7EYCAeCF1gEDo4Dz2eIAAAh+QQFCgAPACwCAAAADQANAAAEM\/DJBxiYeLKdX3IJZT1FU0iIg2RNKx3OkZVnZ98ToRD4MyiDnkAh6BkNC0MvsAj0kMpHBAAh+QQFCgAPACwGAAAACQAPAAAEMDC59KpFDll73HkAA2wVY5KgiK5b0RRoI6MuzG6EQqCDMlSGheEhUAgqgUUAFRySIgAh+QQFCgAPACwCAAIADQANAAAEM\/DJKZNLND\/kkKaHc3xk+QAMYDKsiaqmZCxGVjSFFCxB1vwy2oOgIDxuucxAMTAJFAJNBAAh+QQFCgAPACwAAAYADwAJAAAEMNAs86q1yaWwwv2Ig0jUZx3OYa4XoRAfwADXoAwfo1+CIjyFRuEho60aSNYlOPxEAAAh+QQFCgAPACwAAAIADQANAAAENPA9s4y8+IUVcqaWJ4qEQozSoAzoIyhCK2NFU2SJk0hNnyEOhKR2AzAAj4Pj4GE4W0bkJQIAOw==\" \/><div class=\"clear pt-cv-clear-pagination\"><\/div><\/div><\/div>\n","protected":false},"excerpt":{"rendered":"<p>Zapraszamy na niezapomnian\u0105 przygod\u0119 sportow\u0105 (i nie tylko!) <strong>&nbsp;<em>w terminie 16-20 luty<\/em><\/strong> !&nbsp;&nbsp;<\/p>\n<p>Oferujemy szeroki wachlarz atrakcji dla dzieci, zapewniaj\u0105c wyj\u0105tkowe do\u015bwiadczenia i pe\u0142en aktywno\u015bci program.<\/p>\n<p>Szczeg\u00f3\u0142y i formularze &hellip;<\/p>","protected":false},"author":1,"featured_media":2613,"parent":525,"menu_order":0,"comment_status":"closed","ping_status":"closed","template":"","meta":{"ngg_post_thumbnail":0,"footnotes":""},"class_list":["post-2609","page","type-page","status-publish","has-post-thumbnail","hentry"],"yoast_head":"<!-- This site is optimized with the Yoast SEO plugin v19.8 - https:\/\/yoast.com\/wordpress\/plugins\/seo\/ -->\n<title>NOWO\u015aCI - Stowarzyszenie 4tutti<\/title>\n<meta name=\"robots\" content=\"index, follow, max-snippet:-1, max-image-preview:large, max-video-preview:-1\" \/>\n<link rel=\"canonical\" href=\"https:\/\/4tutti.pl\/?page_id=2609\" \/>\n<meta property=\"og:locale\" content=\"pl_PL\" \/>\n<meta property=\"og:type\" content=\"article\" \/>\n<meta property=\"og:title\" content=\"NOWO\u015aCI - Stowarzyszenie 4tutti\" \/>\n<meta property=\"og:description\" content=\"Zapraszamy na niezapomnian\u0105 przygod\u0119 sportow\u0105 (i nie tylko!) &nbsp;w terminie 16-20 luty !&nbsp;&nbsp; Oferujemy szeroki wachlarz atrakcji dla dzieci, zapewniaj\u0105c wyj\u0105tkowe do\u015bwiadczenia i pe\u0142en aktywno\u015bci program. Szczeg\u00f3\u0142y i formularze &hellip;\" \/>\n<meta property=\"og:url\" content=\"https:\/\/4tutti.pl\/?page_id=2609\" \/>\n<meta property=\"og:site_name\" content=\"Stowarzyszenie 4tutti\" \/>\n<meta property=\"article:modified_time\" content=\"2024-09-05T16:11:05+00:00\" \/>\n<meta property=\"og:image\" content=\"https:\/\/4tutti.pl\/wp-content\/uploads\/2023\/09\/smilie-495999_640.webp\" \/>\n\t<meta property=\"og:image:width\" content=\"640\" \/>\n\t<meta property=\"og:image:height\" content=\"452\" \/>\n\t<meta property=\"og:image:type\" content=\"image\/webp\" \/>\n<meta name=\"twitter:card\" content=\"summary_large_image\" \/>\n<meta name=\"twitter:label1\" content=\"Szacowany czas czytania\" \/>\n\t<meta name=\"twitter:data1\" content=\"1 minuta\" \/>\n<script type=\"application\/ld+json\" class=\"yoast-schema-graph\">{\"@context\":\"https:\/\/schema.org\",\"@graph\":[{\"@type\":\"WebPage\",\"@id\":\"https:\/\/4tutti.pl\/?page_id=2609\",\"url\":\"https:\/\/4tutti.pl\/?page_id=2609\",\"name\":\"NOWO\u015aCI - Stowarzyszenie 4tutti\",\"isPartOf\":{\"@id\":\"https:\/\/4tutti.pl\/#website\"},\"datePublished\":\"2023-09-25T16:03:26+00:00\",\"dateModified\":\"2024-09-05T16:11:05+00:00\",\"breadcrumb\":{\"@id\":\"https:\/\/4tutti.pl\/?page_id=2609#breadcrumb\"},\"inLanguage\":\"pl-PL\",\"potentialAction\":[{\"@type\":\"ReadAction\",\"target\":[\"https:\/\/4tutti.pl\/?page_id=2609\"]}]},{\"@type\":\"BreadcrumbList\",\"@id\":\"https:\/\/4tutti.pl\/?page_id=2609#breadcrumb\",\"itemListElement\":[{\"@type\":\"ListItem\",\"position\":1,\"name\":\"Strona g\u0142\u00f3wna\",\"item\":\"https:\/\/4tutti.pl\/\"},{\"@type\":\"ListItem\",\"position\":2,\"name\":\"Aktualno\u015bci\",\"item\":\"https:\/\/4tutti.pl\/?page_id=525\"},{\"@type\":\"ListItem\",\"position\":3,\"name\":\"NOWO\u015aCI\"}]},{\"@type\":\"WebSite\",\"@id\":\"https:\/\/4tutti.pl\/#website\",\"url\":\"https:\/\/4tutti.pl\/\",\"name\":\"Stowarzyszenie 4tutti\",\"description\":\"P\u00f3\u0142kolonie, warsztaty dla dzieci\",\"potentialAction\":[{\"@type\":\"SearchAction\",\"target\":{\"@type\":\"EntryPoint\",\"urlTemplate\":\"https:\/\/4tutti.pl\/?s={search_term_string}\"},\"query-input\":\"required name=search_term_string\"}],\"inLanguage\":\"pl-PL\"}]}<\/script>\n<!-- \/ Yoast SEO plugin. -->","yoast_head_json":{"title":"NOWO\u015aCI - Stowarzyszenie 4tutti","robots":{"index":"index","follow":"follow","max-snippet":"max-snippet:-1","max-image-preview":"max-image-preview:large","max-video-preview":"max-video-preview:-1"},"canonical":"https:\/\/4tutti.pl\/?page_id=2609","og_locale":"pl_PL","og_type":"article","og_title":"NOWO\u015aCI - Stowarzyszenie 4tutti","og_description":"Zapraszamy na niezapomnian\u0105 przygod\u0119 sportow\u0105 (i nie tylko!) &nbsp;w terminie 16-20 luty !&nbsp;&nbsp; Oferujemy szeroki wachlarz atrakcji dla dzieci, zapewniaj\u0105c wyj\u0105tkowe do\u015bwiadczenia i pe\u0142en aktywno\u015bci program. Szczeg\u00f3\u0142y i formularze &hellip;","og_url":"https:\/\/4tutti.pl\/?page_id=2609","og_site_name":"Stowarzyszenie 4tutti","article_modified_time":"2024-09-05T16:11:05+00:00","og_image":[{"width":640,"height":452,"url":"https:\/\/4tutti.pl\/wp-content\/uploads\/2023\/09\/smilie-495999_640.webp","type":"image\/webp"}],"twitter_card":"summary_large_image","twitter_misc":{"Szacowany czas czytania":"1 minuta"},"schema":{"@context":"https:\/\/schema.org","@graph":[{"@type":"WebPage","@id":"https:\/\/4tutti.pl\/?page_id=2609","url":"https:\/\/4tutti.pl\/?page_id=2609","name":"NOWO\u015aCI - Stowarzyszenie 4tutti","isPartOf":{"@id":"https:\/\/4tutti.pl\/#website"},"datePublished":"2023-09-25T16:03:26+00:00","dateModified":"2024-09-05T16:11:05+00:00","breadcrumb":{"@id":"https:\/\/4tutti.pl\/?page_id=2609#breadcrumb"},"inLanguage":"pl-PL","potentialAction":[{"@type":"ReadAction","target":["https:\/\/4tutti.pl\/?page_id=2609"]}]},{"@type":"BreadcrumbList","@id":"https:\/\/4tutti.pl\/?page_id=2609#breadcrumb","itemListElement":[{"@type":"ListItem","position":1,"name":"Strona g\u0142\u00f3wna","item":"https:\/\/4tutti.pl\/"},{"@type":"ListItem","position":2,"name":"Aktualno\u015bci","item":"https:\/\/4tutti.pl\/?page_id=525"},{"@type":"ListItem","position":3,"name":"NOWO\u015aCI"}]},{"@type":"WebSite","@id":"https:\/\/4tutti.pl\/#website","url":"https:\/\/4tutti.pl\/","name":"Stowarzyszenie 4tutti","description":"P\u00f3\u0142kolonie, warsztaty dla dzieci","potentialAction":[{"@type":"SearchAction","target":{"@type":"EntryPoint","urlTemplate":"https:\/\/4tutti.pl\/?s={search_term_string}"},"query-input":"required name=search_term_string"}],"inLanguage":"pl-PL"}]}},"_links":{"self":[{"href":"https:\/\/4tutti.pl\/index.php?rest_route=\/wp\/v2\/pages\/2609","targetHints":{"allow":["GET"]}}],"collection":[{"href":"https:\/\/4tutti.pl\/index.php?rest_route=\/wp\/v2\/pages"}],"about":[{"href":"https:\/\/4tutti.pl\/index.php?rest_route=\/wp\/v2\/types\/page"}],"author":[{"embeddable":true,"href":"https:\/\/4tutti.pl\/index.php?rest_route=\/wp\/v2\/users\/1"}],"replies":[{"embeddable":true,"href":"https:\/\/4tutti.pl\/index.php?rest_route=%2Fwp%2Fv2%2Fcomments&post=2609"}],"version-history":[{"count":3,"href":"https:\/\/4tutti.pl\/index.php?rest_route=\/wp\/v2\/pages\/2609\/revisions"}],"predecessor-version":[{"id":4309,"href":"https:\/\/4tutti.pl\/index.php?rest_route=\/wp\/v2\/pages\/2609\/revisions\/4309"}],"up":[{"embeddable":true,"href":"https:\/\/4tutti.pl\/index.php?rest_route=\/wp\/v2\/pages\/525"}],"wp:featuredmedia":[{"embeddable":true,"href":"https:\/\/4tutti.pl\/index.php?rest_route=\/wp\/v2\/media\/2613"}],"wp:attachment":[{"href":"https:\/\/4tutti.pl\/index.php?rest_route=%2Fwp%2Fv2%2Fmedia&parent=2609"}],"curies":[{"name":"wp","href":"https:\/\/api.w.org\/{rel}","templated":true}]}}