{"id":3094,"date":"2024-01-27T16:59:57","date_gmt":"2024-01-27T15:59:57","guid":{"rendered":"https:\/\/4tutti.pl\/?page_id=3094"},"modified":"2024-01-27T16:59:57","modified_gmt":"2024-01-27T15:59:57","slug":"festiwal-tanca","status":"publish","type":"page","link":"https:\/\/4tutti.pl\/?page_id=3094","title":{"rendered":"FESTIWAL TA\u0143CA"},"content":{"rendered":"<p>Ju\u017c nied\u0142ugo odb\u0119dzie si\u0119 I Og\u00f3lnopolski Festiwal &#8220;Taneczne Horyzonty&#8221;<\/p>\n<p>Zapraszamy wszystkich do udzia\u0142u, du\u017cych i ma\u0142ych, kt\u00f3rzy cho\u0107 troch\u0119 ta\u0144cz\u0105 \ud83d\ude42&nbsp;<\/p>\n<p>U nas zata\u0144czycie, poka\u017cecie swoje choreografie a tak\u017ce pi\u0119kne stroje.&nbsp;<\/p>\n<p>Po szczeg\u00f3\u0142y&nbsp; zapraszamy do zak\u0142adki <em>TURNIEJE<\/em><\/p>\n","protected":false},"excerpt":{"rendered":"<p>Ju\u017c nied\u0142ugo odb\u0119dzie si\u0119 I Og\u00f3lnopolski Festiwal &#8220;Taneczne Horyzonty&#8221; Zapraszamy wszystkich do udzia\u0142u, du\u017cych i ma\u0142ych, kt\u00f3rzy cho\u0107 troch\u0119 ta\u0144cz\u0105 \ud83d\ude42&nbsp; U nas zata\u0144czycie, poka\u017cecie swoje choreografie a tak\u017ce pi\u0119kne stroje.&nbsp; Po szczeg\u00f3\u0142y&nbsp; zapraszamy do zak\u0142adki TURNIEJE<\/p>\n","protected":false},"author":2,"featured_media":3049,"parent":2609,"menu_order":0,"comment_status":"closed","ping_status":"closed","template":"","meta":{"ngg_post_thumbnail":0,"footnotes":""},"class_list":["post-3094","page","type-page","status-publish","has-post-thumbnail","hentry"],"yoast_head":"<!-- This site is optimized with the Yoast SEO plugin v19.8 - https:\/\/yoast.com\/wordpress\/plugins\/seo\/ -->\n<title>FESTIWAL TA\u0143CA - Stowarzyszenie 4tutti<\/title>\n<meta name=\"robots\" content=\"index, follow, max-snippet:-1, max-image-preview:large, max-video-preview:-1\" \/>\n<link rel=\"canonical\" href=\"https:\/\/4tutti.pl\/?page_id=3094\" \/>\n<meta property=\"og:locale\" content=\"pl_PL\" \/>\n<meta property=\"og:type\" content=\"article\" \/>\n<meta property=\"og:title\" content=\"FESTIWAL TA\u0143CA - Stowarzyszenie 4tutti\" \/>\n<meta property=\"og:description\" content=\"Ju\u017c nied\u0142ugo odb\u0119dzie si\u0119 I Og\u00f3lnopolski Festiwal &#8220;Taneczne Horyzonty&#8221; Zapraszamy wszystkich do udzia\u0142u, du\u017cych i ma\u0142ych, kt\u00f3rzy cho\u0107 troch\u0119 ta\u0144cz\u0105 \ud83d\ude42&nbsp; U nas zata\u0144czycie, poka\u017cecie swoje choreografie a tak\u017ce pi\u0119kne stroje.&nbsp; Po szczeg\u00f3\u0142y&nbsp; zapraszamy do zak\u0142adki TURNIEJE\" \/>\n<meta property=\"og:url\" content=\"https:\/\/4tutti.pl\/?page_id=3094\" \/>\n<meta property=\"og:site_name\" content=\"Stowarzyszenie 4tutti\" \/>\n<meta property=\"og:image\" content=\"https:\/\/4tutti.pl\/wp-content\/uploads\/2023\/12\/taneczne-scaled.jpg\" \/>\n\t<meta property=\"og:image:width\" content=\"1829\" \/>\n\t<meta property=\"og:image:height\" content=\"2560\" \/>\n\t<meta property=\"og:image:type\" content=\"image\/jpeg\" \/>\n<meta name=\"twitter:card\" content=\"summary_large_image\" \/>\n<script type=\"application\/ld+json\" class=\"yoast-schema-graph\">{\"@context\":\"https:\/\/schema.org\",\"@graph\":[{\"@type\":\"WebPage\",\"@id\":\"https:\/\/4tutti.pl\/?page_id=3094\",\"url\":\"https:\/\/4tutti.pl\/?page_id=3094\",\"name\":\"FESTIWAL TA\u0143CA - Stowarzyszenie 4tutti\",\"isPartOf\":{\"@id\":\"https:\/\/4tutti.pl\/#website\"},\"datePublished\":\"2024-01-27T15:59:57+00:00\",\"dateModified\":\"2024-01-27T15:59:57+00:00\",\"breadcrumb\":{\"@id\":\"https:\/\/4tutti.pl\/?page_id=3094#breadcrumb\"},\"inLanguage\":\"pl-PL\",\"potentialAction\":[{\"@type\":\"ReadAction\",\"target\":[\"https:\/\/4tutti.pl\/?page_id=3094\"]}]},{\"@type\":\"BreadcrumbList\",\"@id\":\"https:\/\/4tutti.pl\/?page_id=3094#breadcrumb\",\"itemListElement\":[{\"@type\":\"ListItem\",\"position\":1,\"name\":\"Strona g\u0142\u00f3wna\",\"item\":\"https:\/\/4tutti.pl\/\"},{\"@type\":\"ListItem\",\"position\":2,\"name\":\"Aktualno\u015bci\",\"item\":\"https:\/\/4tutti.pl\/?page_id=525\"},{\"@type\":\"ListItem\",\"position\":3,\"name\":\"NOWO\u015aCI\",\"item\":\"https:\/\/4tutti.pl\/?page_id=2609\"},{\"@type\":\"ListItem\",\"position\":4,\"name\":\"FESTIWAL TA\u0143CA\"}]},{\"@type\":\"WebSite\",\"@id\":\"https:\/\/4tutti.pl\/#website\",\"url\":\"https:\/\/4tutti.pl\/\",\"name\":\"Stowarzyszenie 4tutti\",\"description\":\"P\u00f3\u0142kolonie, warsztaty dla dzieci\",\"potentialAction\":[{\"@type\":\"SearchAction\",\"target\":{\"@type\":\"EntryPoint\",\"urlTemplate\":\"https:\/\/4tutti.pl\/?s={search_term_string}\"},\"query-input\":\"required name=search_term_string\"}],\"inLanguage\":\"pl-PL\"}]}<\/script>\n<!-- \/ Yoast SEO plugin. -->","yoast_head_json":{"title":"FESTIWAL TA\u0143CA - Stowarzyszenie 4tutti","robots":{"index":"index","follow":"follow","max-snippet":"max-snippet:-1","max-image-preview":"max-image-preview:large","max-video-preview":"max-video-preview:-1"},"canonical":"https:\/\/4tutti.pl\/?page_id=3094","og_locale":"pl_PL","og_type":"article","og_title":"FESTIWAL TA\u0143CA - Stowarzyszenie 4tutti","og_description":"Ju\u017c nied\u0142ugo odb\u0119dzie si\u0119 I Og\u00f3lnopolski Festiwal &#8220;Taneczne Horyzonty&#8221; Zapraszamy wszystkich do udzia\u0142u, du\u017cych i ma\u0142ych, kt\u00f3rzy cho\u0107 troch\u0119 ta\u0144cz\u0105 \ud83d\ude42&nbsp; U nas zata\u0144czycie, poka\u017cecie swoje choreografie a tak\u017ce pi\u0119kne stroje.&nbsp; Po szczeg\u00f3\u0142y&nbsp; zapraszamy do zak\u0142adki TURNIEJE","og_url":"https:\/\/4tutti.pl\/?page_id=3094","og_site_name":"Stowarzyszenie 4tutti","og_image":[{"width":1829,"height":2560,"url":"https:\/\/4tutti.pl\/wp-content\/uploads\/2023\/12\/taneczne-scaled.jpg","type":"image\/jpeg"}],"twitter_card":"summary_large_image","schema":{"@context":"https:\/\/schema.org","@graph":[{"@type":"WebPage","@id":"https:\/\/4tutti.pl\/?page_id=3094","url":"https:\/\/4tutti.pl\/?page_id=3094","name":"FESTIWAL TA\u0143CA - Stowarzyszenie 4tutti","isPartOf":{"@id":"https:\/\/4tutti.pl\/#website"},"datePublished":"2024-01-27T15:59:57+00:00","dateModified":"2024-01-27T15:59:57+00:00","breadcrumb":{"@id":"https:\/\/4tutti.pl\/?page_id=3094#breadcrumb"},"inLanguage":"pl-PL","potentialAction":[{"@type":"ReadAction","target":["https:\/\/4tutti.pl\/?page_id=3094"]}]},{"@type":"BreadcrumbList","@id":"https:\/\/4tutti.pl\/?page_id=3094#breadcrumb","itemListElement":[{"@type":"ListItem","position":1,"name":"Strona g\u0142\u00f3wna","item":"https:\/\/4tutti.pl\/"},{"@type":"ListItem","position":2,"name":"Aktualno\u015bci","item":"https:\/\/4tutti.pl\/?page_id=525"},{"@type":"ListItem","position":3,"name":"NOWO\u015aCI","item":"https:\/\/4tutti.pl\/?page_id=2609"},{"@type":"ListItem","position":4,"name":"FESTIWAL TA\u0143CA"}]},{"@type":"WebSite","@id":"https:\/\/4tutti.pl\/#website","url":"https:\/\/4tutti.pl\/","name":"Stowarzyszenie 4tutti","description":"P\u00f3\u0142kolonie, warsztaty dla dzieci","potentialAction":[{"@type":"SearchAction","target":{"@type":"EntryPoint","urlTemplate":"https:\/\/4tutti.pl\/?s={search_term_string}"},"query-input":"required name=search_term_string"}],"inLanguage":"pl-PL"}]}},"_links":{"self":[{"href":"https:\/\/4tutti.pl\/index.php?rest_route=\/wp\/v2\/pages\/3094","targetHints":{"allow":["GET"]}}],"collection":[{"href":"https:\/\/4tutti.pl\/index.php?rest_route=\/wp\/v2\/pages"}],"about":[{"href":"https:\/\/4tutti.pl\/index.php?rest_route=\/wp\/v2\/types\/page"}],"author":[{"embeddable":true,"href":"https:\/\/4tutti.pl\/index.php?rest_route=\/wp\/v2\/users\/2"}],"replies":[{"embeddable":true,"href":"https:\/\/4tutti.pl\/index.php?rest_route=%2Fwp%2Fv2%2Fcomments&post=3094"}],"version-history":[{"count":1,"href":"https:\/\/4tutti.pl\/index.php?rest_route=\/wp\/v2\/pages\/3094\/revisions"}],"predecessor-version":[{"id":3095,"href":"https:\/\/4tutti.pl\/index.php?rest_route=\/wp\/v2\/pages\/3094\/revisions\/3095"}],"up":[{"embeddable":true,"href":"https:\/\/4tutti.pl\/index.php?rest_route=\/wp\/v2\/pages\/2609"}],"wp:featuredmedia":[{"embeddable":true,"href":"https:\/\/4tutti.pl\/index.php?rest_route=\/wp\/v2\/media\/3049"}],"wp:attachment":[{"href":"https:\/\/4tutti.pl\/index.php?rest_route=%2Fwp%2Fv2%2Fmedia&parent=3094"}],"curies":[{"name":"wp","href":"https:\/\/api.w.org\/{rel}","templated":true}]}}