{"id":4356,"date":"2024-09-18T10:06:34","date_gmt":"2024-09-18T08:06:34","guid":{"rendered":"https:\/\/4tutti.pl\/?page_id=4356"},"modified":"2024-09-18T10:17:09","modified_gmt":"2024-09-18T08:17:09","slug":"straaszna-dynia","status":"publish","type":"page","link":"https:\/\/4tutti.pl\/?page_id=4356","title":{"rendered":"STRAASZNA DYNIA"},"content":{"rendered":"<p>ZAPRASZAMY&nbsp;<\/p>\n<p>Zbli\u017ca si\u0119 Halloween &#8230;..<\/p>\n<p>i&nbsp; zapraszamy wszystkie dzieci na warsztaty dyniowe gdzie&nbsp; &#8230;.&nbsp; b\u0119dziemy tworzy\u0107 lampiony z dyni i nie tylko&nbsp;<\/p>\n<p>A to wszystko <strong>w dniu 26 pa\u017adziernika od godziny10.00 w naszej nowej lokalizacji &#8211; Zielona G\u00f3ra ul. Objazdowa 7A<\/strong><\/p>\n<p><img loading=\"lazy\" decoding=\"async\" class=\"size-medium wp-image-4357 aligncenter\" src=\"https:\/\/4tutti.pl\/wp-content\/uploads\/2024\/09\/image_123650291-1-300x225.jpg\" alt=\"\" width=\"300\" height=\"225\" srcset=\"https:\/\/4tutti.pl\/wp-content\/uploads\/2024\/09\/image_123650291-1-300x225.jpg 300w, https:\/\/4tutti.pl\/wp-content\/uploads\/2024\/09\/image_123650291-1-1024x768.jpg 1024w, https:\/\/4tutti.pl\/wp-content\/uploads\/2024\/09\/image_123650291-1-768x576.jpg 768w, https:\/\/4tutti.pl\/wp-content\/uploads\/2024\/09\/image_123650291-1.jpg 1280w\" sizes=\"auto, (max-width: 300px) 100vw, 300px\" \/><\/p>\n<p>Na warsztaty obowi\u0105zuj\u0105 zapisy pod nr tel:&nbsp; 516 334 426<\/p>\n<p><strong>CZEKAMY&nbsp; NA WAS&nbsp; &nbsp; <em>&nbsp; &nbsp; &nbsp; &nbsp; &nbsp;wrrrrr<\/em><\/strong><\/p>\n","protected":false},"excerpt":{"rendered":"<p>ZAPRASZAMY&nbsp; Zbli\u017ca si\u0119 Halloween &#8230;.. i&nbsp; zapraszamy wszystkie dzieci na warsztaty dyniowe gdzie&nbsp; &#8230;.&nbsp; b\u0119dziemy tworzy\u0107 lampiony z dyni i nie tylko&nbsp; A to wszystko w dniu 26 pa\u017adziernika od godziny10.00 w naszej nowej lokalizacji &#8211; Zielona G\u00f3ra ul. Objazdowa 7A Na warsztaty obowi\u0105zuj\u0105 zapisy pod nr tel:&nbsp; 516 334 426 CZEKAMY&nbsp; NA WAS&nbsp; &nbsp; [&hellip;]<\/p>\n","protected":false},"author":2,"featured_media":4357,"parent":2548,"menu_order":0,"comment_status":"closed","ping_status":"closed","template":"","meta":{"ngg_post_thumbnail":0,"footnotes":""},"class_list":["post-4356","page","type-page","status-publish","has-post-thumbnail","hentry"],"yoast_head":"<!-- This site is optimized with the Yoast SEO plugin v19.8 - https:\/\/yoast.com\/wordpress\/plugins\/seo\/ -->\n<title>STRAASZNA DYNIA - Stowarzyszenie 4tutti<\/title>\n<meta name=\"robots\" content=\"index, follow, max-snippet:-1, max-image-preview:large, max-video-preview:-1\" \/>\n<link rel=\"canonical\" href=\"https:\/\/4tutti.pl\/?page_id=4356\" \/>\n<meta property=\"og:locale\" content=\"pl_PL\" \/>\n<meta property=\"og:type\" content=\"article\" \/>\n<meta property=\"og:title\" content=\"STRAASZNA DYNIA - Stowarzyszenie 4tutti\" \/>\n<meta property=\"og:description\" content=\"ZAPRASZAMY&nbsp; Zbli\u017ca si\u0119 Halloween &#8230;.. i&nbsp; zapraszamy wszystkie dzieci na warsztaty dyniowe gdzie&nbsp; &#8230;.&nbsp; b\u0119dziemy tworzy\u0107 lampiony z dyni i nie tylko&nbsp; A to wszystko w dniu 26 pa\u017adziernika od godziny10.00 w naszej nowej lokalizacji &#8211; Zielona G\u00f3ra ul. Objazdowa 7A Na warsztaty obowi\u0105zuj\u0105 zapisy pod nr tel:&nbsp; 516 334 426 CZEKAMY&nbsp; NA WAS&nbsp; &nbsp; [&hellip;]\" \/>\n<meta property=\"og:url\" content=\"https:\/\/4tutti.pl\/?page_id=4356\" \/>\n<meta property=\"og:site_name\" content=\"Stowarzyszenie 4tutti\" \/>\n<meta property=\"article:modified_time\" content=\"2024-09-18T08:17:09+00:00\" \/>\n<meta property=\"og:image\" content=\"https:\/\/4tutti.pl\/wp-content\/uploads\/2024\/09\/image_123650291-1.jpg\" \/>\n\t<meta property=\"og:image:width\" content=\"1280\" \/>\n\t<meta property=\"og:image:height\" content=\"960\" \/>\n\t<meta property=\"og:image:type\" content=\"image\/jpeg\" \/>\n<meta name=\"twitter:card\" content=\"summary_large_image\" \/>\n<meta name=\"twitter:label1\" content=\"Szacowany czas czytania\" \/>\n\t<meta name=\"twitter:data1\" content=\"1 minuta\" \/>\n<script type=\"application\/ld+json\" class=\"yoast-schema-graph\">{\"@context\":\"https:\/\/schema.org\",\"@graph\":[{\"@type\":\"WebPage\",\"@id\":\"https:\/\/4tutti.pl\/?page_id=4356\",\"url\":\"https:\/\/4tutti.pl\/?page_id=4356\",\"name\":\"STRAASZNA DYNIA - Stowarzyszenie 4tutti\",\"isPartOf\":{\"@id\":\"https:\/\/4tutti.pl\/#website\"},\"datePublished\":\"2024-09-18T08:06:34+00:00\",\"dateModified\":\"2024-09-18T08:17:09+00:00\",\"breadcrumb\":{\"@id\":\"https:\/\/4tutti.pl\/?page_id=4356#breadcrumb\"},\"inLanguage\":\"pl-PL\",\"potentialAction\":[{\"@type\":\"ReadAction\",\"target\":[\"https:\/\/4tutti.pl\/?page_id=4356\"]}]},{\"@type\":\"BreadcrumbList\",\"@id\":\"https:\/\/4tutti.pl\/?page_id=4356#breadcrumb\",\"itemListElement\":[{\"@type\":\"ListItem\",\"position\":1,\"name\":\"Strona g\u0142\u00f3wna\",\"item\":\"https:\/\/4tutti.pl\/\"},{\"@type\":\"ListItem\",\"position\":2,\"name\":\"Aktualno\u015bci\",\"item\":\"https:\/\/4tutti.pl\/?page_id=525\"},{\"@type\":\"ListItem\",\"position\":3,\"name\":\"WARSZTATY\",\"item\":\"https:\/\/4tutti.pl\/?page_id=2548\"},{\"@type\":\"ListItem\",\"position\":4,\"name\":\"STRAASZNA DYNIA\"}]},{\"@type\":\"WebSite\",\"@id\":\"https:\/\/4tutti.pl\/#website\",\"url\":\"https:\/\/4tutti.pl\/\",\"name\":\"Stowarzyszenie 4tutti\",\"description\":\"P\u00f3\u0142kolonie, warsztaty dla dzieci\",\"potentialAction\":[{\"@type\":\"SearchAction\",\"target\":{\"@type\":\"EntryPoint\",\"urlTemplate\":\"https:\/\/4tutti.pl\/?s={search_term_string}\"},\"query-input\":\"required name=search_term_string\"}],\"inLanguage\":\"pl-PL\"}]}<\/script>\n<!-- \/ Yoast SEO plugin. -->","yoast_head_json":{"title":"STRAASZNA DYNIA - Stowarzyszenie 4tutti","robots":{"index":"index","follow":"follow","max-snippet":"max-snippet:-1","max-image-preview":"max-image-preview:large","max-video-preview":"max-video-preview:-1"},"canonical":"https:\/\/4tutti.pl\/?page_id=4356","og_locale":"pl_PL","og_type":"article","og_title":"STRAASZNA DYNIA - Stowarzyszenie 4tutti","og_description":"ZAPRASZAMY&nbsp; Zbli\u017ca si\u0119 Halloween &#8230;.. i&nbsp; zapraszamy wszystkie dzieci na warsztaty dyniowe gdzie&nbsp; &#8230;.&nbsp; b\u0119dziemy tworzy\u0107 lampiony z dyni i nie tylko&nbsp; A to wszystko w dniu 26 pa\u017adziernika od godziny10.00 w naszej nowej lokalizacji &#8211; Zielona G\u00f3ra ul. Objazdowa 7A Na warsztaty obowi\u0105zuj\u0105 zapisy pod nr tel:&nbsp; 516 334 426 CZEKAMY&nbsp; NA WAS&nbsp; &nbsp; [&hellip;]","og_url":"https:\/\/4tutti.pl\/?page_id=4356","og_site_name":"Stowarzyszenie 4tutti","article_modified_time":"2024-09-18T08:17:09+00:00","og_image":[{"width":1280,"height":960,"url":"https:\/\/4tutti.pl\/wp-content\/uploads\/2024\/09\/image_123650291-1.jpg","type":"image\/jpeg"}],"twitter_card":"summary_large_image","twitter_misc":{"Szacowany czas czytania":"1 minuta"},"schema":{"@context":"https:\/\/schema.org","@graph":[{"@type":"WebPage","@id":"https:\/\/4tutti.pl\/?page_id=4356","url":"https:\/\/4tutti.pl\/?page_id=4356","name":"STRAASZNA DYNIA - Stowarzyszenie 4tutti","isPartOf":{"@id":"https:\/\/4tutti.pl\/#website"},"datePublished":"2024-09-18T08:06:34+00:00","dateModified":"2024-09-18T08:17:09+00:00","breadcrumb":{"@id":"https:\/\/4tutti.pl\/?page_id=4356#breadcrumb"},"inLanguage":"pl-PL","potentialAction":[{"@type":"ReadAction","target":["https:\/\/4tutti.pl\/?page_id=4356"]}]},{"@type":"BreadcrumbList","@id":"https:\/\/4tutti.pl\/?page_id=4356#breadcrumb","itemListElement":[{"@type":"ListItem","position":1,"name":"Strona g\u0142\u00f3wna","item":"https:\/\/4tutti.pl\/"},{"@type":"ListItem","position":2,"name":"Aktualno\u015bci","item":"https:\/\/4tutti.pl\/?page_id=525"},{"@type":"ListItem","position":3,"name":"WARSZTATY","item":"https:\/\/4tutti.pl\/?page_id=2548"},{"@type":"ListItem","position":4,"name":"STRAASZNA DYNIA"}]},{"@type":"WebSite","@id":"https:\/\/4tutti.pl\/#website","url":"https:\/\/4tutti.pl\/","name":"Stowarzyszenie 4tutti","description":"P\u00f3\u0142kolonie, warsztaty dla dzieci","potentialAction":[{"@type":"SearchAction","target":{"@type":"EntryPoint","urlTemplate":"https:\/\/4tutti.pl\/?s={search_term_string}"},"query-input":"required name=search_term_string"}],"inLanguage":"pl-PL"}]}},"_links":{"self":[{"href":"https:\/\/4tutti.pl\/index.php?rest_route=\/wp\/v2\/pages\/4356","targetHints":{"allow":["GET"]}}],"collection":[{"href":"https:\/\/4tutti.pl\/index.php?rest_route=\/wp\/v2\/pages"}],"about":[{"href":"https:\/\/4tutti.pl\/index.php?rest_route=\/wp\/v2\/types\/page"}],"author":[{"embeddable":true,"href":"https:\/\/4tutti.pl\/index.php?rest_route=\/wp\/v2\/users\/2"}],"replies":[{"embeddable":true,"href":"https:\/\/4tutti.pl\/index.php?rest_route=%2Fwp%2Fv2%2Fcomments&post=4356"}],"version-history":[{"count":2,"href":"https:\/\/4tutti.pl\/index.php?rest_route=\/wp\/v2\/pages\/4356\/revisions"}],"predecessor-version":[{"id":4364,"href":"https:\/\/4tutti.pl\/index.php?rest_route=\/wp\/v2\/pages\/4356\/revisions\/4364"}],"up":[{"embeddable":true,"href":"https:\/\/4tutti.pl\/index.php?rest_route=\/wp\/v2\/pages\/2548"}],"wp:featuredmedia":[{"embeddable":true,"href":"https:\/\/4tutti.pl\/index.php?rest_route=\/wp\/v2\/media\/4357"}],"wp:attachment":[{"href":"https:\/\/4tutti.pl\/index.php?rest_route=%2Fwp%2Fv2%2Fmedia&parent=4356"}],"curies":[{"name":"wp","href":"https:\/\/api.w.org\/{rel}","templated":true}]}}