{"id":4847,"date":"2025-04-20T07:38:30","date_gmt":"2025-04-20T05:38:30","guid":{"rendered":"https:\/\/4tutti.pl\/?page_id=4847"},"modified":"2025-08-08T08:07:52","modified_gmt":"2025-08-08T06:07:52","slug":"oboz-letni-2025","status":"publish","type":"page","link":"https:\/\/4tutti.pl\/?page_id=4847","title":{"rendered":"OB\u00d3Z LETNI 2025"},"content":{"rendered":"<div><strong>HARMONOGRAM&nbsp; OBOZU&nbsp;<\/strong> &#8211;&gt;&nbsp; <a href=\"https:\/\/4tutti.pl\/wp-content\/uploads\/2025\/08\/PLAN-OBOZU-MRZEZYNO-2025.pdf\">PLAN OBOZU MRZEZ\u0307YNO 2025<\/a><\/div>\n<div><strong>REGULAMIN&nbsp; OBOZU&nbsp;<\/strong> &#8211;&gt;&nbsp; &nbsp;<a href=\"https:\/\/4tutti.pl\/wp-content\/uploads\/2025\/07\/REGULAMIN-OBOZU-SPORTOWEGO.pdf\">REGULAMIN OBOZU SPORTOWEGO<\/a><\/div>\n<div>&nbsp;<\/div>\n<div>Ju\u017c teraz zapraszamy wszystkie ch\u0119tne dzieci w wieku 7-18 lat na rekreacyjno-sportowy ob\u00f3z!<\/div>\n<div>Jedziemy nad morze do &#8230;&nbsp;&nbsp;&nbsp; MRZE\u017bYNA !!!<\/div>\n<div>Nocujemy w OW BRYZA &#8211; ul. Trzebiatowska 17 Mrze\u017cyno<\/div>\n<div><strong>Termin 10-18.08.2025 \u2013 to a\u017c 9 dni.<\/strong>&nbsp;<\/div>\n<div>&nbsp;<\/div>\n<div>Zapewniamy plac zabaw, boiska oraz sal\u0119 na kt\u00f3rej b\u0119dziemy prowadzi\u0107 nasze zaj\u0119cia.<\/div>\n<div>Gwarantujemy:<\/div>\n<div>\u2013 pyszne i zdrowe domowe jedzenie,&nbsp;&nbsp; <img loading=\"lazy\" decoding=\"async\" class=\"size-medium wp-image-5023 alignright\" src=\"https:\/\/4tutti.pl\/wp-content\/uploads\/2025\/02\/IMG_5936-300x300.jpeg\" alt=\"\" width=\"300\" height=\"300\" srcset=\"https:\/\/4tutti.pl\/wp-content\/uploads\/2025\/02\/IMG_5936-300x300.jpeg 300w, https:\/\/4tutti.pl\/wp-content\/uploads\/2025\/02\/IMG_5936-1024x1024.jpeg 1024w, https:\/\/4tutti.pl\/wp-content\/uploads\/2025\/02\/IMG_5936-150x150.jpeg 150w, https:\/\/4tutti.pl\/wp-content\/uploads\/2025\/02\/IMG_5936-768x768.jpeg 768w, https:\/\/4tutti.pl\/wp-content\/uploads\/2025\/02\/IMG_5936.jpeg 1280w\" sizes=\"auto, (max-width: 300px) 100vw, 300px\" \/><\/div>\n<div>\u2013 nocne podchody,<\/div>\n<div>\u2013 teleturniejowe wyzwania,<\/div>\n<div>\u2013 mistrzostwa w budowaniu z piasku,<\/div>\n<div>\u2013 koszulka obozowa,<\/div>\n<div>\u2013 magiczny wiecz\u00f3r,<\/div>\n<div>\u2013 festiwal kolor\u00f3w o zachodzie s\u0142o\u0144ca na pla\u017cy,<\/div>\n<div>\u2013 k\u0105piele w morzu,<\/div>\n<div>\u2013 plener party,<\/div>\n<div>\u2013 pi\u017camowy pokaz mody,<\/div>\n<div>\u2013 transport,<\/div>\n<div>\u2013 opiek\u0119 medyczn\u0105,<\/div>\n<div>\u2013 noclegi w 3,4,5,6 \u2013 osobowych pokojach z pe\u0142nym w\u0119z\u0142em sanitarnym.<\/div>\n<div>&nbsp;<\/div>\n<div>Nasza wykwalifikowana kadra to kreatywni i mili opiekunowie.&nbsp;<\/div>\n<div>&nbsp;<\/div>\n<div><strong>Cena:<\/strong>&nbsp; &nbsp;<strong>2 480 z\u0142 \u2013 zg\u0142oszenia do 15.03.2025<\/strong><\/div>\n<div><strong>&nbsp; &nbsp; &nbsp; &nbsp; &nbsp; &nbsp; &nbsp; 2 580 z\u0142 \u2013 po 15.03.2025<\/strong><\/div>\n<div><strong><em>Zaliczka w wysoko\u015bci 900 z\u0142 p\u0142atna w ci\u0105gu 7 dni od kwalifikacji uczestnika.<\/em><\/strong><\/div>\n<div>&nbsp;<\/div>\n<div>Ilo\u015b\u0107 miejsc ograniczona. Decyduje kolejno\u015b\u0107 zg\u0142osze\u0144.<\/div>\n<div>&nbsp;<\/div>\n<div>Dokumenty do pobrania:<\/div>\n<ul>\n<li><a href=\"https:\/\/4tutti.pl\/wp-content\/uploads\/2025\/01\/Zgloszenie-uczestnictwa-2025-1.pdf\">Zgloszenie-uczestnictwa-2025<\/a><\/li>\n<li><a href=\"https:\/\/4tutti.pl\/wp-content\/uploads\/2025\/03\/warunki-uczestnictwa-2025.pdf\">warunki-uczestnictwa-2025<\/a><\/li>\n<li><a href=\"https:\/\/4tutti.pl\/wp-content\/uploads\/2025\/03\/Karta-kwalifikacyjna-uczestnika-2025.pdf\">Karta-kwalifikacyjna-uczestnika 2025<\/a><\/li>\n<li><a href=\"https:\/\/4tutti.pl\/wp-content\/uploads\/2025\/01\/Zgoda-rodo-i-wizerunek.pdf\">Zgoda-rodo-i-wizerunek<\/a><\/li>\n<li><a href=\"https:\/\/4tutti.pl\/wp-content\/uploads\/2025\/06\/Oswiadczenie-o-stanie-zdrowia-uczestnika-oboz-sportowy.pdf\">Oswiadczenie-o-stanie-zdrowia-uczestnika oboz sportowy<\/a><\/li>\n<\/ul>\n","protected":false},"excerpt":{"rendered":"<p>HARMONOGRAM&nbsp; OBOZU&nbsp; &#8211;&gt;&nbsp; PLAN OBOZU MRZEZ\u0307YNO 2025 REGULAMIN&nbsp; OBOZU&nbsp; &#8211;&gt;&nbsp; &nbsp;REGULAMIN OBOZU SPORTOWEGO &nbsp; Ju\u017c teraz zapraszamy wszystkie ch\u0119tne dzieci w wieku 7-18 lat na rekreacyjno-sportowy ob\u00f3z! Jedziemy nad morze do &#8230;&nbsp;&nbsp;&nbsp; MRZE\u017bYNA !!! Nocujemy w OW BRYZA &#8211; ul. Trzebiatowska 17 Mrze\u017cyno Termin 10-18.08.2025 \u2013 to a\u017c 9 dni.&nbsp; &nbsp; Zapewniamy plac zabaw, boiska [&hellip;]<\/p>\n","protected":false},"author":2,"featured_media":5023,"parent":2544,"menu_order":0,"comment_status":"closed","ping_status":"closed","template":"","meta":{"ngg_post_thumbnail":0,"footnotes":""},"class_list":["post-4847","page","type-page","status-publish","has-post-thumbnail","hentry"],"yoast_head":"<!-- This site is optimized with the Yoast SEO plugin v19.8 - https:\/\/yoast.com\/wordpress\/plugins\/seo\/ -->\n<title>OB\u00d3Z LETNI 2025 - Stowarzyszenie 4tutti<\/title>\n<meta name=\"robots\" content=\"index, follow, max-snippet:-1, max-image-preview:large, max-video-preview:-1\" \/>\n<link rel=\"canonical\" href=\"https:\/\/4tutti.pl\/?page_id=4847\" \/>\n<meta property=\"og:locale\" content=\"pl_PL\" \/>\n<meta property=\"og:type\" content=\"article\" \/>\n<meta property=\"og:title\" content=\"OB\u00d3Z LETNI 2025 - Stowarzyszenie 4tutti\" \/>\n<meta property=\"og:description\" content=\"HARMONOGRAM&nbsp; OBOZU&nbsp; &#8211;&gt;&nbsp; PLAN OBOZU MRZEZ\u0307YNO 2025 REGULAMIN&nbsp; OBOZU&nbsp; &#8211;&gt;&nbsp; &nbsp;REGULAMIN OBOZU SPORTOWEGO &nbsp; Ju\u017c teraz zapraszamy wszystkie ch\u0119tne dzieci w wieku 7-18 lat na rekreacyjno-sportowy ob\u00f3z! Jedziemy nad morze do &#8230;&nbsp;&nbsp;&nbsp; MRZE\u017bYNA !!! Nocujemy w OW BRYZA &#8211; ul. Trzebiatowska 17 Mrze\u017cyno Termin 10-18.08.2025 \u2013 to a\u017c 9 dni.&nbsp; &nbsp; Zapewniamy plac zabaw, boiska [&hellip;]\" \/>\n<meta property=\"og:url\" content=\"https:\/\/4tutti.pl\/?page_id=4847\" \/>\n<meta property=\"og:site_name\" content=\"Stowarzyszenie 4tutti\" \/>\n<meta property=\"article:modified_time\" content=\"2025-08-08T06:07:52+00:00\" \/>\n<meta property=\"og:image\" content=\"https:\/\/4tutti.pl\/wp-content\/uploads\/2025\/02\/IMG_5936.jpeg\" \/>\n\t<meta property=\"og:image:width\" content=\"1280\" \/>\n\t<meta property=\"og:image:height\" content=\"1280\" \/>\n\t<meta property=\"og:image:type\" content=\"image\/jpeg\" \/>\n<meta name=\"twitter:card\" content=\"summary_large_image\" \/>\n<meta name=\"twitter:label1\" content=\"Szacowany czas czytania\" \/>\n\t<meta name=\"twitter:data1\" content=\"2 minuty\" \/>\n<script type=\"application\/ld+json\" class=\"yoast-schema-graph\">{\"@context\":\"https:\/\/schema.org\",\"@graph\":[{\"@type\":\"WebPage\",\"@id\":\"https:\/\/4tutti.pl\/?page_id=4847\",\"url\":\"https:\/\/4tutti.pl\/?page_id=4847\",\"name\":\"OB\u00d3Z LETNI 2025 - Stowarzyszenie 4tutti\",\"isPartOf\":{\"@id\":\"https:\/\/4tutti.pl\/#website\"},\"datePublished\":\"2025-04-20T05:38:30+00:00\",\"dateModified\":\"2025-08-08T06:07:52+00:00\",\"breadcrumb\":{\"@id\":\"https:\/\/4tutti.pl\/?page_id=4847#breadcrumb\"},\"inLanguage\":\"pl-PL\",\"potentialAction\":[{\"@type\":\"ReadAction\",\"target\":[\"https:\/\/4tutti.pl\/?page_id=4847\"]}]},{\"@type\":\"BreadcrumbList\",\"@id\":\"https:\/\/4tutti.pl\/?page_id=4847#breadcrumb\",\"itemListElement\":[{\"@type\":\"ListItem\",\"position\":1,\"name\":\"Strona g\u0142\u00f3wna\",\"item\":\"https:\/\/4tutti.pl\/\"},{\"@type\":\"ListItem\",\"position\":2,\"name\":\"Aktualno\u015bci\",\"item\":\"https:\/\/4tutti.pl\/?page_id=525\"},{\"@type\":\"ListItem\",\"position\":3,\"name\":\"OBOZY, P\u00d3\u0141KOLONIE\",\"item\":\"https:\/\/4tutti.pl\/?page_id=2544\"},{\"@type\":\"ListItem\",\"position\":4,\"name\":\"OB\u00d3Z LETNI 2025\"}]},{\"@type\":\"WebSite\",\"@id\":\"https:\/\/4tutti.pl\/#website\",\"url\":\"https:\/\/4tutti.pl\/\",\"name\":\"Stowarzyszenie 4tutti\",\"description\":\"P\u00f3\u0142kolonie, warsztaty dla dzieci\",\"potentialAction\":[{\"@type\":\"SearchAction\",\"target\":{\"@type\":\"EntryPoint\",\"urlTemplate\":\"https:\/\/4tutti.pl\/?s={search_term_string}\"},\"query-input\":\"required name=search_term_string\"}],\"inLanguage\":\"pl-PL\"}]}<\/script>\n<!-- \/ Yoast SEO plugin. -->","yoast_head_json":{"title":"OB\u00d3Z LETNI 2025 - Stowarzyszenie 4tutti","robots":{"index":"index","follow":"follow","max-snippet":"max-snippet:-1","max-image-preview":"max-image-preview:large","max-video-preview":"max-video-preview:-1"},"canonical":"https:\/\/4tutti.pl\/?page_id=4847","og_locale":"pl_PL","og_type":"article","og_title":"OB\u00d3Z LETNI 2025 - Stowarzyszenie 4tutti","og_description":"HARMONOGRAM&nbsp; OBOZU&nbsp; &#8211;&gt;&nbsp; PLAN OBOZU MRZEZ\u0307YNO 2025 REGULAMIN&nbsp; OBOZU&nbsp; &#8211;&gt;&nbsp; &nbsp;REGULAMIN OBOZU SPORTOWEGO &nbsp; Ju\u017c teraz zapraszamy wszystkie ch\u0119tne dzieci w wieku 7-18 lat na rekreacyjno-sportowy ob\u00f3z! Jedziemy nad morze do &#8230;&nbsp;&nbsp;&nbsp; MRZE\u017bYNA !!! Nocujemy w OW BRYZA &#8211; ul. Trzebiatowska 17 Mrze\u017cyno Termin 10-18.08.2025 \u2013 to a\u017c 9 dni.&nbsp; &nbsp; Zapewniamy plac zabaw, boiska [&hellip;]","og_url":"https:\/\/4tutti.pl\/?page_id=4847","og_site_name":"Stowarzyszenie 4tutti","article_modified_time":"2025-08-08T06:07:52+00:00","og_image":[{"width":1280,"height":1280,"url":"https:\/\/4tutti.pl\/wp-content\/uploads\/2025\/02\/IMG_5936.jpeg","type":"image\/jpeg"}],"twitter_card":"summary_large_image","twitter_misc":{"Szacowany czas czytania":"2 minuty"},"schema":{"@context":"https:\/\/schema.org","@graph":[{"@type":"WebPage","@id":"https:\/\/4tutti.pl\/?page_id=4847","url":"https:\/\/4tutti.pl\/?page_id=4847","name":"OB\u00d3Z LETNI 2025 - Stowarzyszenie 4tutti","isPartOf":{"@id":"https:\/\/4tutti.pl\/#website"},"datePublished":"2025-04-20T05:38:30+00:00","dateModified":"2025-08-08T06:07:52+00:00","breadcrumb":{"@id":"https:\/\/4tutti.pl\/?page_id=4847#breadcrumb"},"inLanguage":"pl-PL","potentialAction":[{"@type":"ReadAction","target":["https:\/\/4tutti.pl\/?page_id=4847"]}]},{"@type":"BreadcrumbList","@id":"https:\/\/4tutti.pl\/?page_id=4847#breadcrumb","itemListElement":[{"@type":"ListItem","position":1,"name":"Strona g\u0142\u00f3wna","item":"https:\/\/4tutti.pl\/"},{"@type":"ListItem","position":2,"name":"Aktualno\u015bci","item":"https:\/\/4tutti.pl\/?page_id=525"},{"@type":"ListItem","position":3,"name":"OBOZY, P\u00d3\u0141KOLONIE","item":"https:\/\/4tutti.pl\/?page_id=2544"},{"@type":"ListItem","position":4,"name":"OB\u00d3Z LETNI 2025"}]},{"@type":"WebSite","@id":"https:\/\/4tutti.pl\/#website","url":"https:\/\/4tutti.pl\/","name":"Stowarzyszenie 4tutti","description":"P\u00f3\u0142kolonie, warsztaty dla dzieci","potentialAction":[{"@type":"SearchAction","target":{"@type":"EntryPoint","urlTemplate":"https:\/\/4tutti.pl\/?s={search_term_string}"},"query-input":"required name=search_term_string"}],"inLanguage":"pl-PL"}]}},"_links":{"self":[{"href":"https:\/\/4tutti.pl\/index.php?rest_route=\/wp\/v2\/pages\/4847","targetHints":{"allow":["GET"]}}],"collection":[{"href":"https:\/\/4tutti.pl\/index.php?rest_route=\/wp\/v2\/pages"}],"about":[{"href":"https:\/\/4tutti.pl\/index.php?rest_route=\/wp\/v2\/types\/page"}],"author":[{"embeddable":true,"href":"https:\/\/4tutti.pl\/index.php?rest_route=\/wp\/v2\/users\/2"}],"replies":[{"embeddable":true,"href":"https:\/\/4tutti.pl\/index.php?rest_route=%2Fwp%2Fv2%2Fcomments&post=4847"}],"version-history":[{"count":13,"href":"https:\/\/4tutti.pl\/index.php?rest_route=\/wp\/v2\/pages\/4847\/revisions"}],"predecessor-version":[{"id":6026,"href":"https:\/\/4tutti.pl\/index.php?rest_route=\/wp\/v2\/pages\/4847\/revisions\/6026"}],"up":[{"embeddable":true,"href":"https:\/\/4tutti.pl\/index.php?rest_route=\/wp\/v2\/pages\/2544"}],"wp:featuredmedia":[{"embeddable":true,"href":"https:\/\/4tutti.pl\/index.php?rest_route=\/wp\/v2\/media\/5023"}],"wp:attachment":[{"href":"https:\/\/4tutti.pl\/index.php?rest_route=%2Fwp%2Fv2%2Fmedia&parent=4847"}],"curies":[{"name":"wp","href":"https:\/\/api.w.org\/{rel}","templated":true}]}}