{"id":5315,"date":"2025-03-19T07:33:29","date_gmt":"2025-03-19T06:33:29","guid":{"rendered":"https:\/\/4tutti.pl\/?page_id=5315"},"modified":"2025-03-19T07:33:29","modified_gmt":"2025-03-19T06:33:29","slug":"2025-warsztaty-wiosenne","status":"publish","type":"page","link":"https:\/\/4tutti.pl\/?page_id=5315","title":{"rendered":"2025 WARSZTATY WIOSENNE"},"content":{"rendered":"<div dir=\"auto\">Ju\u017c <strong>29 MARCA 2025r<\/strong>. zapraszamy wszystkie ch\u0119tne dzieci na &nbsp; <em><strong>Warsztaty <\/strong><strong>wiosenno <\/strong><span class=\"x3nfvp2 x1j61x8r x1fcty0u xdj266r xhhsvwb xat24cr xgzva0m xxymvpz xlup9mm x1kky2od\"><strong>&#8211; wielkanocne<\/strong><br \/>\n<\/span><\/em><\/div>\n<div dir=\"auto\">\n<div dir=\"auto\"><img loading=\"lazy\" decoding=\"async\" class=\"size-medium wp-image-5312 aligncenter\" src=\"https:\/\/4tutti.pl\/wp-content\/uploads\/2025\/03\/5965343072155976291_121-300x212.jpg\" alt=\"\" width=\"300\" height=\"212\" srcset=\"https:\/\/4tutti.pl\/wp-content\/uploads\/2025\/03\/5965343072155976291_121-300x212.jpg 300w, https:\/\/4tutti.pl\/wp-content\/uploads\/2025\/03\/5965343072155976291_121-1024x723.jpg 1024w, https:\/\/4tutti.pl\/wp-content\/uploads\/2025\/03\/5965343072155976291_121-768x542.jpg 768w, https:\/\/4tutti.pl\/wp-content\/uploads\/2025\/03\/5965343072155976291_121.jpg 1280w\" sizes=\"auto, (max-width: 300px) 100vw, 300px\" \/>B\u0119dziemy robi\u0107 wiosenno-\u015bwi\u0105teczne ozdoby a wszystko to przy muzyce gdzie r\u00f3wnie\u017c troch\u0119 poskaczemy i pota\u0144czymy.<\/div>\n<div dir=\"auto\">B\u0119dzie wiosennie, kolorowo, brokatowo <span class=\"x3nfvp2 x1j61x8r x1fcty0u xdj266r xhhsvwb xat24cr xgzva0m xxymvpz xlup9mm x1kky2od\"><img loading=\"lazy\" decoding=\"async\" class=\"xz74otr\" src=\"https:\/\/static.xx.fbcdn.net\/images\/emoji.php\/v9\/t39\/1.5\/16\/1f31f.png\" alt=\"\ud83c\udf1f\" width=\"16\" height=\"16\"><\/span><span class=\"x3nfvp2 x1j61x8r x1fcty0u xdj266r xhhsvwb xat24cr xgzva0m xxymvpz xlup9mm x1kky2od\"><img loading=\"lazy\" decoding=\"async\" class=\"xz74otr\" src=\"https:\/\/static.xx.fbcdn.net\/images\/emoji.php\/v9\/t39\/1.5\/16\/1f31f.png\" alt=\"\ud83c\udf1f\" width=\"16\" height=\"16\"><\/span><span class=\"x3nfvp2 x1j61x8r x1fcty0u xdj266r xhhsvwb xat24cr xgzva0m xxymvpz xlup9mm x1kky2od\"><img loading=\"lazy\" decoding=\"async\" class=\"xz74otr\" src=\"https:\/\/static.xx.fbcdn.net\/images\/emoji.php\/v9\/t39\/1.5\/16\/1f31f.png\" alt=\"\ud83c\udf1f\" width=\"16\" height=\"16\">.&nbsp;&nbsp;<\/span><\/div>\n<\/div>\n<div dir=\"auto\"><strong>Bawimy si\u0119 od godz. 10.00&nbsp;<\/strong> w naszym klubie \u2013 ul. Objazdowa 7a (hurtownia kwiat\u00f3w).<\/div>\n<div dir=\"auto\">Koszt warsztat\u00f3w 75 z\u0142.<\/div>\n<div dir=\"auto\">Zapisz swoje dziecko ju\u017c dzi\u015b wysy\u0142aj\u0105c SMS z imieniem dziecka&nbsp; &nbsp;na telefon&nbsp; &nbsp;516 334 426.<\/div>\n<div dir=\"auto\">Ilo\u015b\u0107 miejsc ograniczona&nbsp;<span class=\"x3nfvp2 x1j61x8r x1fcty0u xdj266r xhhsvwb xat24cr xgzva0m xxymvpz xlup9mm x1kky2od\"><img loading=\"lazy\" decoding=\"async\" class=\"xz74otr\" src=\"https:\/\/static.xx.fbcdn.net\/images\/emoji.php\/v9\/t27\/1.5\/16\/1f600.png\" alt=\"\ud83d\ude00\" width=\"16\" height=\"16\"><\/span><\/div>\n","protected":false},"excerpt":{"rendered":"<p>Ju\u017c 29 MARCA 2025r. zapraszamy wszystkie ch\u0119tne dzieci na &nbsp; Warsztaty wiosenno &#8211; wielkanocne B\u0119dziemy robi\u0107 wiosenno-\u015bwi\u0105teczne ozdoby a wszystko to przy muzyce gdzie r\u00f3wnie\u017c troch\u0119 poskaczemy i pota\u0144czymy. B\u0119dzie wiosennie, kolorowo, brokatowo .&nbsp;&nbsp; Bawimy si\u0119 od godz. 10.00&nbsp; w naszym klubie \u2013 ul. Objazdowa 7a (hurtownia kwiat\u00f3w). Koszt warsztat\u00f3w 75 z\u0142. Zapisz swoje dziecko [&hellip;]<\/p>\n","protected":false},"author":2,"featured_media":5312,"parent":2548,"menu_order":0,"comment_status":"closed","ping_status":"closed","template":"","meta":{"ngg_post_thumbnail":0,"footnotes":""},"class_list":["post-5315","page","type-page","status-publish","has-post-thumbnail","hentry"],"yoast_head":"<!-- This site is optimized with the Yoast SEO plugin v19.8 - https:\/\/yoast.com\/wordpress\/plugins\/seo\/ -->\n<title>2025 WARSZTATY WIOSENNE - Stowarzyszenie 4tutti<\/title>\n<meta name=\"robots\" content=\"index, follow, max-snippet:-1, max-image-preview:large, max-video-preview:-1\" \/>\n<link rel=\"canonical\" href=\"https:\/\/4tutti.pl\/?page_id=5315\" \/>\n<meta property=\"og:locale\" content=\"pl_PL\" \/>\n<meta property=\"og:type\" content=\"article\" \/>\n<meta property=\"og:title\" content=\"2025 WARSZTATY WIOSENNE - Stowarzyszenie 4tutti\" \/>\n<meta property=\"og:description\" content=\"Ju\u017c 29 MARCA 2025r. zapraszamy wszystkie ch\u0119tne dzieci na &nbsp; Warsztaty wiosenno &#8211; wielkanocne B\u0119dziemy robi\u0107 wiosenno-\u015bwi\u0105teczne ozdoby a wszystko to przy muzyce gdzie r\u00f3wnie\u017c troch\u0119 poskaczemy i pota\u0144czymy. B\u0119dzie wiosennie, kolorowo, brokatowo .&nbsp;&nbsp; Bawimy si\u0119 od godz. 10.00&nbsp; w naszym klubie \u2013 ul. Objazdowa 7a (hurtownia kwiat\u00f3w). Koszt warsztat\u00f3w 75 z\u0142. Zapisz swoje dziecko [&hellip;]\" \/>\n<meta property=\"og:url\" content=\"https:\/\/4tutti.pl\/?page_id=5315\" \/>\n<meta property=\"og:site_name\" content=\"Stowarzyszenie 4tutti\" \/>\n<meta property=\"og:image\" content=\"https:\/\/4tutti.pl\/wp-content\/uploads\/2025\/03\/5965343072155976291_121.jpg\" \/>\n\t<meta property=\"og:image:width\" content=\"1280\" \/>\n\t<meta property=\"og:image:height\" content=\"904\" \/>\n\t<meta property=\"og:image:type\" content=\"image\/jpeg\" \/>\n<meta name=\"twitter:card\" content=\"summary_large_image\" \/>\n<meta name=\"twitter:label1\" content=\"Szacowany czas czytania\" \/>\n\t<meta name=\"twitter:data1\" content=\"2 minuty\" \/>\n<script type=\"application\/ld+json\" class=\"yoast-schema-graph\">{\"@context\":\"https:\/\/schema.org\",\"@graph\":[{\"@type\":\"WebPage\",\"@id\":\"https:\/\/4tutti.pl\/?page_id=5315\",\"url\":\"https:\/\/4tutti.pl\/?page_id=5315\",\"name\":\"2025 WARSZTATY WIOSENNE - Stowarzyszenie 4tutti\",\"isPartOf\":{\"@id\":\"https:\/\/4tutti.pl\/#website\"},\"datePublished\":\"2025-03-19T06:33:29+00:00\",\"dateModified\":\"2025-03-19T06:33:29+00:00\",\"breadcrumb\":{\"@id\":\"https:\/\/4tutti.pl\/?page_id=5315#breadcrumb\"},\"inLanguage\":\"pl-PL\",\"potentialAction\":[{\"@type\":\"ReadAction\",\"target\":[\"https:\/\/4tutti.pl\/?page_id=5315\"]}]},{\"@type\":\"BreadcrumbList\",\"@id\":\"https:\/\/4tutti.pl\/?page_id=5315#breadcrumb\",\"itemListElement\":[{\"@type\":\"ListItem\",\"position\":1,\"name\":\"Strona g\u0142\u00f3wna\",\"item\":\"https:\/\/4tutti.pl\/\"},{\"@type\":\"ListItem\",\"position\":2,\"name\":\"Aktualno\u015bci\",\"item\":\"https:\/\/4tutti.pl\/?page_id=525\"},{\"@type\":\"ListItem\",\"position\":3,\"name\":\"WARSZTATY\",\"item\":\"https:\/\/4tutti.pl\/?page_id=2548\"},{\"@type\":\"ListItem\",\"position\":4,\"name\":\"2025 WARSZTATY WIOSENNE\"}]},{\"@type\":\"WebSite\",\"@id\":\"https:\/\/4tutti.pl\/#website\",\"url\":\"https:\/\/4tutti.pl\/\",\"name\":\"Stowarzyszenie 4tutti\",\"description\":\"P\u00f3\u0142kolonie, warsztaty dla dzieci\",\"potentialAction\":[{\"@type\":\"SearchAction\",\"target\":{\"@type\":\"EntryPoint\",\"urlTemplate\":\"https:\/\/4tutti.pl\/?s={search_term_string}\"},\"query-input\":\"required name=search_term_string\"}],\"inLanguage\":\"pl-PL\"}]}<\/script>\n<!-- \/ Yoast SEO plugin. -->","yoast_head_json":{"title":"2025 WARSZTATY WIOSENNE - Stowarzyszenie 4tutti","robots":{"index":"index","follow":"follow","max-snippet":"max-snippet:-1","max-image-preview":"max-image-preview:large","max-video-preview":"max-video-preview:-1"},"canonical":"https:\/\/4tutti.pl\/?page_id=5315","og_locale":"pl_PL","og_type":"article","og_title":"2025 WARSZTATY WIOSENNE - Stowarzyszenie 4tutti","og_description":"Ju\u017c 29 MARCA 2025r. zapraszamy wszystkie ch\u0119tne dzieci na &nbsp; Warsztaty wiosenno &#8211; wielkanocne B\u0119dziemy robi\u0107 wiosenno-\u015bwi\u0105teczne ozdoby a wszystko to przy muzyce gdzie r\u00f3wnie\u017c troch\u0119 poskaczemy i pota\u0144czymy. B\u0119dzie wiosennie, kolorowo, brokatowo .&nbsp;&nbsp; Bawimy si\u0119 od godz. 10.00&nbsp; w naszym klubie \u2013 ul. Objazdowa 7a (hurtownia kwiat\u00f3w). Koszt warsztat\u00f3w 75 z\u0142. Zapisz swoje dziecko [&hellip;]","og_url":"https:\/\/4tutti.pl\/?page_id=5315","og_site_name":"Stowarzyszenie 4tutti","og_image":[{"width":1280,"height":904,"url":"https:\/\/4tutti.pl\/wp-content\/uploads\/2025\/03\/5965343072155976291_121.jpg","type":"image\/jpeg"}],"twitter_card":"summary_large_image","twitter_misc":{"Szacowany czas czytania":"2 minuty"},"schema":{"@context":"https:\/\/schema.org","@graph":[{"@type":"WebPage","@id":"https:\/\/4tutti.pl\/?page_id=5315","url":"https:\/\/4tutti.pl\/?page_id=5315","name":"2025 WARSZTATY WIOSENNE - Stowarzyszenie 4tutti","isPartOf":{"@id":"https:\/\/4tutti.pl\/#website"},"datePublished":"2025-03-19T06:33:29+00:00","dateModified":"2025-03-19T06:33:29+00:00","breadcrumb":{"@id":"https:\/\/4tutti.pl\/?page_id=5315#breadcrumb"},"inLanguage":"pl-PL","potentialAction":[{"@type":"ReadAction","target":["https:\/\/4tutti.pl\/?page_id=5315"]}]},{"@type":"BreadcrumbList","@id":"https:\/\/4tutti.pl\/?page_id=5315#breadcrumb","itemListElement":[{"@type":"ListItem","position":1,"name":"Strona g\u0142\u00f3wna","item":"https:\/\/4tutti.pl\/"},{"@type":"ListItem","position":2,"name":"Aktualno\u015bci","item":"https:\/\/4tutti.pl\/?page_id=525"},{"@type":"ListItem","position":3,"name":"WARSZTATY","item":"https:\/\/4tutti.pl\/?page_id=2548"},{"@type":"ListItem","position":4,"name":"2025 WARSZTATY WIOSENNE"}]},{"@type":"WebSite","@id":"https:\/\/4tutti.pl\/#website","url":"https:\/\/4tutti.pl\/","name":"Stowarzyszenie 4tutti","description":"P\u00f3\u0142kolonie, warsztaty dla dzieci","potentialAction":[{"@type":"SearchAction","target":{"@type":"EntryPoint","urlTemplate":"https:\/\/4tutti.pl\/?s={search_term_string}"},"query-input":"required name=search_term_string"}],"inLanguage":"pl-PL"}]}},"_links":{"self":[{"href":"https:\/\/4tutti.pl\/index.php?rest_route=\/wp\/v2\/pages\/5315","targetHints":{"allow":["GET"]}}],"collection":[{"href":"https:\/\/4tutti.pl\/index.php?rest_route=\/wp\/v2\/pages"}],"about":[{"href":"https:\/\/4tutti.pl\/index.php?rest_route=\/wp\/v2\/types\/page"}],"author":[{"embeddable":true,"href":"https:\/\/4tutti.pl\/index.php?rest_route=\/wp\/v2\/users\/2"}],"replies":[{"embeddable":true,"href":"https:\/\/4tutti.pl\/index.php?rest_route=%2Fwp%2Fv2%2Fcomments&post=5315"}],"version-history":[{"count":1,"href":"https:\/\/4tutti.pl\/index.php?rest_route=\/wp\/v2\/pages\/5315\/revisions"}],"predecessor-version":[{"id":5316,"href":"https:\/\/4tutti.pl\/index.php?rest_route=\/wp\/v2\/pages\/5315\/revisions\/5316"}],"up":[{"embeddable":true,"href":"https:\/\/4tutti.pl\/index.php?rest_route=\/wp\/v2\/pages\/2548"}],"wp:featuredmedia":[{"embeddable":true,"href":"https:\/\/4tutti.pl\/index.php?rest_route=\/wp\/v2\/media\/5312"}],"wp:attachment":[{"href":"https:\/\/4tutti.pl\/index.php?rest_route=%2Fwp%2Fv2%2Fmedia&parent=5315"}],"curies":[{"name":"wp","href":"https:\/\/api.w.org\/{rel}","templated":true}]}}