{"id":5352,"date":"2025-04-14T20:16:15","date_gmt":"2025-04-14T18:16:15","guid":{"rendered":"https:\/\/4tutti.pl\/?page_id=5352"},"modified":"2025-04-14T20:16:15","modified_gmt":"2025-04-14T18:16:15","slug":"zajecia-z-rocknrolla","status":"publish","type":"page","link":"https:\/\/4tutti.pl\/?page_id=5352","title":{"rendered":"ZAJ\u0118CIA Z ROCK&#8217;N&#8217;ROLLA"},"content":{"rendered":"<p>Skacz, wiruj i b\u0142yszcz! Do\u0142\u0105cz do naszej tanecznej ekipy Rock\u2019n\u2019Rolla !<\/p>\n<p>Masz <em><strong>od 5 do 15 lat<\/strong><\/em> i kochasz ruch, muzyk\u0119 i dobr\u0105 zabaw\u0119?<br \/>\nRock and roll to taniec pe\u0142en energii, podskok\u00f3w, szalonych figur i super wyst\u0119p\u00f3w!<\/p>\n<p>Na naszych zaj\u0119ciach poznasz podstawy ta\u0144ca, nauczysz si\u0119 widowiskowych trik\u00f3w i zata\u0144czysz na scenie \u2013 jak prawdziwa gwiazda!<\/p>\n<p>Dlaczego warto?&nbsp; &nbsp; <img loading=\"lazy\" decoding=\"async\" class=\"size-medium wp-image-5353 alignright\" src=\"https:\/\/4tutti.pl\/wp-content\/uploads\/2025\/04\/1744654156997-200x300.png\" alt=\"\" width=\"200\" height=\"300\" srcset=\"https:\/\/4tutti.pl\/wp-content\/uploads\/2025\/04\/1744654156997-200x300.png 200w, https:\/\/4tutti.pl\/wp-content\/uploads\/2025\/04\/1744654156997-683x1024.png 683w, https:\/\/4tutti.pl\/wp-content\/uploads\/2025\/04\/1744654156997-768x1152.png 768w, https:\/\/4tutti.pl\/wp-content\/uploads\/2025\/04\/1744654156997.png 1024w\" sizes=\"auto, (max-width: 200px) 100vw, 200px\" \/><br \/>\nUczymy przez zabaw\u0119 \u2013 ka\u017cdy krok to frajda!<br \/>\nRozwijamy si\u0142\u0119, koordynacj\u0119 i pewno\u015b\u0107 siebie<br \/>\nTworzymy zgran\u0105 paczk\u0119 przyjaci\u00f3\u0142<br \/>\nCzekaj\u0105 Ci\u0119 stroje, wyst\u0119py i taneczna przygoda!<\/p>\n<p>Nie wa\u017cne, czy dopiero zaczynasz, czy ju\u017c ta\u0144czysz \u2013 znajdziemy miejsce w\u0142a\u015bnie dla Ciebie!<\/p>\n<p>ZADZWO\u0143&nbsp; <strong>516 334 426<\/strong><\/p>\n<p>Zapisz si\u0119 ju\u017c dzi\u015b i zata\u0144cz z nami rock and rolla!<\/p>\n","protected":false},"excerpt":{"rendered":"<p>Skacz, wiruj i b\u0142yszcz! Do\u0142\u0105cz do naszej tanecznej ekipy Rock\u2019n\u2019Rolla ! Masz od 5 do 15 lat i kochasz ruch, muzyk\u0119 i dobr\u0105 zabaw\u0119? Rock and roll to taniec pe\u0142en energii, podskok\u00f3w, szalonych figur i super wyst\u0119p\u00f3w! Na naszych zaj\u0119ciach poznasz podstawy ta\u0144ca, nauczysz si\u0119 widowiskowych trik\u00f3w i zata\u0144czysz na scenie \u2013 jak prawdziwa gwiazda! [&hellip;]<\/p>\n","protected":false},"author":2,"featured_media":5353,"parent":2546,"menu_order":0,"comment_status":"closed","ping_status":"closed","template":"","meta":{"ngg_post_thumbnail":0,"footnotes":""},"class_list":["post-5352","page","type-page","status-publish","has-post-thumbnail","hentry"],"yoast_head":"<!-- This site is optimized with the Yoast SEO plugin v19.8 - https:\/\/yoast.com\/wordpress\/plugins\/seo\/ -->\n<title>ZAJ\u0118CIA Z ROCK&#8217;N&#8217;ROLLA - Stowarzyszenie 4tutti<\/title>\n<meta name=\"robots\" content=\"index, follow, max-snippet:-1, max-image-preview:large, max-video-preview:-1\" \/>\n<link rel=\"canonical\" href=\"https:\/\/4tutti.pl\/?page_id=5352\" \/>\n<meta property=\"og:locale\" content=\"pl_PL\" \/>\n<meta property=\"og:type\" content=\"article\" \/>\n<meta property=\"og:title\" content=\"ZAJ\u0118CIA Z ROCK&#8217;N&#8217;ROLLA - Stowarzyszenie 4tutti\" \/>\n<meta property=\"og:description\" content=\"Skacz, wiruj i b\u0142yszcz! Do\u0142\u0105cz do naszej tanecznej ekipy Rock\u2019n\u2019Rolla ! Masz od 5 do 15 lat i kochasz ruch, muzyk\u0119 i dobr\u0105 zabaw\u0119? Rock and roll to taniec pe\u0142en energii, podskok\u00f3w, szalonych figur i super wyst\u0119p\u00f3w! Na naszych zaj\u0119ciach poznasz podstawy ta\u0144ca, nauczysz si\u0119 widowiskowych trik\u00f3w i zata\u0144czysz na scenie \u2013 jak prawdziwa gwiazda! [&hellip;]\" \/>\n<meta property=\"og:url\" content=\"https:\/\/4tutti.pl\/?page_id=5352\" \/>\n<meta property=\"og:site_name\" content=\"Stowarzyszenie 4tutti\" \/>\n<meta property=\"og:image\" content=\"https:\/\/4tutti.pl\/wp-content\/uploads\/2025\/04\/1744654156997-683x1024.png\" \/>\n\t<meta property=\"og:image:width\" content=\"683\" \/>\n\t<meta property=\"og:image:height\" content=\"1024\" \/>\n\t<meta property=\"og:image:type\" content=\"image\/png\" \/>\n<meta name=\"twitter:card\" content=\"summary_large_image\" \/>\n<meta name=\"twitter:label1\" content=\"Szacowany czas czytania\" \/>\n\t<meta name=\"twitter:data1\" content=\"1 minuta\" \/>\n<script type=\"application\/ld+json\" class=\"yoast-schema-graph\">{\"@context\":\"https:\/\/schema.org\",\"@graph\":[{\"@type\":\"WebPage\",\"@id\":\"https:\/\/4tutti.pl\/?page_id=5352\",\"url\":\"https:\/\/4tutti.pl\/?page_id=5352\",\"name\":\"ZAJ\u0118CIA Z ROCK&#8217;N&#8217;ROLLA - Stowarzyszenie 4tutti\",\"isPartOf\":{\"@id\":\"https:\/\/4tutti.pl\/#website\"},\"datePublished\":\"2025-04-14T18:16:15+00:00\",\"dateModified\":\"2025-04-14T18:16:15+00:00\",\"breadcrumb\":{\"@id\":\"https:\/\/4tutti.pl\/?page_id=5352#breadcrumb\"},\"inLanguage\":\"pl-PL\",\"potentialAction\":[{\"@type\":\"ReadAction\",\"target\":[\"https:\/\/4tutti.pl\/?page_id=5352\"]}]},{\"@type\":\"BreadcrumbList\",\"@id\":\"https:\/\/4tutti.pl\/?page_id=5352#breadcrumb\",\"itemListElement\":[{\"@type\":\"ListItem\",\"position\":1,\"name\":\"Strona g\u0142\u00f3wna\",\"item\":\"https:\/\/4tutti.pl\/\"},{\"@type\":\"ListItem\",\"position\":2,\"name\":\"Aktualno\u015bci\",\"item\":\"https:\/\/4tutti.pl\/?page_id=525\"},{\"@type\":\"ListItem\",\"position\":3,\"name\":\"ZAJ\u0118CIA\",\"item\":\"https:\/\/4tutti.pl\/?page_id=2546\"},{\"@type\":\"ListItem\",\"position\":4,\"name\":\"ZAJ\u0118CIA Z ROCK&#8217;N&#8217;ROLLA\"}]},{\"@type\":\"WebSite\",\"@id\":\"https:\/\/4tutti.pl\/#website\",\"url\":\"https:\/\/4tutti.pl\/\",\"name\":\"Stowarzyszenie 4tutti\",\"description\":\"P\u00f3\u0142kolonie, warsztaty dla dzieci\",\"potentialAction\":[{\"@type\":\"SearchAction\",\"target\":{\"@type\":\"EntryPoint\",\"urlTemplate\":\"https:\/\/4tutti.pl\/?s={search_term_string}\"},\"query-input\":\"required name=search_term_string\"}],\"inLanguage\":\"pl-PL\"}]}<\/script>\n<!-- \/ Yoast SEO plugin. -->","yoast_head_json":{"title":"ZAJ\u0118CIA Z ROCK&#8217;N&#8217;ROLLA - Stowarzyszenie 4tutti","robots":{"index":"index","follow":"follow","max-snippet":"max-snippet:-1","max-image-preview":"max-image-preview:large","max-video-preview":"max-video-preview:-1"},"canonical":"https:\/\/4tutti.pl\/?page_id=5352","og_locale":"pl_PL","og_type":"article","og_title":"ZAJ\u0118CIA Z ROCK&#8217;N&#8217;ROLLA - Stowarzyszenie 4tutti","og_description":"Skacz, wiruj i b\u0142yszcz! Do\u0142\u0105cz do naszej tanecznej ekipy Rock\u2019n\u2019Rolla ! Masz od 5 do 15 lat i kochasz ruch, muzyk\u0119 i dobr\u0105 zabaw\u0119? Rock and roll to taniec pe\u0142en energii, podskok\u00f3w, szalonych figur i super wyst\u0119p\u00f3w! Na naszych zaj\u0119ciach poznasz podstawy ta\u0144ca, nauczysz si\u0119 widowiskowych trik\u00f3w i zata\u0144czysz na scenie \u2013 jak prawdziwa gwiazda! [&hellip;]","og_url":"https:\/\/4tutti.pl\/?page_id=5352","og_site_name":"Stowarzyszenie 4tutti","og_image":[{"width":683,"height":1024,"url":"https:\/\/4tutti.pl\/wp-content\/uploads\/2025\/04\/1744654156997-683x1024.png","type":"image\/png"}],"twitter_card":"summary_large_image","twitter_misc":{"Szacowany czas czytania":"1 minuta"},"schema":{"@context":"https:\/\/schema.org","@graph":[{"@type":"WebPage","@id":"https:\/\/4tutti.pl\/?page_id=5352","url":"https:\/\/4tutti.pl\/?page_id=5352","name":"ZAJ\u0118CIA Z ROCK&#8217;N&#8217;ROLLA - Stowarzyszenie 4tutti","isPartOf":{"@id":"https:\/\/4tutti.pl\/#website"},"datePublished":"2025-04-14T18:16:15+00:00","dateModified":"2025-04-14T18:16:15+00:00","breadcrumb":{"@id":"https:\/\/4tutti.pl\/?page_id=5352#breadcrumb"},"inLanguage":"pl-PL","potentialAction":[{"@type":"ReadAction","target":["https:\/\/4tutti.pl\/?page_id=5352"]}]},{"@type":"BreadcrumbList","@id":"https:\/\/4tutti.pl\/?page_id=5352#breadcrumb","itemListElement":[{"@type":"ListItem","position":1,"name":"Strona g\u0142\u00f3wna","item":"https:\/\/4tutti.pl\/"},{"@type":"ListItem","position":2,"name":"Aktualno\u015bci","item":"https:\/\/4tutti.pl\/?page_id=525"},{"@type":"ListItem","position":3,"name":"ZAJ\u0118CIA","item":"https:\/\/4tutti.pl\/?page_id=2546"},{"@type":"ListItem","position":4,"name":"ZAJ\u0118CIA Z ROCK&#8217;N&#8217;ROLLA"}]},{"@type":"WebSite","@id":"https:\/\/4tutti.pl\/#website","url":"https:\/\/4tutti.pl\/","name":"Stowarzyszenie 4tutti","description":"P\u00f3\u0142kolonie, warsztaty dla dzieci","potentialAction":[{"@type":"SearchAction","target":{"@type":"EntryPoint","urlTemplate":"https:\/\/4tutti.pl\/?s={search_term_string}"},"query-input":"required name=search_term_string"}],"inLanguage":"pl-PL"}]}},"_links":{"self":[{"href":"https:\/\/4tutti.pl\/index.php?rest_route=\/wp\/v2\/pages\/5352","targetHints":{"allow":["GET"]}}],"collection":[{"href":"https:\/\/4tutti.pl\/index.php?rest_route=\/wp\/v2\/pages"}],"about":[{"href":"https:\/\/4tutti.pl\/index.php?rest_route=\/wp\/v2\/types\/page"}],"author":[{"embeddable":true,"href":"https:\/\/4tutti.pl\/index.php?rest_route=\/wp\/v2\/users\/2"}],"replies":[{"embeddable":true,"href":"https:\/\/4tutti.pl\/index.php?rest_route=%2Fwp%2Fv2%2Fcomments&post=5352"}],"version-history":[{"count":1,"href":"https:\/\/4tutti.pl\/index.php?rest_route=\/wp\/v2\/pages\/5352\/revisions"}],"predecessor-version":[{"id":5354,"href":"https:\/\/4tutti.pl\/index.php?rest_route=\/wp\/v2\/pages\/5352\/revisions\/5354"}],"up":[{"embeddable":true,"href":"https:\/\/4tutti.pl\/index.php?rest_route=\/wp\/v2\/pages\/2546"}],"wp:featuredmedia":[{"embeddable":true,"href":"https:\/\/4tutti.pl\/index.php?rest_route=\/wp\/v2\/media\/5353"}],"wp:attachment":[{"href":"https:\/\/4tutti.pl\/index.php?rest_route=%2Fwp%2Fv2%2Fmedia&parent=5352"}],"curies":[{"name":"wp","href":"https:\/\/api.w.org\/{rel}","templated":true}]}}