{"id":5717,"date":"2025-06-13T18:25:56","date_gmt":"2025-06-13T16:25:56","guid":{"rendered":"https:\/\/4tutti.pl\/?page_id=5717"},"modified":"2025-06-13T18:25:56","modified_gmt":"2025-06-13T16:25:56","slug":"pokazy-w-ze-nr-6","status":"publish","type":"page","link":"https:\/\/4tutti.pl\/?page_id=5717","title":{"rendered":"POKAZY W ZE nr 6"},"content":{"rendered":"<div class=\"xdj266r x14z9mp xat24cr x1lziwak x1vvkbs x126k92a\">\n<div dir=\"auto\">Dzisiaj &#8211; 7 czerwca 2025r.&nbsp; mieli\u015bmy wielki zaszczyt wyst\u0119powa\u0107 w w Zespole Edukacyjnym nr 6! <span class=\"html-span xexx8yu xyri2b x18d9i69 x1c1uobl x1hl2dhg x16tdsg8 x1vvkbs x3nfvp2 x1j61x8r x1fcty0u xdj266r xat24cr xm2jcoa x1mpyi22 xxymvpz xlup9mm x1kky2od\"><img loading=\"lazy\" decoding=\"async\" class=\"xz74otr x15mokao x1ga7v0g x16uus16 xbiv7yw\" src=\"https:\/\/static.xx.fbcdn.net\/images\/emoji.php\/v9\/tc7\/1\/16\/1f483.png\" alt=\"\ud83d\udc83\" width=\"16\" height=\"16\"><\/span><\/p>\n<div class=\"xdj266r x14z9mp xat24cr x1lziwak x1vvkbs x126k92a\">&nbsp;<\/div>\n<div class=\"x14z9mp xat24cr x1lziwak x1vvkbs xtlvy1s x126k92a\">\n<div dir=\"auto\">By\u0142y wielkie emocje, ogromna energia i pasja ! <span class=\"html-span xexx8yu xyri2b x18d9i69 x1c1uobl x1hl2dhg x16tdsg8 x1vvkbs x3nfvp2 x1j61x8r x1fcty0u xdj266r xat24cr xm2jcoa x1mpyi22 xxymvpz xlup9mm x1kky2od\"><img loading=\"lazy\" decoding=\"async\" class=\"xz74otr x15mokao x1ga7v0g x16uus16 xbiv7yw\" src=\"https:\/\/static.xx.fbcdn.net\/images\/emoji.php\/v9\/tc7\/1\/16\/1f483.png\" alt=\"\ud83d\udc83\" width=\"16\" height=\"16\">&nbsp; &nbsp; &nbsp; &nbsp; &nbsp; &nbsp; &nbsp; &nbsp; <img loading=\"lazy\" decoding=\"async\" class=\"size-medium wp-image-5718 alignright\" src=\"https:\/\/4tutti.pl\/wp-content\/uploads\/2025\/06\/504207352_1027395296146186_2092006117021601868_n-300x135.jpg\" alt=\"\" width=\"300\" height=\"135\" srcset=\"https:\/\/4tutti.pl\/wp-content\/uploads\/2025\/06\/504207352_1027395296146186_2092006117021601868_n-300x135.jpg 300w, https:\/\/4tutti.pl\/wp-content\/uploads\/2025\/06\/504207352_1027395296146186_2092006117021601868_n-1024x461.jpg 1024w, https:\/\/4tutti.pl\/wp-content\/uploads\/2025\/06\/504207352_1027395296146186_2092006117021601868_n-768x346.jpg 768w, https:\/\/4tutti.pl\/wp-content\/uploads\/2025\/06\/504207352_1027395296146186_2092006117021601868_n-1536x691.jpg 1536w, https:\/\/4tutti.pl\/wp-content\/uploads\/2025\/06\/504207352_1027395296146186_2092006117021601868_n-2048x922.jpg 2048w\" sizes=\"auto, (max-width: 300px) 100vw, 300px\" \/><\/span><\/div>\n<\/div>\n<\/div>\n<\/div>\n<div class=\"x14z9mp xat24cr x1lziwak x1vvkbs xtlvy1s x126k92a\">\n<div dir=\"auto\">By\u0142o nam niezmiernie mi\u0142o zaprezentowa\u0107 si\u0119 przed tak fantastyczn\u0105 publiczno\u015bci\u0105 !!!<\/div>\n<\/div>\n<div class=\"x14z9mp xat24cr x1lziwak x1vvkbs xtlvy1s x126k92a\">\n<div dir=\"auto\">Serdecznie dzi\u0119kujemy ORGANIZATOROM za zaproszenie, a wszystkim WIDZOM za ciep\u0142e przyj\u0119cie i niesamowity doping! <span class=\"html-span xexx8yu xyri2b x18d9i69 x1c1uobl x1hl2dhg x16tdsg8 x1vvkbs x3nfvp2 x1j61x8r x1fcty0u xdj266r xat24cr xm2jcoa x1mpyi22 xxymvpz xlup9mm x1kky2od\"><img loading=\"lazy\" decoding=\"async\" class=\"xz74otr x15mokao x1ga7v0g x16uus16 xbiv7yw\" src=\"https:\/\/static.xx.fbcdn.net\/images\/emoji.php\/v9\/t50\/1\/16\/1f525.png\" alt=\"\ud83d\udd25\" width=\"16\" height=\"16\"><\/span><\/div>\n<div dir=\"auto\">To dla Was ta\u0144czymy!!!!<\/div>\n<\/div>\n<div dir=\"auto\">FOTORELACJA w GALERII&nbsp; \ud83d\ude42&nbsp;<\/div>\n","protected":false},"excerpt":{"rendered":"<p>Dzisiaj &#8211; 7 czerwca 2025r.&nbsp; mieli\u015bmy wielki zaszczyt wyst\u0119powa\u0107 w w Zespole Edukacyjnym nr 6! &nbsp; By\u0142y wielkie emocje, ogromna energia i pasja ! &nbsp; &nbsp; &nbsp; &nbsp; &nbsp; &nbsp; &nbsp; &nbsp; By\u0142o nam niezmiernie mi\u0142o zaprezentowa\u0107 si\u0119 przed tak fantastyczn\u0105 publiczno\u015bci\u0105 !!! Serdecznie dzi\u0119kujemy ORGANIZATOROM za zaproszenie, a wszystkim WIDZOM za ciep\u0142e przyj\u0119cie i [&hellip;]<\/p>\n","protected":false},"author":2,"featured_media":5718,"parent":2609,"menu_order":0,"comment_status":"closed","ping_status":"closed","template":"","meta":{"ngg_post_thumbnail":0,"footnotes":""},"class_list":["post-5717","page","type-page","status-publish","has-post-thumbnail","hentry"],"yoast_head":"<!-- This site is optimized with the Yoast SEO plugin v19.8 - https:\/\/yoast.com\/wordpress\/plugins\/seo\/ -->\n<title>POKAZY W ZE nr 6 - Stowarzyszenie 4tutti<\/title>\n<meta name=\"robots\" content=\"index, follow, max-snippet:-1, max-image-preview:large, max-video-preview:-1\" \/>\n<link rel=\"canonical\" href=\"https:\/\/4tutti.pl\/?page_id=5717\" \/>\n<meta property=\"og:locale\" content=\"pl_PL\" \/>\n<meta property=\"og:type\" content=\"article\" \/>\n<meta property=\"og:title\" content=\"POKAZY W ZE nr 6 - Stowarzyszenie 4tutti\" \/>\n<meta property=\"og:description\" content=\"Dzisiaj &#8211; 7 czerwca 2025r.&nbsp; mieli\u015bmy wielki zaszczyt wyst\u0119powa\u0107 w w Zespole Edukacyjnym nr 6! &nbsp; By\u0142y wielkie emocje, ogromna energia i pasja ! &nbsp; &nbsp; &nbsp; &nbsp; &nbsp; &nbsp; &nbsp; &nbsp; By\u0142o nam niezmiernie mi\u0142o zaprezentowa\u0107 si\u0119 przed tak fantastyczn\u0105 publiczno\u015bci\u0105 !!! Serdecznie dzi\u0119kujemy ORGANIZATOROM za zaproszenie, a wszystkim WIDZOM za ciep\u0142e przyj\u0119cie i [&hellip;]\" \/>\n<meta property=\"og:url\" content=\"https:\/\/4tutti.pl\/?page_id=5717\" \/>\n<meta property=\"og:site_name\" content=\"Stowarzyszenie 4tutti\" \/>\n<meta property=\"og:image\" content=\"https:\/\/4tutti.pl\/wp-content\/uploads\/2025\/06\/504207352_1027395296146186_2092006117021601868_n-scaled.jpg\" \/>\n\t<meta property=\"og:image:width\" content=\"2560\" \/>\n\t<meta property=\"og:image:height\" content=\"1152\" \/>\n\t<meta property=\"og:image:type\" content=\"image\/jpeg\" \/>\n<meta name=\"twitter:card\" content=\"summary_large_image\" \/>\n<meta name=\"twitter:label1\" content=\"Szacowany czas czytania\" \/>\n\t<meta name=\"twitter:data1\" content=\"2 minuty\" \/>\n<script type=\"application\/ld+json\" class=\"yoast-schema-graph\">{\"@context\":\"https:\/\/schema.org\",\"@graph\":[{\"@type\":\"WebPage\",\"@id\":\"https:\/\/4tutti.pl\/?page_id=5717\",\"url\":\"https:\/\/4tutti.pl\/?page_id=5717\",\"name\":\"POKAZY W ZE nr 6 - Stowarzyszenie 4tutti\",\"isPartOf\":{\"@id\":\"https:\/\/4tutti.pl\/#website\"},\"datePublished\":\"2025-06-13T16:25:56+00:00\",\"dateModified\":\"2025-06-13T16:25:56+00:00\",\"breadcrumb\":{\"@id\":\"https:\/\/4tutti.pl\/?page_id=5717#breadcrumb\"},\"inLanguage\":\"pl-PL\",\"potentialAction\":[{\"@type\":\"ReadAction\",\"target\":[\"https:\/\/4tutti.pl\/?page_id=5717\"]}]},{\"@type\":\"BreadcrumbList\",\"@id\":\"https:\/\/4tutti.pl\/?page_id=5717#breadcrumb\",\"itemListElement\":[{\"@type\":\"ListItem\",\"position\":1,\"name\":\"Strona g\u0142\u00f3wna\",\"item\":\"https:\/\/4tutti.pl\/\"},{\"@type\":\"ListItem\",\"position\":2,\"name\":\"Aktualno\u015bci\",\"item\":\"https:\/\/4tutti.pl\/?page_id=525\"},{\"@type\":\"ListItem\",\"position\":3,\"name\":\"NOWO\u015aCI\",\"item\":\"https:\/\/4tutti.pl\/?page_id=2609\"},{\"@type\":\"ListItem\",\"position\":4,\"name\":\"POKAZY W ZE nr 6\"}]},{\"@type\":\"WebSite\",\"@id\":\"https:\/\/4tutti.pl\/#website\",\"url\":\"https:\/\/4tutti.pl\/\",\"name\":\"Stowarzyszenie 4tutti\",\"description\":\"P\u00f3\u0142kolonie, warsztaty dla dzieci\",\"potentialAction\":[{\"@type\":\"SearchAction\",\"target\":{\"@type\":\"EntryPoint\",\"urlTemplate\":\"https:\/\/4tutti.pl\/?s={search_term_string}\"},\"query-input\":\"required name=search_term_string\"}],\"inLanguage\":\"pl-PL\"}]}<\/script>\n<!-- \/ Yoast SEO plugin. -->","yoast_head_json":{"title":"POKAZY W ZE nr 6 - Stowarzyszenie 4tutti","robots":{"index":"index","follow":"follow","max-snippet":"max-snippet:-1","max-image-preview":"max-image-preview:large","max-video-preview":"max-video-preview:-1"},"canonical":"https:\/\/4tutti.pl\/?page_id=5717","og_locale":"pl_PL","og_type":"article","og_title":"POKAZY W ZE nr 6 - Stowarzyszenie 4tutti","og_description":"Dzisiaj &#8211; 7 czerwca 2025r.&nbsp; mieli\u015bmy wielki zaszczyt wyst\u0119powa\u0107 w w Zespole Edukacyjnym nr 6! &nbsp; By\u0142y wielkie emocje, ogromna energia i pasja ! &nbsp; &nbsp; &nbsp; &nbsp; &nbsp; &nbsp; &nbsp; &nbsp; By\u0142o nam niezmiernie mi\u0142o zaprezentowa\u0107 si\u0119 przed tak fantastyczn\u0105 publiczno\u015bci\u0105 !!! Serdecznie dzi\u0119kujemy ORGANIZATOROM za zaproszenie, a wszystkim WIDZOM za ciep\u0142e przyj\u0119cie i [&hellip;]","og_url":"https:\/\/4tutti.pl\/?page_id=5717","og_site_name":"Stowarzyszenie 4tutti","og_image":[{"width":2560,"height":1152,"url":"https:\/\/4tutti.pl\/wp-content\/uploads\/2025\/06\/504207352_1027395296146186_2092006117021601868_n-scaled.jpg","type":"image\/jpeg"}],"twitter_card":"summary_large_image","twitter_misc":{"Szacowany czas czytania":"2 minuty"},"schema":{"@context":"https:\/\/schema.org","@graph":[{"@type":"WebPage","@id":"https:\/\/4tutti.pl\/?page_id=5717","url":"https:\/\/4tutti.pl\/?page_id=5717","name":"POKAZY W ZE nr 6 - Stowarzyszenie 4tutti","isPartOf":{"@id":"https:\/\/4tutti.pl\/#website"},"datePublished":"2025-06-13T16:25:56+00:00","dateModified":"2025-06-13T16:25:56+00:00","breadcrumb":{"@id":"https:\/\/4tutti.pl\/?page_id=5717#breadcrumb"},"inLanguage":"pl-PL","potentialAction":[{"@type":"ReadAction","target":["https:\/\/4tutti.pl\/?page_id=5717"]}]},{"@type":"BreadcrumbList","@id":"https:\/\/4tutti.pl\/?page_id=5717#breadcrumb","itemListElement":[{"@type":"ListItem","position":1,"name":"Strona g\u0142\u00f3wna","item":"https:\/\/4tutti.pl\/"},{"@type":"ListItem","position":2,"name":"Aktualno\u015bci","item":"https:\/\/4tutti.pl\/?page_id=525"},{"@type":"ListItem","position":3,"name":"NOWO\u015aCI","item":"https:\/\/4tutti.pl\/?page_id=2609"},{"@type":"ListItem","position":4,"name":"POKAZY W ZE nr 6"}]},{"@type":"WebSite","@id":"https:\/\/4tutti.pl\/#website","url":"https:\/\/4tutti.pl\/","name":"Stowarzyszenie 4tutti","description":"P\u00f3\u0142kolonie, warsztaty dla dzieci","potentialAction":[{"@type":"SearchAction","target":{"@type":"EntryPoint","urlTemplate":"https:\/\/4tutti.pl\/?s={search_term_string}"},"query-input":"required name=search_term_string"}],"inLanguage":"pl-PL"}]}},"_links":{"self":[{"href":"https:\/\/4tutti.pl\/index.php?rest_route=\/wp\/v2\/pages\/5717","targetHints":{"allow":["GET"]}}],"collection":[{"href":"https:\/\/4tutti.pl\/index.php?rest_route=\/wp\/v2\/pages"}],"about":[{"href":"https:\/\/4tutti.pl\/index.php?rest_route=\/wp\/v2\/types\/page"}],"author":[{"embeddable":true,"href":"https:\/\/4tutti.pl\/index.php?rest_route=\/wp\/v2\/users\/2"}],"replies":[{"embeddable":true,"href":"https:\/\/4tutti.pl\/index.php?rest_route=%2Fwp%2Fv2%2Fcomments&post=5717"}],"version-history":[{"count":1,"href":"https:\/\/4tutti.pl\/index.php?rest_route=\/wp\/v2\/pages\/5717\/revisions"}],"predecessor-version":[{"id":5719,"href":"https:\/\/4tutti.pl\/index.php?rest_route=\/wp\/v2\/pages\/5717\/revisions\/5719"}],"up":[{"embeddable":true,"href":"https:\/\/4tutti.pl\/index.php?rest_route=\/wp\/v2\/pages\/2609"}],"wp:featuredmedia":[{"embeddable":true,"href":"https:\/\/4tutti.pl\/index.php?rest_route=\/wp\/v2\/media\/5718"}],"wp:attachment":[{"href":"https:\/\/4tutti.pl\/index.php?rest_route=%2Fwp%2Fv2%2Fmedia&parent=5717"}],"curies":[{"name":"wp","href":"https:\/\/api.w.org\/{rel}","templated":true}]}}