{"id":6132,"date":"2025-08-29T18:26:35","date_gmt":"2025-08-29T16:26:35","guid":{"rendered":"https:\/\/4tutti.pl\/?page_id=6132"},"modified":"2025-09-05T20:14:57","modified_gmt":"2025-09-05T18:14:57","slug":"2025-2026-zajecia","status":"publish","type":"page","link":"https:\/\/4tutti.pl\/?page_id=6132","title":{"rendered":"2025\/2026 ZAJ\u0118CIA"},"content":{"rendered":"<div class=\"x14z9mp xat24cr x1lziwak x1vvkbs xtlvy1s x126k92a\">\n<div dir=\"auto\">Do\u0142\u0105cz do naszej taneczno\u2013akrobatycznej rodziny i rozwijaj swoje umiej\u0119tno\u015bci w bezpiecznej, radosnej atmosferze! <span class=\"html-span xexx8yu xyri2b x18d9i69 x1c1uobl x1hl2dhg x16tdsg8 x1vvkbs x3nfvp2 x1j61x8r x1fcty0u xdj266r xat24cr xm2jcoa x1mpyi22 xxymvpz xlup9mm x1kky2od\"><img loading=\"lazy\" decoding=\"async\" class=\"xz74otr x15mokao x1ga7v0g x16uus16 xbiv7yw\" src=\"https:\/\/static.xx.fbcdn.net\/images\/emoji.php\/v9\/t24\/1\/16\/1f938_200d_2640.png\" alt=\"\ud83e\udd38\u200d\u2640\ufe0f\" width=\"16\" height=\"16\"><\/span><span class=\"html-span xexx8yu xyri2b x18d9i69 x1c1uobl x1hl2dhg x16tdsg8 x1vvkbs x3nfvp2 x1j61x8r x1fcty0u xdj266r xat24cr xm2jcoa x1mpyi22 xxymvpz xlup9mm x1kky2od\"><img loading=\"lazy\" decoding=\"async\" class=\"xz74otr x15mokao x1ga7v0g x16uus16 xbiv7yw\" src=\"https:\/\/static.xx.fbcdn.net\/images\/emoji.php\/v9\/tc7\/1\/16\/1f483.png\" alt=\"\ud83d\udc83\" width=\"16\" height=\"16\"><\/span><\/div>\n<\/div>\n<div dir=\"auto\">&nbsp;<\/div>\n<div dir=\"auto\">Regulamin zaj\u0119\u0107 &#8211;&gt;&nbsp; <a href=\"https:\/\/4tutti.pl\/wp-content\/uploads\/2025\/08\/Regulamin-zajec-sportowych-2025-2026.pdf\">Regulamin zaj\u0119\u0107 sportowych 2025-2026<\/a><\/div>\n<div class=\"x14z9mp xat24cr x1lziwak x1vvkbs xtlvy1s x126k92a\">\n<div dir=\"auto\">&nbsp;<\/div>\n<\/div>\n<div class=\"x14z9mp xat24cr x1lziwak x1vvkbs xtlvy1s x126k92a\">\n<div dir=\"auto\"><img loading=\"lazy\" decoding=\"async\" class=\"\" src=\"https:\/\/fonts.gstatic.com\/s\/e\/notoemoji\/16.0\/2728\/72.png\" alt=\"\u2728\" width=\"20\" height=\"20\"> &nbsp;<em><strong>ul. Objazdowa 7a<\/strong><\/em><\/div>\n<div dir=\"auto\">grafik&nbsp; zaj\u0119\u0107&nbsp; &#8211;&gt;&nbsp; <a href=\"https:\/\/4tutti.pl\/wp-content\/uploads\/2025\/08\/GRAFIK-ZAJEC.jpeg\">GRAFIK ZAJ\u0118\u0106<\/a><\/div>\n<div dir=\"auto\">&nbsp;<\/div>\n<div dir=\"auto\">\n<div><img loading=\"lazy\" decoding=\"async\" class=\"an1\" draggable=\"false\" src=\"https:\/\/fonts.gstatic.com\/s\/e\/notoemoji\/16.0\/2728\/72.png\" alt=\"\u2728\" width=\"20\" height=\"20\" data-emoji=\"\u2728\" aria-label=\"\u2728\">&nbsp; &nbsp;<em><strong>ZE nr 6 szko\u0142a ul. Przylep-8 Maja<\/strong><\/em><br \/>\n<img loading=\"lazy\" decoding=\"async\" class=\"an1\" draggable=\"false\" src=\"https:\/\/fonts.gstatic.com\/s\/e\/notoemoji\/16.0\/2705\/72.png\" alt=\"\u2705\" width=\"16\" height=\"16\" data-emoji=\"\u2705\" aria-label=\"\u2705\">&nbsp;Grupa naborowa &#8211; trener Jacek<br \/>\nwtorek i czwartek 15.30-16.30<br \/>\n<img loading=\"lazy\" decoding=\"async\" class=\"an1\" draggable=\"false\" src=\"https:\/\/fonts.gstatic.com\/s\/e\/notoemoji\/16.0\/2705\/72.png\" alt=\"\u2705\" width=\"16\" height=\"16\" data-emoji=\"\u2705\" aria-label=\"\u2705\">&nbsp;Pary &#8211; trener Jacek<br \/>\nwtorek i czwartek&nbsp; 16.30-17.30<br \/>\n<img loading=\"lazy\" decoding=\"async\" class=\"an1\" draggable=\"false\" src=\"https:\/\/fonts.gstatic.com\/s\/e\/notoemoji\/16.0\/2705\/72.png\" alt=\"\u2705\" width=\"15\" height=\"15\" data-emoji=\"\u2705\" aria-label=\"\u2705\">&nbsp;Formacje zawodowe &#8211; trener Jacek<br \/>\nczwartek 17.30-19.00<\/div>\n<div>&nbsp;<\/div>\n<div>\n<p><img loading=\"lazy\" decoding=\"async\" class=\"an1\" draggable=\"false\" src=\"https:\/\/fonts.gstatic.com\/s\/e\/notoemoji\/16.0\/2728\/72.png\" alt=\"\u2728\" width=\"20\" height=\"20\" data-emoji=\"\u2728\" aria-label=\"\u2728\">&nbsp; <em><strong>ZE nr 10 ul. Energetyk\u00f3w<br \/>\n<img loading=\"lazy\" decoding=\"async\" class=\"an1\" draggable=\"false\" src=\"https:\/\/fonts.gstatic.com\/s\/e\/notoemoji\/16.0\/2705\/72.png\" alt=\"\u2705\" width=\"16\" height=\"16\" data-emoji=\"\u2705\" aria-label=\"\u2705\"> <\/strong><\/em><span style=\"font-size: 14px;\">Grupa naborowa &#8211; trener Jacek<br \/>\n<img loading=\"lazy\" decoding=\"async\" class=\"an1\" draggable=\"false\" src=\"https:\/\/fonts.gstatic.com\/s\/e\/notoemoji\/16.0\/2705\/72.png\" alt=\"\u2705\" width=\"16\" height=\"16\" data-emoji=\"\u2705\" aria-label=\"\u2705\"> Grupa<\/span><span style=\"font-size: 14px;\"> festiwalowa &#8211; trener Nina<br \/>\n<img loading=\"lazy\" decoding=\"async\" class=\"an1\" draggable=\"false\" src=\"https:\/\/fonts.gstatic.com\/s\/e\/notoemoji\/16.0\/2705\/72.png\" alt=\"\u2705\" width=\"16\" height=\"16\" data-emoji=\"\u2705\" aria-label=\"\u2705\"> Grupa <\/span><span style=\"font-size: 14px;\">zawodowa &#8211; trener Lena&nbsp;<br \/>\n<\/span><span style=\"font-size: 14px;\">poniedzia\u0142ek i&nbsp; \u015broda 17.30-18.30&nbsp;<\/span><\/p>\n<\/div>\n<div>\n<p><img loading=\"lazy\" decoding=\"async\" class=\"an1\" draggable=\"false\" src=\"https:\/\/fonts.gstatic.com\/s\/e\/notoemoji\/16.0\/2728\/72.png\" alt=\"\u2728\" width=\"20\" height=\"20\" data-emoji=\"\u2728\" aria-label=\"\u2728\">&nbsp; <em><strong>Szko\u0142a na Czarkowie &#8211; Filia ZE nr 6&nbsp;<br \/>\n<img loading=\"lazy\" decoding=\"async\" class=\"an1\" draggable=\"false\" src=\"https:\/\/fonts.gstatic.com\/s\/e\/notoemoji\/16.0\/2705\/72.png\" alt=\"\u2705\" width=\"16\" height=\"16\" data-emoji=\"\u2705\" aria-label=\"\u2705\"> <\/strong><\/em><span style=\"font-size: 14px;\">Grupa naborowa &#8211; trener Jacek&nbsp;<br \/>\n<\/span><span style=\"font-size: 14px;\">poniedzia\u0142ek i \u015broda&nbsp; 15.30-16.30<\/span><\/p>\n<\/div>\n<div>\n<p><img loading=\"lazy\" decoding=\"async\" class=\"an1\" draggable=\"false\" src=\"https:\/\/fonts.gstatic.com\/s\/e\/notoemoji\/16.0\/2728\/72.png\" alt=\"\u2728\" width=\"20\" height=\"20\" data-emoji=\"\u2728\" aria-label=\"\u2728\">&nbsp; <em><strong>Ochla \u015bwietlica&nbsp;<br \/>\n<\/strong><\/em><img loading=\"lazy\" decoding=\"async\" class=\"an1\" draggable=\"false\" src=\"https:\/\/fonts.gstatic.com\/s\/e\/notoemoji\/16.0\/2705\/72.png\" alt=\"\u2705\" width=\"15\" height=\"15\" data-emoji=\"\u2705\" aria-label=\"\u2705\"> Grupa festiwalowa + nab\u00f3r &#8211; trener Adriana&nbsp;<br \/>\nponiedzia\u0142ek i \u015broda 16.30-17.30<\/p>\n<\/div>\n<div>\n<p><img loading=\"lazy\" decoding=\"async\" class=\"an1\" draggable=\"false\" src=\"https:\/\/fonts.gstatic.com\/s\/e\/notoemoji\/16.0\/2728\/72.png\" alt=\"\u2728\" width=\"20\" height=\"20\" data-emoji=\"\u2728\" aria-label=\"\u2728\">&nbsp; <em><strong>ZE nr 5 szko\u0142a Ochla&nbsp;<br \/>\n<\/strong><\/em><img loading=\"lazy\" decoding=\"async\" class=\"an1\" style=\"font-size: 14px;\" draggable=\"false\" src=\"https:\/\/fonts.gstatic.com\/s\/e\/notoemoji\/16.0\/2705\/72.png\" alt=\"\u2705\" width=\"15\" height=\"15\" data-emoji=\"\u2705\" aria-label=\"\u2705\"><span style=\"font-size: 14px;\"> Grupa zawodowa &#8211; trener Adriana&nbsp;<br \/>\n<\/span><span style=\"font-size: 14px;\">poniedzia\u0142ek&nbsp; i \u015broda 18.00-19.30<\/span><\/p>\n<\/div>\n<div dir=\"auto\"><img loading=\"lazy\" decoding=\"async\" class=\"an1\" draggable=\"false\" src=\"https:\/\/fonts.gstatic.com\/s\/e\/notoemoji\/16.0\/2728\/72.png\" alt=\"\u2728\" width=\"20\" height=\"20\" data-emoji=\"\u2728\" aria-label=\"\u2728\">&nbsp; <em><strong>Zesp\u00f3\u0142 Edukacyjny w Przyborowie<\/strong><\/em><\/div>\n<div dir=\"auto\">\n<div><img loading=\"lazy\" decoding=\"async\" class=\"an1\" draggable=\"false\" src=\"https:\/\/fonts.gstatic.com\/s\/e\/notoemoji\/16.0\/2705\/72.png\" alt=\"\u2705\" width=\"15\" height=\"15\" data-emoji=\"\u2705\" aria-label=\"\u2705\"> Grupa naborowa &#8211; trener Adriana<br \/>\nwtorek 15.30-16.30<br \/>\nczwartek 16: 50-17:50<br \/>\n<img loading=\"lazy\" decoding=\"async\" class=\"an1\" draggable=\"false\" src=\"https:\/\/fonts.gstatic.com\/s\/e\/notoemoji\/16.0\/2705\/72.png\" alt=\"\u2705\" width=\"15\" height=\"15\" data-emoji=\"\u2705\" aria-label=\"\u2705\">Grupa festiwalowa &#8211; trener Adriana<br \/>\nwtorek 16.30-17.30<br \/>\nczwartek 17.50-19.15<\/div>\n<\/div>\n<\/div>\n<\/div>\n","protected":false},"excerpt":{"rendered":"<p>Do\u0142\u0105cz do naszej taneczno\u2013akrobatycznej rodziny i rozwijaj swoje umiej\u0119tno\u015bci w bezpiecznej, radosnej atmosferze! &nbsp; Regulamin zaj\u0119\u0107 &#8211;&gt;&nbsp; Regulamin zaj\u0119\u0107 sportowych 2025-2026 &nbsp; &nbsp;ul. Objazdowa 7a grafik&nbsp; zaj\u0119\u0107&nbsp; &#8211;&gt;&nbsp; GRAFIK ZAJ\u0118\u0106 &nbsp; &nbsp; &nbsp;ZE nr 6 szko\u0142a ul. Przylep-8 Maja &nbsp;Grupa naborowa &#8211; trener Jacek wtorek i czwartek 15.30-16.30 &nbsp;Pary &#8211; trener Jacek wtorek i czwartek&nbsp; [&hellip;]<\/p>\n","protected":false},"author":2,"featured_media":6134,"parent":2546,"menu_order":0,"comment_status":"closed","ping_status":"closed","template":"","meta":{"ngg_post_thumbnail":0,"footnotes":""},"class_list":["post-6132","page","type-page","status-publish","has-post-thumbnail","hentry"],"yoast_head":"<!-- This site is optimized with the Yoast SEO plugin v19.8 - https:\/\/yoast.com\/wordpress\/plugins\/seo\/ -->\n<title>2025\/2026 ZAJ\u0118CIA - Stowarzyszenie 4tutti<\/title>\n<meta name=\"robots\" content=\"index, follow, max-snippet:-1, max-image-preview:large, max-video-preview:-1\" \/>\n<link rel=\"canonical\" href=\"https:\/\/4tutti.pl\/?page_id=6132\" \/>\n<meta property=\"og:locale\" content=\"pl_PL\" \/>\n<meta property=\"og:type\" content=\"article\" \/>\n<meta property=\"og:title\" content=\"2025\/2026 ZAJ\u0118CIA - Stowarzyszenie 4tutti\" \/>\n<meta property=\"og:description\" content=\"Do\u0142\u0105cz do naszej taneczno\u2013akrobatycznej rodziny i rozwijaj swoje umiej\u0119tno\u015bci w bezpiecznej, radosnej atmosferze! &nbsp; Regulamin zaj\u0119\u0107 &#8211;&gt;&nbsp; Regulamin zaj\u0119\u0107 sportowych 2025-2026 &nbsp; &nbsp;ul. Objazdowa 7a grafik&nbsp; zaj\u0119\u0107&nbsp; &#8211;&gt;&nbsp; GRAFIK ZAJ\u0118\u0106 &nbsp; &nbsp; &nbsp;ZE nr 6 szko\u0142a ul. Przylep-8 Maja &nbsp;Grupa naborowa &#8211; trener Jacek wtorek i czwartek 15.30-16.30 &nbsp;Pary &#8211; trener Jacek wtorek i czwartek&nbsp; [&hellip;]\" \/>\n<meta property=\"og:url\" content=\"https:\/\/4tutti.pl\/?page_id=6132\" \/>\n<meta property=\"og:site_name\" content=\"Stowarzyszenie 4tutti\" \/>\n<meta property=\"article:modified_time\" content=\"2025-09-05T18:14:57+00:00\" \/>\n<meta property=\"og:image\" content=\"https:\/\/4tutti.pl\/wp-content\/uploads\/2025\/08\/IMG_8078.jpeg\" \/>\n\t<meta property=\"og:image:width\" content=\"1280\" \/>\n\t<meta property=\"og:image:height\" content=\"905\" \/>\n\t<meta property=\"og:image:type\" content=\"image\/jpeg\" \/>\n<meta name=\"twitter:card\" content=\"summary_large_image\" \/>\n<meta name=\"twitter:label1\" content=\"Szacowany czas czytania\" \/>\n\t<meta name=\"twitter:data1\" content=\"5 minut\" \/>\n<script type=\"application\/ld+json\" class=\"yoast-schema-graph\">{\"@context\":\"https:\/\/schema.org\",\"@graph\":[{\"@type\":\"WebPage\",\"@id\":\"https:\/\/4tutti.pl\/?page_id=6132\",\"url\":\"https:\/\/4tutti.pl\/?page_id=6132\",\"name\":\"2025\/2026 ZAJ\u0118CIA - Stowarzyszenie 4tutti\",\"isPartOf\":{\"@id\":\"https:\/\/4tutti.pl\/#website\"},\"datePublished\":\"2025-08-29T16:26:35+00:00\",\"dateModified\":\"2025-09-05T18:14:57+00:00\",\"breadcrumb\":{\"@id\":\"https:\/\/4tutti.pl\/?page_id=6132#breadcrumb\"},\"inLanguage\":\"pl-PL\",\"potentialAction\":[{\"@type\":\"ReadAction\",\"target\":[\"https:\/\/4tutti.pl\/?page_id=6132\"]}]},{\"@type\":\"BreadcrumbList\",\"@id\":\"https:\/\/4tutti.pl\/?page_id=6132#breadcrumb\",\"itemListElement\":[{\"@type\":\"ListItem\",\"position\":1,\"name\":\"Strona g\u0142\u00f3wna\",\"item\":\"https:\/\/4tutti.pl\/\"},{\"@type\":\"ListItem\",\"position\":2,\"name\":\"Aktualno\u015bci\",\"item\":\"https:\/\/4tutti.pl\/?page_id=525\"},{\"@type\":\"ListItem\",\"position\":3,\"name\":\"ZAJ\u0118CIA\",\"item\":\"https:\/\/4tutti.pl\/?page_id=2546\"},{\"@type\":\"ListItem\",\"position\":4,\"name\":\"2025\/2026 ZAJ\u0118CIA\"}]},{\"@type\":\"WebSite\",\"@id\":\"https:\/\/4tutti.pl\/#website\",\"url\":\"https:\/\/4tutti.pl\/\",\"name\":\"Stowarzyszenie 4tutti\",\"description\":\"P\u00f3\u0142kolonie, warsztaty dla dzieci\",\"potentialAction\":[{\"@type\":\"SearchAction\",\"target\":{\"@type\":\"EntryPoint\",\"urlTemplate\":\"https:\/\/4tutti.pl\/?s={search_term_string}\"},\"query-input\":\"required name=search_term_string\"}],\"inLanguage\":\"pl-PL\"}]}<\/script>\n<!-- \/ Yoast SEO plugin. -->","yoast_head_json":{"title":"2025\/2026 ZAJ\u0118CIA - Stowarzyszenie 4tutti","robots":{"index":"index","follow":"follow","max-snippet":"max-snippet:-1","max-image-preview":"max-image-preview:large","max-video-preview":"max-video-preview:-1"},"canonical":"https:\/\/4tutti.pl\/?page_id=6132","og_locale":"pl_PL","og_type":"article","og_title":"2025\/2026 ZAJ\u0118CIA - Stowarzyszenie 4tutti","og_description":"Do\u0142\u0105cz do naszej taneczno\u2013akrobatycznej rodziny i rozwijaj swoje umiej\u0119tno\u015bci w bezpiecznej, radosnej atmosferze! &nbsp; Regulamin zaj\u0119\u0107 &#8211;&gt;&nbsp; Regulamin zaj\u0119\u0107 sportowych 2025-2026 &nbsp; &nbsp;ul. Objazdowa 7a grafik&nbsp; zaj\u0119\u0107&nbsp; &#8211;&gt;&nbsp; GRAFIK ZAJ\u0118\u0106 &nbsp; &nbsp; &nbsp;ZE nr 6 szko\u0142a ul. Przylep-8 Maja &nbsp;Grupa naborowa &#8211; trener Jacek wtorek i czwartek 15.30-16.30 &nbsp;Pary &#8211; trener Jacek wtorek i czwartek&nbsp; [&hellip;]","og_url":"https:\/\/4tutti.pl\/?page_id=6132","og_site_name":"Stowarzyszenie 4tutti","article_modified_time":"2025-09-05T18:14:57+00:00","og_image":[{"width":1280,"height":905,"url":"https:\/\/4tutti.pl\/wp-content\/uploads\/2025\/08\/IMG_8078.jpeg","type":"image\/jpeg"}],"twitter_card":"summary_large_image","twitter_misc":{"Szacowany czas czytania":"5 minut"},"schema":{"@context":"https:\/\/schema.org","@graph":[{"@type":"WebPage","@id":"https:\/\/4tutti.pl\/?page_id=6132","url":"https:\/\/4tutti.pl\/?page_id=6132","name":"2025\/2026 ZAJ\u0118CIA - Stowarzyszenie 4tutti","isPartOf":{"@id":"https:\/\/4tutti.pl\/#website"},"datePublished":"2025-08-29T16:26:35+00:00","dateModified":"2025-09-05T18:14:57+00:00","breadcrumb":{"@id":"https:\/\/4tutti.pl\/?page_id=6132#breadcrumb"},"inLanguage":"pl-PL","potentialAction":[{"@type":"ReadAction","target":["https:\/\/4tutti.pl\/?page_id=6132"]}]},{"@type":"BreadcrumbList","@id":"https:\/\/4tutti.pl\/?page_id=6132#breadcrumb","itemListElement":[{"@type":"ListItem","position":1,"name":"Strona g\u0142\u00f3wna","item":"https:\/\/4tutti.pl\/"},{"@type":"ListItem","position":2,"name":"Aktualno\u015bci","item":"https:\/\/4tutti.pl\/?page_id=525"},{"@type":"ListItem","position":3,"name":"ZAJ\u0118CIA","item":"https:\/\/4tutti.pl\/?page_id=2546"},{"@type":"ListItem","position":4,"name":"2025\/2026 ZAJ\u0118CIA"}]},{"@type":"WebSite","@id":"https:\/\/4tutti.pl\/#website","url":"https:\/\/4tutti.pl\/","name":"Stowarzyszenie 4tutti","description":"P\u00f3\u0142kolonie, warsztaty dla dzieci","potentialAction":[{"@type":"SearchAction","target":{"@type":"EntryPoint","urlTemplate":"https:\/\/4tutti.pl\/?s={search_term_string}"},"query-input":"required name=search_term_string"}],"inLanguage":"pl-PL"}]}},"_links":{"self":[{"href":"https:\/\/4tutti.pl\/index.php?rest_route=\/wp\/v2\/pages\/6132","targetHints":{"allow":["GET"]}}],"collection":[{"href":"https:\/\/4tutti.pl\/index.php?rest_route=\/wp\/v2\/pages"}],"about":[{"href":"https:\/\/4tutti.pl\/index.php?rest_route=\/wp\/v2\/types\/page"}],"author":[{"embeddable":true,"href":"https:\/\/4tutti.pl\/index.php?rest_route=\/wp\/v2\/users\/2"}],"replies":[{"embeddable":true,"href":"https:\/\/4tutti.pl\/index.php?rest_route=%2Fwp%2Fv2%2Fcomments&post=6132"}],"version-history":[{"count":4,"href":"https:\/\/4tutti.pl\/index.php?rest_route=\/wp\/v2\/pages\/6132\/revisions"}],"predecessor-version":[{"id":6147,"href":"https:\/\/4tutti.pl\/index.php?rest_route=\/wp\/v2\/pages\/6132\/revisions\/6147"}],"up":[{"embeddable":true,"href":"https:\/\/4tutti.pl\/index.php?rest_route=\/wp\/v2\/pages\/2546"}],"wp:featuredmedia":[{"embeddable":true,"href":"https:\/\/4tutti.pl\/index.php?rest_route=\/wp\/v2\/media\/6134"}],"wp:attachment":[{"href":"https:\/\/4tutti.pl\/index.php?rest_route=%2Fwp%2Fv2%2Fmedia&parent=6132"}],"curies":[{"name":"wp","href":"https:\/\/api.w.org\/{rel}","templated":true}]}}