{"id":6206,"date":"2025-09-24T07:26:36","date_gmt":"2025-09-24T05:26:36","guid":{"rendered":"https:\/\/4tutti.pl\/?page_id=6206"},"modified":"2025-09-24T07:34:06","modified_gmt":"2025-09-24T05:34:06","slug":"warsztaty-dyniowe","status":"publish","type":"page","link":"https:\/\/4tutti.pl\/?page_id=6206","title":{"rendered":"2025 Warsztaty DYNIOWE"},"content":{"rendered":"<p>Ju\u017c <strong>25 pa\u017adziernika<\/strong> zapraszamy wszystkie dzieci na halloweenowe spotkanie pe\u0142ne magii, kreatywno\u015bci i zabawy !<\/p>\n<p>W godzinach <em><strong>10:00 &#8211; 13:00<\/strong><\/em> widzimy si\u0119 przy <em><strong>ul. Objazdowej 7A.<\/strong><\/em><\/p>\n<p>B\u0119dziemy wycina\u0107&nbsp; straaaszne dynie &#8211; ka\u017cdy stworzy swojego \u015bwiec\u0105cego potworka!<\/p>\n<p>Nie zabraknie halloweenowej dyskoteki&nbsp; oraz&nbsp; &#8211; wytniemy, pomalujemy dekoracje .<\/p>\n<p>Cena 85 z\u0142.<\/p>\n<p>Ilo\u015b\u0107 miejsc ograniczona &#8211; decyduje kolejno\u015b\u0107 zg\u0142osze\u0144 pod tel. 516 334 426.<\/p>\n<p>ZAPRASZAMY, b\u0119dzie klimatycznie, troch\u0119 strasznie ale przede wszystkim WESO\u0141O \ud83d\ude42&nbsp;<\/p>\n<p><img loading=\"lazy\" decoding=\"async\" class=\"alignnone size-medium wp-image-6207\" src=\"https:\/\/4tutti.pl\/wp-content\/uploads\/2025\/09\/IMG_8409-212x300.jpeg\" alt=\"\" width=\"212\" height=\"300\" srcset=\"https:\/\/4tutti.pl\/wp-content\/uploads\/2025\/09\/IMG_8409-212x300.jpeg 212w, https:\/\/4tutti.pl\/wp-content\/uploads\/2025\/09\/IMG_8409-724x1024.jpeg 724w, https:\/\/4tutti.pl\/wp-content\/uploads\/2025\/09\/IMG_8409-768x1086.jpeg 768w, https:\/\/4tutti.pl\/wp-content\/uploads\/2025\/09\/IMG_8409.jpeg 905w\" sizes=\"auto, (max-width: 212px) 100vw, 212px\" \/><\/p>\n","protected":false},"excerpt":{"rendered":"<p>Ju\u017c 25 pa\u017adziernika zapraszamy wszystkie dzieci na halloweenowe spotkanie pe\u0142ne magii, kreatywno\u015bci i zabawy ! W godzinach 10:00 &#8211; 13:00 widzimy si\u0119 przy ul. Objazdowej 7A. B\u0119dziemy wycina\u0107&nbsp; straaaszne dynie &#8211; ka\u017cdy stworzy swojego \u015bwiec\u0105cego potworka! Nie zabraknie halloweenowej dyskoteki&nbsp; oraz&nbsp; &#8211; wytniemy, pomalujemy dekoracje . Cena 85 z\u0142. Ilo\u015b\u0107 miejsc ograniczona &#8211; decyduje kolejno\u015b\u0107 [&hellip;]<\/p>\n","protected":false},"author":2,"featured_media":6207,"parent":2548,"menu_order":0,"comment_status":"closed","ping_status":"closed","template":"","meta":{"ngg_post_thumbnail":0,"footnotes":""},"class_list":["post-6206","page","type-page","status-publish","has-post-thumbnail","hentry"],"yoast_head":"<!-- This site is optimized with the Yoast SEO plugin v19.8 - https:\/\/yoast.com\/wordpress\/plugins\/seo\/ -->\n<title>2025 Warsztaty DYNIOWE - Stowarzyszenie 4tutti<\/title>\n<meta name=\"robots\" content=\"index, follow, max-snippet:-1, max-image-preview:large, max-video-preview:-1\" \/>\n<link rel=\"canonical\" href=\"https:\/\/4tutti.pl\/?page_id=6206\" \/>\n<meta property=\"og:locale\" content=\"pl_PL\" \/>\n<meta property=\"og:type\" content=\"article\" \/>\n<meta property=\"og:title\" content=\"2025 Warsztaty DYNIOWE - Stowarzyszenie 4tutti\" \/>\n<meta property=\"og:description\" content=\"Ju\u017c 25 pa\u017adziernika zapraszamy wszystkie dzieci na halloweenowe spotkanie pe\u0142ne magii, kreatywno\u015bci i zabawy ! W godzinach 10:00 &#8211; 13:00 widzimy si\u0119 przy ul. Objazdowej 7A. B\u0119dziemy wycina\u0107&nbsp; straaaszne dynie &#8211; ka\u017cdy stworzy swojego \u015bwiec\u0105cego potworka! Nie zabraknie halloweenowej dyskoteki&nbsp; oraz&nbsp; &#8211; wytniemy, pomalujemy dekoracje . Cena 85 z\u0142. Ilo\u015b\u0107 miejsc ograniczona &#8211; decyduje kolejno\u015b\u0107 [&hellip;]\" \/>\n<meta property=\"og:url\" content=\"https:\/\/4tutti.pl\/?page_id=6206\" \/>\n<meta property=\"og:site_name\" content=\"Stowarzyszenie 4tutti\" \/>\n<meta property=\"article:modified_time\" content=\"2025-09-24T05:34:06+00:00\" \/>\n<meta property=\"og:image\" content=\"https:\/\/4tutti.pl\/wp-content\/uploads\/2025\/09\/IMG_8409.jpeg\" \/>\n\t<meta property=\"og:image:width\" content=\"905\" \/>\n\t<meta property=\"og:image:height\" content=\"1280\" \/>\n\t<meta property=\"og:image:type\" content=\"image\/jpeg\" \/>\n<meta name=\"twitter:card\" content=\"summary_large_image\" \/>\n<meta name=\"twitter:label1\" content=\"Szacowany czas czytania\" \/>\n\t<meta name=\"twitter:data1\" content=\"1 minuta\" \/>\n<script type=\"application\/ld+json\" class=\"yoast-schema-graph\">{\"@context\":\"https:\/\/schema.org\",\"@graph\":[{\"@type\":\"WebPage\",\"@id\":\"https:\/\/4tutti.pl\/?page_id=6206\",\"url\":\"https:\/\/4tutti.pl\/?page_id=6206\",\"name\":\"2025 Warsztaty DYNIOWE - Stowarzyszenie 4tutti\",\"isPartOf\":{\"@id\":\"https:\/\/4tutti.pl\/#website\"},\"datePublished\":\"2025-09-24T05:26:36+00:00\",\"dateModified\":\"2025-09-24T05:34:06+00:00\",\"breadcrumb\":{\"@id\":\"https:\/\/4tutti.pl\/?page_id=6206#breadcrumb\"},\"inLanguage\":\"pl-PL\",\"potentialAction\":[{\"@type\":\"ReadAction\",\"target\":[\"https:\/\/4tutti.pl\/?page_id=6206\"]}]},{\"@type\":\"BreadcrumbList\",\"@id\":\"https:\/\/4tutti.pl\/?page_id=6206#breadcrumb\",\"itemListElement\":[{\"@type\":\"ListItem\",\"position\":1,\"name\":\"Strona g\u0142\u00f3wna\",\"item\":\"https:\/\/4tutti.pl\/\"},{\"@type\":\"ListItem\",\"position\":2,\"name\":\"Aktualno\u015bci\",\"item\":\"https:\/\/4tutti.pl\/?page_id=525\"},{\"@type\":\"ListItem\",\"position\":3,\"name\":\"WARSZTATY\",\"item\":\"https:\/\/4tutti.pl\/?page_id=2548\"},{\"@type\":\"ListItem\",\"position\":4,\"name\":\"2025 Warsztaty DYNIOWE\"}]},{\"@type\":\"WebSite\",\"@id\":\"https:\/\/4tutti.pl\/#website\",\"url\":\"https:\/\/4tutti.pl\/\",\"name\":\"Stowarzyszenie 4tutti\",\"description\":\"P\u00f3\u0142kolonie, warsztaty dla dzieci\",\"potentialAction\":[{\"@type\":\"SearchAction\",\"target\":{\"@type\":\"EntryPoint\",\"urlTemplate\":\"https:\/\/4tutti.pl\/?s={search_term_string}\"},\"query-input\":\"required name=search_term_string\"}],\"inLanguage\":\"pl-PL\"}]}<\/script>\n<!-- \/ Yoast SEO plugin. -->","yoast_head_json":{"title":"2025 Warsztaty DYNIOWE - Stowarzyszenie 4tutti","robots":{"index":"index","follow":"follow","max-snippet":"max-snippet:-1","max-image-preview":"max-image-preview:large","max-video-preview":"max-video-preview:-1"},"canonical":"https:\/\/4tutti.pl\/?page_id=6206","og_locale":"pl_PL","og_type":"article","og_title":"2025 Warsztaty DYNIOWE - Stowarzyszenie 4tutti","og_description":"Ju\u017c 25 pa\u017adziernika zapraszamy wszystkie dzieci na halloweenowe spotkanie pe\u0142ne magii, kreatywno\u015bci i zabawy ! W godzinach 10:00 &#8211; 13:00 widzimy si\u0119 przy ul. Objazdowej 7A. B\u0119dziemy wycina\u0107&nbsp; straaaszne dynie &#8211; ka\u017cdy stworzy swojego \u015bwiec\u0105cego potworka! Nie zabraknie halloweenowej dyskoteki&nbsp; oraz&nbsp; &#8211; wytniemy, pomalujemy dekoracje . Cena 85 z\u0142. Ilo\u015b\u0107 miejsc ograniczona &#8211; decyduje kolejno\u015b\u0107 [&hellip;]","og_url":"https:\/\/4tutti.pl\/?page_id=6206","og_site_name":"Stowarzyszenie 4tutti","article_modified_time":"2025-09-24T05:34:06+00:00","og_image":[{"width":905,"height":1280,"url":"https:\/\/4tutti.pl\/wp-content\/uploads\/2025\/09\/IMG_8409.jpeg","type":"image\/jpeg"}],"twitter_card":"summary_large_image","twitter_misc":{"Szacowany czas czytania":"1 minuta"},"schema":{"@context":"https:\/\/schema.org","@graph":[{"@type":"WebPage","@id":"https:\/\/4tutti.pl\/?page_id=6206","url":"https:\/\/4tutti.pl\/?page_id=6206","name":"2025 Warsztaty DYNIOWE - Stowarzyszenie 4tutti","isPartOf":{"@id":"https:\/\/4tutti.pl\/#website"},"datePublished":"2025-09-24T05:26:36+00:00","dateModified":"2025-09-24T05:34:06+00:00","breadcrumb":{"@id":"https:\/\/4tutti.pl\/?page_id=6206#breadcrumb"},"inLanguage":"pl-PL","potentialAction":[{"@type":"ReadAction","target":["https:\/\/4tutti.pl\/?page_id=6206"]}]},{"@type":"BreadcrumbList","@id":"https:\/\/4tutti.pl\/?page_id=6206#breadcrumb","itemListElement":[{"@type":"ListItem","position":1,"name":"Strona g\u0142\u00f3wna","item":"https:\/\/4tutti.pl\/"},{"@type":"ListItem","position":2,"name":"Aktualno\u015bci","item":"https:\/\/4tutti.pl\/?page_id=525"},{"@type":"ListItem","position":3,"name":"WARSZTATY","item":"https:\/\/4tutti.pl\/?page_id=2548"},{"@type":"ListItem","position":4,"name":"2025 Warsztaty DYNIOWE"}]},{"@type":"WebSite","@id":"https:\/\/4tutti.pl\/#website","url":"https:\/\/4tutti.pl\/","name":"Stowarzyszenie 4tutti","description":"P\u00f3\u0142kolonie, warsztaty dla dzieci","potentialAction":[{"@type":"SearchAction","target":{"@type":"EntryPoint","urlTemplate":"https:\/\/4tutti.pl\/?s={search_term_string}"},"query-input":"required name=search_term_string"}],"inLanguage":"pl-PL"}]}},"_links":{"self":[{"href":"https:\/\/4tutti.pl\/index.php?rest_route=\/wp\/v2\/pages\/6206","targetHints":{"allow":["GET"]}}],"collection":[{"href":"https:\/\/4tutti.pl\/index.php?rest_route=\/wp\/v2\/pages"}],"about":[{"href":"https:\/\/4tutti.pl\/index.php?rest_route=\/wp\/v2\/types\/page"}],"author":[{"embeddable":true,"href":"https:\/\/4tutti.pl\/index.php?rest_route=\/wp\/v2\/users\/2"}],"replies":[{"embeddable":true,"href":"https:\/\/4tutti.pl\/index.php?rest_route=%2Fwp%2Fv2%2Fcomments&post=6206"}],"version-history":[{"count":3,"href":"https:\/\/4tutti.pl\/index.php?rest_route=\/wp\/v2\/pages\/6206\/revisions"}],"predecessor-version":[{"id":6210,"href":"https:\/\/4tutti.pl\/index.php?rest_route=\/wp\/v2\/pages\/6206\/revisions\/6210"}],"up":[{"embeddable":true,"href":"https:\/\/4tutti.pl\/index.php?rest_route=\/wp\/v2\/pages\/2548"}],"wp:featuredmedia":[{"embeddable":true,"href":"https:\/\/4tutti.pl\/index.php?rest_route=\/wp\/v2\/media\/6207"}],"wp:attachment":[{"href":"https:\/\/4tutti.pl\/index.php?rest_route=%2Fwp%2Fv2%2Fmedia&parent=6206"}],"curies":[{"name":"wp","href":"https:\/\/api.w.org\/{rel}","templated":true}]}}