{"id":6270,"date":"2026-01-07T15:10:57","date_gmt":"2026-01-07T14:10:57","guid":{"rendered":"https:\/\/4tutti.pl\/?page_id=6270"},"modified":"2026-01-18T21:51:00","modified_gmt":"2026-01-18T20:51:00","slug":"polkolonia-zima-2026","status":"publish","type":"page","link":"https:\/\/4tutti.pl\/?page_id=6270","title":{"rendered":"FERIE ZIMOWE 2026"},"content":{"rendered":"<p><strong>JESZCZE&nbsp; CHWILA&nbsp; i &#8230;&#8230;.&nbsp; WOLNE&nbsp; OD&nbsp; SZKO\u0141Y<\/strong><\/p>\n<p>W tym czasie zapraszamy wszystkie dzieci do NAS<\/p>\n<p>KIEDY&nbsp; -&gt;&nbsp; &nbsp;<em><strong>16-20 luty <\/strong><\/em><\/p>\n<p><em>GDZIE -&gt;<strong>&nbsp; ZE nr 6 w Przylepie<\/strong><\/em><\/p>\n<p>GODZINY&nbsp; -&gt;&nbsp; <em><strong>7.30 &#8211; 15.30<\/strong><\/em><\/p>\n<p>LICZBA MIEJSC&nbsp; -&gt;&nbsp; <em><strong>25<\/strong><\/em><\/p>\n<p>WIEK&nbsp; -&gt;&nbsp; <em><strong>7<\/strong><strong>-14 lat<\/strong><\/em><\/p>\n<p>CENA&nbsp; -&gt; <em><strong>730 z\u0142&nbsp; &#8211;&nbsp; <\/strong><\/em>w cenie dwudaniowy obiad<\/p>\n<p>ATRAKCJE, kt\u00f3re czekaj\u0105 na uczestnik\u00f3w to m.in.:&nbsp; &nbsp; <img loading=\"lazy\" decoding=\"async\" class=\"size-medium wp-image-6267 alignright\" src=\"https:\/\/4tutti.pl\/wp-content\/uploads\/2026\/01\/FERIE-2026-212x300.jpg\" alt=\"\" width=\"212\" height=\"300\" srcset=\"https:\/\/4tutti.pl\/wp-content\/uploads\/2026\/01\/FERIE-2026-212x300.jpg 212w, https:\/\/4tutti.pl\/wp-content\/uploads\/2026\/01\/FERIE-2026-724x1024.jpg 724w, https:\/\/4tutti.pl\/wp-content\/uploads\/2026\/01\/FERIE-2026-768x1086.jpg 768w, https:\/\/4tutti.pl\/wp-content\/uploads\/2026\/01\/FERIE-2026-1086x1536.jpg 1086w, https:\/\/4tutti.pl\/wp-content\/uploads\/2026\/01\/FERIE-2026-1448x2048.jpg 1448w, https:\/\/4tutti.pl\/wp-content\/uploads\/2026\/01\/FERIE-2026-scaled.jpg 1810w\" sizes=\"auto, (max-width: 212px) 100vw, 212px\" \/><\/p>\n<ul>\n<li>kino<\/li>\n<li>basen<\/li>\n<li>park trampolin<\/li>\n<li>kreatywne warsztaty<\/li>\n<li>GROT ARENA<\/li>\n<\/ul>\n<p>&nbsp;<\/p>\n<p>&nbsp;<\/p>\n<p>HARMONOGRAM&nbsp; &nbsp;&#8211;&gt;&nbsp; <a href=\"https:\/\/4tutti.pl\/wp-content\/uploads\/2026\/01\/Harmonogram-zajec-ferie-2026.pdf\">Harmonogram zaje\u0328c\u0301 ferie 2026<\/a><\/p>\n<p>Druki do pobrania:<\/p>\n<ul>\n<li><a href=\"https:\/\/4tutti.pl\/wp-content\/uploads\/2026\/01\/Zgloszenie-uczestnictwa-2026-1.pdf\">Zgloszenie-uczestnictwa-2026<\/a><\/li>\n<li><a href=\"https:\/\/4tutti.pl\/wp-content\/uploads\/2026\/01\/Zgoda-rodo-i-wizerunek-2026-1.pdf\">Zgoda-rodo-i-wizerunek 2026<\/a><\/li>\n<li><a href=\"https:\/\/4tutti.pl\/wp-content\/uploads\/2026\/01\/karta-kwalifikacyjna-uczestnika-2026-1.pdf\">karta kwalifikacyjna uczestnika 2026<\/a><\/li>\n<\/ul>\n","protected":false},"excerpt":{"rendered":"<p>JESZCZE&nbsp; CHWILA&nbsp; i &#8230;&#8230;.&nbsp; WOLNE&nbsp; OD&nbsp; SZKO\u0141Y W tym czasie zapraszamy wszystkie dzieci do NAS KIEDY&nbsp; -&gt;&nbsp; &nbsp;16-20 luty GDZIE -&gt;&nbsp; ZE nr 6 w Przylepie GODZINY&nbsp; -&gt;&nbsp; 7.30 &#8211; 15.30 LICZBA MIEJSC&nbsp; -&gt;&nbsp; 25 WIEK&nbsp; -&gt;&nbsp; 7-14 lat CENA&nbsp; -&gt; 730 z\u0142&nbsp; &#8211;&nbsp; w cenie dwudaniowy obiad ATRAKCJE, kt\u00f3re czekaj\u0105 na uczestnik\u00f3w to m.in.:&nbsp; [&hellip;]<\/p>\n","protected":false},"author":2,"featured_media":6267,"parent":2544,"menu_order":0,"comment_status":"closed","ping_status":"closed","template":"","meta":{"ngg_post_thumbnail":0,"footnotes":""},"class_list":["post-6270","page","type-page","status-publish","has-post-thumbnail","hentry"],"yoast_head":"<!-- This site is optimized with the Yoast SEO plugin v19.8 - https:\/\/yoast.com\/wordpress\/plugins\/seo\/ -->\n<title>FERIE ZIMOWE 2026 - Stowarzyszenie 4tutti<\/title>\n<meta name=\"robots\" content=\"index, follow, max-snippet:-1, max-image-preview:large, max-video-preview:-1\" \/>\n<link rel=\"canonical\" href=\"https:\/\/4tutti.pl\/?page_id=6270\" \/>\n<meta property=\"og:locale\" content=\"pl_PL\" \/>\n<meta property=\"og:type\" content=\"article\" \/>\n<meta property=\"og:title\" content=\"FERIE ZIMOWE 2026 - Stowarzyszenie 4tutti\" \/>\n<meta property=\"og:description\" content=\"JESZCZE&nbsp; CHWILA&nbsp; i &#8230;&#8230;.&nbsp; WOLNE&nbsp; OD&nbsp; SZKO\u0141Y W tym czasie zapraszamy wszystkie dzieci do NAS KIEDY&nbsp; -&gt;&nbsp; &nbsp;16-20 luty GDZIE -&gt;&nbsp; ZE nr 6 w Przylepie GODZINY&nbsp; -&gt;&nbsp; 7.30 &#8211; 15.30 LICZBA MIEJSC&nbsp; -&gt;&nbsp; 25 WIEK&nbsp; -&gt;&nbsp; 7-14 lat CENA&nbsp; -&gt; 730 z\u0142&nbsp; &#8211;&nbsp; w cenie dwudaniowy obiad ATRAKCJE, kt\u00f3re czekaj\u0105 na uczestnik\u00f3w to m.in.:&nbsp; [&hellip;]\" \/>\n<meta property=\"og:url\" content=\"https:\/\/4tutti.pl\/?page_id=6270\" \/>\n<meta property=\"og:site_name\" content=\"Stowarzyszenie 4tutti\" \/>\n<meta property=\"article:modified_time\" content=\"2026-01-18T20:51:00+00:00\" \/>\n<meta property=\"og:image\" content=\"https:\/\/4tutti.pl\/wp-content\/uploads\/2026\/01\/FERIE-2026-scaled.jpg\" \/>\n\t<meta property=\"og:image:width\" content=\"1810\" \/>\n\t<meta property=\"og:image:height\" content=\"2560\" \/>\n\t<meta property=\"og:image:type\" content=\"image\/jpeg\" \/>\n<meta name=\"twitter:card\" content=\"summary_large_image\" \/>\n<meta name=\"twitter:label1\" content=\"Szacowany czas czytania\" \/>\n\t<meta name=\"twitter:data1\" content=\"1 minuta\" \/>\n<script type=\"application\/ld+json\" class=\"yoast-schema-graph\">{\"@context\":\"https:\/\/schema.org\",\"@graph\":[{\"@type\":\"WebPage\",\"@id\":\"https:\/\/4tutti.pl\/?page_id=6270\",\"url\":\"https:\/\/4tutti.pl\/?page_id=6270\",\"name\":\"FERIE ZIMOWE 2026 - Stowarzyszenie 4tutti\",\"isPartOf\":{\"@id\":\"https:\/\/4tutti.pl\/#website\"},\"datePublished\":\"2026-01-07T14:10:57+00:00\",\"dateModified\":\"2026-01-18T20:51:00+00:00\",\"breadcrumb\":{\"@id\":\"https:\/\/4tutti.pl\/?page_id=6270#breadcrumb\"},\"inLanguage\":\"pl-PL\",\"potentialAction\":[{\"@type\":\"ReadAction\",\"target\":[\"https:\/\/4tutti.pl\/?page_id=6270\"]}]},{\"@type\":\"BreadcrumbList\",\"@id\":\"https:\/\/4tutti.pl\/?page_id=6270#breadcrumb\",\"itemListElement\":[{\"@type\":\"ListItem\",\"position\":1,\"name\":\"Strona g\u0142\u00f3wna\",\"item\":\"https:\/\/4tutti.pl\/\"},{\"@type\":\"ListItem\",\"position\":2,\"name\":\"Aktualno\u015bci\",\"item\":\"https:\/\/4tutti.pl\/?page_id=525\"},{\"@type\":\"ListItem\",\"position\":3,\"name\":\"OBOZY, P\u00d3\u0141KOLONIE\",\"item\":\"https:\/\/4tutti.pl\/?page_id=2544\"},{\"@type\":\"ListItem\",\"position\":4,\"name\":\"FERIE ZIMOWE 2026\"}]},{\"@type\":\"WebSite\",\"@id\":\"https:\/\/4tutti.pl\/#website\",\"url\":\"https:\/\/4tutti.pl\/\",\"name\":\"Stowarzyszenie 4tutti\",\"description\":\"P\u00f3\u0142kolonie, warsztaty dla dzieci\",\"potentialAction\":[{\"@type\":\"SearchAction\",\"target\":{\"@type\":\"EntryPoint\",\"urlTemplate\":\"https:\/\/4tutti.pl\/?s={search_term_string}\"},\"query-input\":\"required name=search_term_string\"}],\"inLanguage\":\"pl-PL\"}]}<\/script>\n<!-- \/ Yoast SEO plugin. -->","yoast_head_json":{"title":"FERIE ZIMOWE 2026 - Stowarzyszenie 4tutti","robots":{"index":"index","follow":"follow","max-snippet":"max-snippet:-1","max-image-preview":"max-image-preview:large","max-video-preview":"max-video-preview:-1"},"canonical":"https:\/\/4tutti.pl\/?page_id=6270","og_locale":"pl_PL","og_type":"article","og_title":"FERIE ZIMOWE 2026 - Stowarzyszenie 4tutti","og_description":"JESZCZE&nbsp; CHWILA&nbsp; i &#8230;&#8230;.&nbsp; WOLNE&nbsp; OD&nbsp; SZKO\u0141Y W tym czasie zapraszamy wszystkie dzieci do NAS KIEDY&nbsp; -&gt;&nbsp; &nbsp;16-20 luty GDZIE -&gt;&nbsp; ZE nr 6 w Przylepie GODZINY&nbsp; -&gt;&nbsp; 7.30 &#8211; 15.30 LICZBA MIEJSC&nbsp; -&gt;&nbsp; 25 WIEK&nbsp; -&gt;&nbsp; 7-14 lat CENA&nbsp; -&gt; 730 z\u0142&nbsp; &#8211;&nbsp; w cenie dwudaniowy obiad ATRAKCJE, kt\u00f3re czekaj\u0105 na uczestnik\u00f3w to m.in.:&nbsp; [&hellip;]","og_url":"https:\/\/4tutti.pl\/?page_id=6270","og_site_name":"Stowarzyszenie 4tutti","article_modified_time":"2026-01-18T20:51:00+00:00","og_image":[{"width":1810,"height":2560,"url":"https:\/\/4tutti.pl\/wp-content\/uploads\/2026\/01\/FERIE-2026-scaled.jpg","type":"image\/jpeg"}],"twitter_card":"summary_large_image","twitter_misc":{"Szacowany czas czytania":"1 minuta"},"schema":{"@context":"https:\/\/schema.org","@graph":[{"@type":"WebPage","@id":"https:\/\/4tutti.pl\/?page_id=6270","url":"https:\/\/4tutti.pl\/?page_id=6270","name":"FERIE ZIMOWE 2026 - Stowarzyszenie 4tutti","isPartOf":{"@id":"https:\/\/4tutti.pl\/#website"},"datePublished":"2026-01-07T14:10:57+00:00","dateModified":"2026-01-18T20:51:00+00:00","breadcrumb":{"@id":"https:\/\/4tutti.pl\/?page_id=6270#breadcrumb"},"inLanguage":"pl-PL","potentialAction":[{"@type":"ReadAction","target":["https:\/\/4tutti.pl\/?page_id=6270"]}]},{"@type":"BreadcrumbList","@id":"https:\/\/4tutti.pl\/?page_id=6270#breadcrumb","itemListElement":[{"@type":"ListItem","position":1,"name":"Strona g\u0142\u00f3wna","item":"https:\/\/4tutti.pl\/"},{"@type":"ListItem","position":2,"name":"Aktualno\u015bci","item":"https:\/\/4tutti.pl\/?page_id=525"},{"@type":"ListItem","position":3,"name":"OBOZY, P\u00d3\u0141KOLONIE","item":"https:\/\/4tutti.pl\/?page_id=2544"},{"@type":"ListItem","position":4,"name":"FERIE ZIMOWE 2026"}]},{"@type":"WebSite","@id":"https:\/\/4tutti.pl\/#website","url":"https:\/\/4tutti.pl\/","name":"Stowarzyszenie 4tutti","description":"P\u00f3\u0142kolonie, warsztaty dla dzieci","potentialAction":[{"@type":"SearchAction","target":{"@type":"EntryPoint","urlTemplate":"https:\/\/4tutti.pl\/?s={search_term_string}"},"query-input":"required name=search_term_string"}],"inLanguage":"pl-PL"}]}},"_links":{"self":[{"href":"https:\/\/4tutti.pl\/index.php?rest_route=\/wp\/v2\/pages\/6270","targetHints":{"allow":["GET"]}}],"collection":[{"href":"https:\/\/4tutti.pl\/index.php?rest_route=\/wp\/v2\/pages"}],"about":[{"href":"https:\/\/4tutti.pl\/index.php?rest_route=\/wp\/v2\/types\/page"}],"author":[{"embeddable":true,"href":"https:\/\/4tutti.pl\/index.php?rest_route=\/wp\/v2\/users\/2"}],"replies":[{"embeddable":true,"href":"https:\/\/4tutti.pl\/index.php?rest_route=%2Fwp%2Fv2%2Fcomments&post=6270"}],"version-history":[{"count":7,"href":"https:\/\/4tutti.pl\/index.php?rest_route=\/wp\/v2\/pages\/6270\/revisions"}],"predecessor-version":[{"id":6420,"href":"https:\/\/4tutti.pl\/index.php?rest_route=\/wp\/v2\/pages\/6270\/revisions\/6420"}],"up":[{"embeddable":true,"href":"https:\/\/4tutti.pl\/index.php?rest_route=\/wp\/v2\/pages\/2544"}],"wp:featuredmedia":[{"embeddable":true,"href":"https:\/\/4tutti.pl\/index.php?rest_route=\/wp\/v2\/media\/6267"}],"wp:attachment":[{"href":"https:\/\/4tutti.pl\/index.php?rest_route=%2Fwp%2Fv2%2Fmedia&parent=6270"}],"curies":[{"name":"wp","href":"https:\/\/api.w.org\/{rel}","templated":true}]}}

<p><strong>JESZCZE&nbsp; CHWILA&nbsp; i &#8230;&#8230;.&nbsp; WOLNE&nbsp; OD&nbsp; SZKOŁY</strong></p>
<p>W tym czasie zapraszamy wszystkie dzieci do NAS</p>
<p>KIEDY&nbsp; -&gt;&nbsp; &nbsp;<em><strong>16-20 luty </strong></em></p>
<p><em>GDZIE -&gt;<strong>&nbsp; ZE nr 6 w Przylepie</strong></em></p>
<p>GODZINY&nbsp; -&gt;&nbsp; <em><strong>7.30 &#8211; 15.30</strong></em></p>
<p>LICZBA MIEJSC&nbsp; -&gt;&nbsp; <em><strong>25</strong></em></p>
<p>WIEK&nbsp; -&gt;&nbsp; <em><strong>7</strong><strong>-14 lat</strong></em></p>
<p>CENA&nbsp; -&gt; <em><strong>730 zł&nbsp; &#8211;&nbsp; </strong></em>w cenie dwudaniowy obiad</p>
<p>ATRAKCJE, które czekają na uczestników to m.in.:&nbsp; &nbsp; <img loading="lazy" decoding="async" class="size-medium wp-image-6267 alignright" src="https://4tutti.pl/wp-content/uploads/2026/01/FERIE-2026-212x300.jpg" alt="" width="212" height="300" srcset="https://4tutti.pl/wp-content/uploads/2026/01/FERIE-2026-212x300.jpg 212w, https://4tutti.pl/wp-content/uploads/2026/01/FERIE-2026-724x1024.jpg 724w, https://4tutti.pl/wp-content/uploads/2026/01/FERIE-2026-768x1086.jpg 768w, https://4tutti.pl/wp-content/uploads/2026/01/FERIE-2026-1086x1536.jpg 1086w, https://4tutti.pl/wp-content/uploads/2026/01/FERIE-2026-1448x2048.jpg 1448w, https://4tutti.pl/wp-content/uploads/2026/01/FERIE-2026-scaled.jpg 1810w" sizes="auto, (max-width: 212px) 100vw, 212px" /></p>
<ul>
<li>kino</li>
<li>basen</li>
<li>park trampolin</li>
<li>kreatywne warsztaty</li>
<li>GROT ARENA</li>
</ul>
<p>&nbsp;</p>
<p>&nbsp;</p>
<p>HARMONOGRAM&nbsp; &nbsp;&#8211;&gt;&nbsp; <a href="https://4tutti.pl/wp-content/uploads/2026/01/Harmonogram-zajec-ferie-2026.pdf">Harmonogram zajęć ferie 2026</a></p>
<p>Druki do pobrania:</p>
<ul>
<li><a href="https://4tutti.pl/wp-content/uploads/2026/01/Zgloszenie-uczestnictwa-2026-1.pdf">Zgloszenie-uczestnictwa-2026</a></li>
<li><a href="https://4tutti.pl/wp-content/uploads/2026/01/Zgoda-rodo-i-wizerunek-2026-1.pdf">Zgoda-rodo-i-wizerunek 2026</a></li>
<li><a href="https://4tutti.pl/wp-content/uploads/2026/01/karta-kwalifikacyjna-uczestnika-2026-1.pdf">karta kwalifikacyjna uczestnika 2026</a></li>
</ul>

<p>JESZCZE&nbsp; CHWILA&nbsp; i &#8230;&#8230;.&nbsp; WOLNE&nbsp; OD&nbsp; SZKOŁY W tym czasie zapraszamy wszystkie dzieci do NAS KIEDY&nbsp; -&gt;&nbsp; &nbsp;16-20 luty GDZIE -&gt;&nbsp; ZE nr 6 w Przylepie GODZINY&nbsp; -&gt;&nbsp; 7.30 &#8211; 15.30 LICZBA MIEJSC&nbsp; -&gt;&nbsp; 25 WIEK&nbsp; -&gt;&nbsp; 7-14 lat CENA&nbsp; -&gt; 730 zł&nbsp; &#8211;&nbsp; w cenie dwudaniowy obiad ATRAKCJE, które czekają na uczestników to m.in.:&nbsp; [&hellip;]</p>

<!-- This site is optimized with the Yoast SEO plugin v19.8 - https://yoast.com/wordpress/plugins/seo/ -->
<title>FERIE ZIMOWE 2026 - Stowarzyszenie 4tutti</title>
<meta name="robots" content="index, follow, max-snippet:-1, max-image-preview:large, max-video-preview:-1" />
<link rel="canonical" href="https://4tutti.pl/?page_id=6270" />
<meta property="og:locale" content="pl_PL" />
<meta property="og:type" content="article" />
<meta property="og:title" content="FERIE ZIMOWE 2026 - Stowarzyszenie 4tutti" />
<meta property="og:description" content="JESZCZE&nbsp; CHWILA&nbsp; i &#8230;&#8230;.&nbsp; WOLNE&nbsp; OD&nbsp; SZKOŁY W tym czasie zapraszamy wszystkie dzieci do NAS KIEDY&nbsp; -&gt;&nbsp; &nbsp;16-20 luty GDZIE -&gt;&nbsp; ZE nr 6 w Przylepie GODZINY&nbsp; -&gt;&nbsp; 7.30 &#8211; 15.30 LICZBA MIEJSC&nbsp; -&gt;&nbsp; 25 WIEK&nbsp; -&gt;&nbsp; 7-14 lat CENA&nbsp; -&gt; 730 zł&nbsp; &#8211;&nbsp; w cenie dwudaniowy obiad ATRAKCJE, które czekają na uczestników to m.in.:&nbsp; [&hellip;]" />
<meta property="og:url" content="https://4tutti.pl/?page_id=6270" />
<meta property="og:site_name" content="Stowarzyszenie 4tutti" />
<meta property="article:modified_time" content="2026-01-18T20:51:00+00:00" />
<meta property="og:image" content="https://4tutti.pl/wp-content/uploads/2026/01/FERIE-2026-scaled.jpg" />
	<meta property="og:image:width" content="1810" />
	<meta property="og:image:height" content="2560" />
	<meta property="og:image:type" content="image/jpeg" />
<meta name="twitter:card" content="summary_large_image" />
<meta name="twitter:label1" content="Szacowany czas czytania" />
	<meta name="twitter:data1" content="1 minuta" />
<script type="application/ld+json" class="yoast-schema-graph">{"@context":"https://schema.org","@graph":[{"@type":"WebPage","@id":"https://4tutti.pl/?page_id=6270","url":"https://4tutti.pl/?page_id=6270","name":"FERIE ZIMOWE 2026 - Stowarzyszenie 4tutti","isPartOf":{"@id":"https://4tutti.pl/#website"},"datePublished":"2026-01-07T14:10:57+00:00","dateModified":"2026-01-18T20:51:00+00:00","breadcrumb":{"@id":"https://4tutti.pl/?page_id=6270#breadcrumb"},"inLanguage":"pl-PL","potentialAction":[{"@type":"ReadAction","target":["https://4tutti.pl/?page_id=6270"]}]},{"@type":"BreadcrumbList","@id":"https://4tutti.pl/?page_id=6270#breadcrumb","itemListElement":[{"@type":"ListItem","position":1,"name":"Strona główna","item":"https://4tutti.pl/"},{"@type":"ListItem","position":2,"name":"Aktualności","item":"https://4tutti.pl/?page_id=525"},{"@type":"ListItem","position":3,"name":"OBOZY, PÓŁKOLONIE","item":"https://4tutti.pl/?page_id=2544"},{"@type":"ListItem","position":4,"name":"FERIE ZIMOWE 2026"}]},{"@type":"WebSite","@id":"https://4tutti.pl/#website","url":"https://4tutti.pl/","name":"Stowarzyszenie 4tutti","description":"Półkolonie, warsztaty dla dzieci","potentialAction":[{"@type":"SearchAction","target":{"@type":"EntryPoint","urlTemplate":"https://4tutti.pl/?s={search_term_string}"},"query-input":"required name=search_term_string"}],"inLanguage":"pl-PL"}]}</script>
<!-- / Yoast SEO plugin. -->

JESZCZE&nbsp; CHWILA&nbsp; i &#8230;&#8230;.&nbsp; WOLNE&nbsp; OD&nbsp; SZKOŁY W tym czasie zapraszamy wszystkie dzieci do NAS KIEDY&nbsp; -&gt;&nbsp; &nbsp;16-20 luty GDZIE -&gt;&nbsp; ZE nr 6 w Przylepie GODZINY&nbsp; -&gt;&nbsp; 7.30 &#8211; 15.30 LICZBA MIEJSC&nbsp; -&gt;&nbsp; 25 WIEK&nbsp; -&gt;&nbsp; 7-14 lat CENA&nbsp; -&gt; 730 zł&nbsp; &#8211;&nbsp; w cenie dwudaniowy obiad ATRAKCJE, które czekają na uczestników to m.in.:&nbsp; [&hellip;]

Strona główna

Aktualności

OBOZY, PÓŁKOLONIE

Półkolonie, warsztaty dla dzieci
