{"id":6444,"date":"2026-02-05T15:42:49","date_gmt":"2026-02-05T14:42:49","guid":{"rendered":"https:\/\/4tutti.pl\/?page_id=6444"},"modified":"2026-03-09T11:47:00","modified_gmt":"2026-03-09T10:47:00","slug":"letni-camp-2026","status":"publish","type":"page","link":"https:\/\/4tutti.pl\/?page_id=6444","title":{"rendered":"OB\u00d3Z &#8211; LETNI CAMP 2026"},"content":{"rendered":"<div>Ju\u017c teraz zapraszamy wszystkie ch\u0119tne dzieci w wieku 7-18 lat na rekreacyjno-sportowy ob\u00f3z!<\/div>\n<div>Jedziemy nad morze do \u2026&nbsp;&nbsp;&nbsp; JAROS\u0141AWCA !!!<\/div>\n<div>Nocujemy w OWK MARYSIENKA \u2013 ul. Ba\u0142tycka 1, Jaros\u0142awiec<\/div>\n<div><strong>Termin 09-17.08.2026 \u2013 to a\u017c 9 dni.<\/strong>&nbsp;<\/div>\n<div>&nbsp;<\/div>\n<div>Zapewniamy plac zabaw, boiska oraz sal\u0119 na kt\u00f3rej b\u0119dziemy prowadzi\u0107 nasze zaj\u0119cia.<\/div>\n<div>Gwarantujemy:<\/div>\n<div>\u2013 pyszne i zdrowe jedzenie, <img loading=\"lazy\" decoding=\"async\" class=\"size-medium wp-image-6448 alignright\" src=\"https:\/\/4tutti.pl\/wp-content\/uploads\/2026\/02\/oboz-jaroslawiec-2026-212x300.jpg\" alt=\"\" width=\"212\" height=\"300\" srcset=\"https:\/\/4tutti.pl\/wp-content\/uploads\/2026\/02\/oboz-jaroslawiec-2026-212x300.jpg 212w, https:\/\/4tutti.pl\/wp-content\/uploads\/2026\/02\/oboz-jaroslawiec-2026-724x1024.jpg 724w, https:\/\/4tutti.pl\/wp-content\/uploads\/2026\/02\/oboz-jaroslawiec-2026-768x1086.jpg 768w, https:\/\/4tutti.pl\/wp-content\/uploads\/2026\/02\/oboz-jaroslawiec-2026-1086x1536.jpg 1086w, https:\/\/4tutti.pl\/wp-content\/uploads\/2026\/02\/oboz-jaroslawiec-2026-1448x2048.jpg 1448w, https:\/\/4tutti.pl\/wp-content\/uploads\/2026\/02\/oboz-jaroslawiec-2026-scaled.jpg 1810w\" sizes=\"auto, (max-width: 212px) 100vw, 212px\" \/><\/div>\n<div>\u2013 nocne podchody,<\/div>\n<div>\u2013 teleturniejowe wyzwania,<\/div>\n<div>\u2013 mistrzostwa w budowaniu z piasku,<\/div>\n<div>\u2013 koszulka obozowa,<\/div>\n<div>\u2013 magiczny wiecz\u00f3r,<\/div>\n<div>\u2013 festiwal kolor\u00f3w o zachodzie s\u0142o\u0144ca na pla\u017cy,<\/div>\n<div>\u2013 k\u0105piele w morzu,<\/div>\n<div>\u2013 plener party,<\/div>\n<div>\u2013 pi\u017camowy pokaz mody,<\/div>\n<div>\u2013 transport,<\/div>\n<div>\u2013 opiek\u0119 medyczn\u0105,<\/div>\n<div>\u2013 noclegi w 3,4,5,6 \u2013 osobowych pokojach z pe\u0142nym w\u0119z\u0142em sanitarnym.<\/div>\n<div>&nbsp;<\/div>\n<div>Nasza wykwalifikowana kadra to kreatywni i mili opiekunowie.&nbsp;<\/div>\n<div>&nbsp;<\/div>\n<div><strong>Cena:<\/strong>&nbsp; &nbsp;<strong>2 590 z\u0142 \u2013 zg\u0142oszenia do 15.03.2026<\/strong><\/div>\n<div><strong>&nbsp; &nbsp; &nbsp; &nbsp; &nbsp; &nbsp; &nbsp; 2 690 z\u0142 \u2013 po 15.03.2026<\/strong><\/div>\n<div><strong><em>Zaliczka w wysoko\u015bci 900 z\u0142 p\u0142atna w ci\u0105gu 7 dni od kwalifikacji uczestnika.<\/em><\/strong><\/div>\n<div>&nbsp;<\/div>\n<div>Ilo\u015b\u0107 miejsc ograniczona. Decyduje kolejno\u015b\u0107 zg\u0142osze\u0144.<\/div>\n<div>&nbsp;<\/div>\n<div>Dokumenty do pobrania:<\/div>\n<ul>\n<li><a href=\"https:\/\/4tutti.pl\/wp-content\/uploads\/2026\/02\/Zgloszenie-uczestnictwa-2026.pdf\">Zgloszenie-uczestnictwa-2026<\/a><\/li>\n<li><a href=\"https:\/\/4tutti.pl\/wp-content\/uploads\/2026\/02\/Zgoda-rodo-i-wizerunek.pdf\">Zgoda-rodo-i-wizerunek<\/a><\/li>\n<li><a href=\"https:\/\/4tutti.pl\/wp-content\/uploads\/2026\/02\/Karta-kwalifikacyjna-uczestnika-2026.pdf\">Karta-kwalifikacyjna-uczestnika 2026<\/a><\/li>\n<li><a href=\"https:\/\/4tutti.pl\/wp-content\/uploads\/2026\/03\/umowa-oboz-letni-2026.pdf\">umowa oboz letni 2026<\/a><\/li>\n<\/ul>\n","protected":false},"excerpt":{"rendered":"<p>Ju\u017c teraz zapraszamy wszystkie ch\u0119tne dzieci w wieku 7-18 lat na rekreacyjno-sportowy ob\u00f3z! Jedziemy nad morze do \u2026&nbsp;&nbsp;&nbsp; JAROS\u0141AWCA !!! Nocujemy w OWK MARYSIENKA \u2013 ul. Ba\u0142tycka 1, Jaros\u0142awiec Termin 09-17.08.2026 \u2013 to a\u017c 9 dni.&nbsp; &nbsp; Zapewniamy plac zabaw, boiska oraz sal\u0119 na kt\u00f3rej b\u0119dziemy prowadzi\u0107 nasze zaj\u0119cia. Gwarantujemy: \u2013 pyszne i zdrowe jedzenie, [&hellip;]<\/p>\n","protected":false},"author":2,"featured_media":6448,"parent":2544,"menu_order":0,"comment_status":"closed","ping_status":"closed","template":"","meta":{"ngg_post_thumbnail":0,"footnotes":""},"class_list":["post-6444","page","type-page","status-publish","has-post-thumbnail","hentry"],"yoast_head":"<!-- This site is optimized with the Yoast SEO plugin v19.8 - https:\/\/yoast.com\/wordpress\/plugins\/seo\/ -->\n<title>OB\u00d3Z &#8211; LETNI CAMP 2026 - Stowarzyszenie 4tutti<\/title>\n<meta name=\"robots\" content=\"index, follow, max-snippet:-1, max-image-preview:large, max-video-preview:-1\" \/>\n<link rel=\"canonical\" href=\"https:\/\/4tutti.pl\/?page_id=6444\" \/>\n<meta property=\"og:locale\" content=\"pl_PL\" \/>\n<meta property=\"og:type\" content=\"article\" \/>\n<meta property=\"og:title\" content=\"OB\u00d3Z &#8211; LETNI CAMP 2026 - Stowarzyszenie 4tutti\" \/>\n<meta property=\"og:description\" content=\"Ju\u017c teraz zapraszamy wszystkie ch\u0119tne dzieci w wieku 7-18 lat na rekreacyjno-sportowy ob\u00f3z! Jedziemy nad morze do \u2026&nbsp;&nbsp;&nbsp; JAROS\u0141AWCA !!! Nocujemy w OWK MARYSIENKA \u2013 ul. Ba\u0142tycka 1, Jaros\u0142awiec Termin 09-17.08.2026 \u2013 to a\u017c 9 dni.&nbsp; &nbsp; Zapewniamy plac zabaw, boiska oraz sal\u0119 na kt\u00f3rej b\u0119dziemy prowadzi\u0107 nasze zaj\u0119cia. Gwarantujemy: \u2013 pyszne i zdrowe jedzenie, [&hellip;]\" \/>\n<meta property=\"og:url\" content=\"https:\/\/4tutti.pl\/?page_id=6444\" \/>\n<meta property=\"og:site_name\" content=\"Stowarzyszenie 4tutti\" \/>\n<meta property=\"article:modified_time\" content=\"2026-03-09T10:47:00+00:00\" \/>\n<meta property=\"og:image\" content=\"https:\/\/4tutti.pl\/wp-content\/uploads\/2026\/02\/oboz-jaroslawiec-2026-scaled.jpg\" \/>\n\t<meta property=\"og:image:width\" content=\"1810\" \/>\n\t<meta property=\"og:image:height\" content=\"2560\" \/>\n\t<meta property=\"og:image:type\" content=\"image\/jpeg\" \/>\n<meta name=\"twitter:card\" content=\"summary_large_image\" \/>\n<meta name=\"twitter:label1\" content=\"Szacowany czas czytania\" \/>\n\t<meta name=\"twitter:data1\" content=\"2 minuty\" \/>\n<script type=\"application\/ld+json\" class=\"yoast-schema-graph\">{\"@context\":\"https:\/\/schema.org\",\"@graph\":[{\"@type\":\"WebPage\",\"@id\":\"https:\/\/4tutti.pl\/?page_id=6444\",\"url\":\"https:\/\/4tutti.pl\/?page_id=6444\",\"name\":\"OB\u00d3Z &#8211; LETNI CAMP 2026 - Stowarzyszenie 4tutti\",\"isPartOf\":{\"@id\":\"https:\/\/4tutti.pl\/#website\"},\"datePublished\":\"2026-02-05T14:42:49+00:00\",\"dateModified\":\"2026-03-09T10:47:00+00:00\",\"breadcrumb\":{\"@id\":\"https:\/\/4tutti.pl\/?page_id=6444#breadcrumb\"},\"inLanguage\":\"pl-PL\",\"potentialAction\":[{\"@type\":\"ReadAction\",\"target\":[\"https:\/\/4tutti.pl\/?page_id=6444\"]}]},{\"@type\":\"BreadcrumbList\",\"@id\":\"https:\/\/4tutti.pl\/?page_id=6444#breadcrumb\",\"itemListElement\":[{\"@type\":\"ListItem\",\"position\":1,\"name\":\"Strona g\u0142\u00f3wna\",\"item\":\"https:\/\/4tutti.pl\/\"},{\"@type\":\"ListItem\",\"position\":2,\"name\":\"Aktualno\u015bci\",\"item\":\"https:\/\/4tutti.pl\/?page_id=525\"},{\"@type\":\"ListItem\",\"position\":3,\"name\":\"OBOZY, P\u00d3\u0141KOLONIE\",\"item\":\"https:\/\/4tutti.pl\/?page_id=2544\"},{\"@type\":\"ListItem\",\"position\":4,\"name\":\"OB\u00d3Z &#8211; LETNI CAMP 2026\"}]},{\"@type\":\"WebSite\",\"@id\":\"https:\/\/4tutti.pl\/#website\",\"url\":\"https:\/\/4tutti.pl\/\",\"name\":\"Stowarzyszenie 4tutti\",\"description\":\"P\u00f3\u0142kolonie, warsztaty dla dzieci\",\"potentialAction\":[{\"@type\":\"SearchAction\",\"target\":{\"@type\":\"EntryPoint\",\"urlTemplate\":\"https:\/\/4tutti.pl\/?s={search_term_string}\"},\"query-input\":\"required name=search_term_string\"}],\"inLanguage\":\"pl-PL\"}]}<\/script>\n<!-- \/ Yoast SEO plugin. -->","yoast_head_json":{"title":"OB\u00d3Z &#8211; LETNI CAMP 2026 - Stowarzyszenie 4tutti","robots":{"index":"index","follow":"follow","max-snippet":"max-snippet:-1","max-image-preview":"max-image-preview:large","max-video-preview":"max-video-preview:-1"},"canonical":"https:\/\/4tutti.pl\/?page_id=6444","og_locale":"pl_PL","og_type":"article","og_title":"OB\u00d3Z &#8211; LETNI CAMP 2026 - Stowarzyszenie 4tutti","og_description":"Ju\u017c teraz zapraszamy wszystkie ch\u0119tne dzieci w wieku 7-18 lat na rekreacyjno-sportowy ob\u00f3z! Jedziemy nad morze do \u2026&nbsp;&nbsp;&nbsp; JAROS\u0141AWCA !!! Nocujemy w OWK MARYSIENKA \u2013 ul. Ba\u0142tycka 1, Jaros\u0142awiec Termin 09-17.08.2026 \u2013 to a\u017c 9 dni.&nbsp; &nbsp; Zapewniamy plac zabaw, boiska oraz sal\u0119 na kt\u00f3rej b\u0119dziemy prowadzi\u0107 nasze zaj\u0119cia. Gwarantujemy: \u2013 pyszne i zdrowe jedzenie, [&hellip;]","og_url":"https:\/\/4tutti.pl\/?page_id=6444","og_site_name":"Stowarzyszenie 4tutti","article_modified_time":"2026-03-09T10:47:00+00:00","og_image":[{"width":1810,"height":2560,"url":"https:\/\/4tutti.pl\/wp-content\/uploads\/2026\/02\/oboz-jaroslawiec-2026-scaled.jpg","type":"image\/jpeg"}],"twitter_card":"summary_large_image","twitter_misc":{"Szacowany czas czytania":"2 minuty"},"schema":{"@context":"https:\/\/schema.org","@graph":[{"@type":"WebPage","@id":"https:\/\/4tutti.pl\/?page_id=6444","url":"https:\/\/4tutti.pl\/?page_id=6444","name":"OB\u00d3Z &#8211; LETNI CAMP 2026 - Stowarzyszenie 4tutti","isPartOf":{"@id":"https:\/\/4tutti.pl\/#website"},"datePublished":"2026-02-05T14:42:49+00:00","dateModified":"2026-03-09T10:47:00+00:00","breadcrumb":{"@id":"https:\/\/4tutti.pl\/?page_id=6444#breadcrumb"},"inLanguage":"pl-PL","potentialAction":[{"@type":"ReadAction","target":["https:\/\/4tutti.pl\/?page_id=6444"]}]},{"@type":"BreadcrumbList","@id":"https:\/\/4tutti.pl\/?page_id=6444#breadcrumb","itemListElement":[{"@type":"ListItem","position":1,"name":"Strona g\u0142\u00f3wna","item":"https:\/\/4tutti.pl\/"},{"@type":"ListItem","position":2,"name":"Aktualno\u015bci","item":"https:\/\/4tutti.pl\/?page_id=525"},{"@type":"ListItem","position":3,"name":"OBOZY, P\u00d3\u0141KOLONIE","item":"https:\/\/4tutti.pl\/?page_id=2544"},{"@type":"ListItem","position":4,"name":"OB\u00d3Z &#8211; LETNI CAMP 2026"}]},{"@type":"WebSite","@id":"https:\/\/4tutti.pl\/#website","url":"https:\/\/4tutti.pl\/","name":"Stowarzyszenie 4tutti","description":"P\u00f3\u0142kolonie, warsztaty dla dzieci","potentialAction":[{"@type":"SearchAction","target":{"@type":"EntryPoint","urlTemplate":"https:\/\/4tutti.pl\/?s={search_term_string}"},"query-input":"required name=search_term_string"}],"inLanguage":"pl-PL"}]}},"_links":{"self":[{"href":"https:\/\/4tutti.pl\/index.php?rest_route=\/wp\/v2\/pages\/6444","targetHints":{"allow":["GET"]}}],"collection":[{"href":"https:\/\/4tutti.pl\/index.php?rest_route=\/wp\/v2\/pages"}],"about":[{"href":"https:\/\/4tutti.pl\/index.php?rest_route=\/wp\/v2\/types\/page"}],"author":[{"embeddable":true,"href":"https:\/\/4tutti.pl\/index.php?rest_route=\/wp\/v2\/users\/2"}],"replies":[{"embeddable":true,"href":"https:\/\/4tutti.pl\/index.php?rest_route=%2Fwp%2Fv2%2Fcomments&post=6444"}],"version-history":[{"count":3,"href":"https:\/\/4tutti.pl\/index.php?rest_route=\/wp\/v2\/pages\/6444\/revisions"}],"predecessor-version":[{"id":6457,"href":"https:\/\/4tutti.pl\/index.php?rest_route=\/wp\/v2\/pages\/6444\/revisions\/6457"}],"up":[{"embeddable":true,"href":"https:\/\/4tutti.pl\/index.php?rest_route=\/wp\/v2\/pages\/2544"}],"wp:featuredmedia":[{"embeddable":true,"href":"https:\/\/4tutti.pl\/index.php?rest_route=\/wp\/v2\/media\/6448"}],"wp:attachment":[{"href":"https:\/\/4tutti.pl\/index.php?rest_route=%2Fwp%2Fv2%2Fmedia&parent=6444"}],"curies":[{"name":"wp","href":"https:\/\/api.w.org\/{rel}","templated":true}]}}

OBÓZ &#8211; LETNI CAMP 2026

<div>Już teraz zapraszamy wszystkie chętne dzieci w wieku 7-18 lat na rekreacyjno-sportowy obóz!</div>
<div>Jedziemy nad morze do …&nbsp;&nbsp;&nbsp; JAROSŁAWCA !!!</div>
<div>Nocujemy w OWK MARYSIENKA – ul. Bałtycka 1, Jarosławiec</div>
<div><strong>Termin 09-17.08.2026 – to aż 9 dni.</strong>&nbsp;</div>
<div>&nbsp;</div>
<div>Zapewniamy plac zabaw, boiska oraz salę na której będziemy prowadzić nasze zajęcia.</div>
<div>Gwarantujemy:</div>
<div>– pyszne i zdrowe jedzenie, <img loading="lazy" decoding="async" class="size-medium wp-image-6448 alignright" src="https://4tutti.pl/wp-content/uploads/2026/02/oboz-jaroslawiec-2026-212x300.jpg" alt="" width="212" height="300" srcset="https://4tutti.pl/wp-content/uploads/2026/02/oboz-jaroslawiec-2026-212x300.jpg 212w, https://4tutti.pl/wp-content/uploads/2026/02/oboz-jaroslawiec-2026-724x1024.jpg 724w, https://4tutti.pl/wp-content/uploads/2026/02/oboz-jaroslawiec-2026-768x1086.jpg 768w, https://4tutti.pl/wp-content/uploads/2026/02/oboz-jaroslawiec-2026-1086x1536.jpg 1086w, https://4tutti.pl/wp-content/uploads/2026/02/oboz-jaroslawiec-2026-1448x2048.jpg 1448w, https://4tutti.pl/wp-content/uploads/2026/02/oboz-jaroslawiec-2026-scaled.jpg 1810w" sizes="auto, (max-width: 212px) 100vw, 212px" /></div>
<div>– nocne podchody,</div>
<div>– teleturniejowe wyzwania,</div>
<div>– mistrzostwa w budowaniu z piasku,</div>
<div>– koszulka obozowa,</div>
<div>– magiczny wieczór,</div>
<div>– festiwal kolorów o zachodzie słońca na plaży,</div>
<div>– kąpiele w morzu,</div>
<div>– plener party,</div>
<div>– piżamowy pokaz mody,</div>
<div>– transport,</div>
<div>– opiekę medyczną,</div>
<div>– noclegi w 3,4,5,6 – osobowych pokojach z pełnym węzłem sanitarnym.</div>
<div>&nbsp;</div>
<div>Nasza wykwalifikowana kadra to kreatywni i mili opiekunowie.&nbsp;</div>
<div>&nbsp;</div>
<div><strong>Cena:</strong>&nbsp; &nbsp;<strong>2 590 zł – zgłoszenia do 15.03.2026</strong></div>
<div><strong>&nbsp; &nbsp; &nbsp; &nbsp; &nbsp; &nbsp; &nbsp; 2 690 zł – po 15.03.2026</strong></div>
<div><strong><em>Zaliczka w wysokości 900 zł płatna w ciągu 7 dni od kwalifikacji uczestnika.</em></strong></div>
<div>&nbsp;</div>
<div>Ilość miejsc ograniczona. Decyduje kolejność zgłoszeń.</div>
<div>&nbsp;</div>
<div>Dokumenty do pobrania:</div>
<ul>
<li><a href="https://4tutti.pl/wp-content/uploads/2026/02/Zgloszenie-uczestnictwa-2026.pdf">Zgloszenie-uczestnictwa-2026</a></li>
<li><a href="https://4tutti.pl/wp-content/uploads/2026/02/Zgoda-rodo-i-wizerunek.pdf">Zgoda-rodo-i-wizerunek</a></li>
<li><a href="https://4tutti.pl/wp-content/uploads/2026/02/Karta-kwalifikacyjna-uczestnika-2026.pdf">Karta-kwalifikacyjna-uczestnika 2026</a></li>
<li><a href="https://4tutti.pl/wp-content/uploads/2026/03/umowa-oboz-letni-2026.pdf">umowa oboz letni 2026</a></li>
</ul>

<p>Już teraz zapraszamy wszystkie chętne dzieci w wieku 7-18 lat na rekreacyjno-sportowy obóz! Jedziemy nad morze do …&nbsp;&nbsp;&nbsp; JAROSŁAWCA !!! Nocujemy w OWK MARYSIENKA – ul. Bałtycka 1, Jarosławiec Termin 09-17.08.2026 – to aż 9 dni.&nbsp; &nbsp; Zapewniamy plac zabaw, boiska oraz salę na której będziemy prowadzić nasze zajęcia. Gwarantujemy: – pyszne i zdrowe jedzenie, [&hellip;]</p>

<!-- This site is optimized with the Yoast SEO plugin v19.8 - https://yoast.com/wordpress/plugins/seo/ -->
<title>OBÓZ &#8211; LETNI CAMP 2026 - Stowarzyszenie 4tutti</title>
<meta name="robots" content="index, follow, max-snippet:-1, max-image-preview:large, max-video-preview:-1" />
<link rel="canonical" href="https://4tutti.pl/?page_id=6444" />
<meta property="og:locale" content="pl_PL" />
<meta property="og:type" content="article" />
<meta property="og:title" content="OBÓZ &#8211; LETNI CAMP 2026 - Stowarzyszenie 4tutti" />
<meta property="og:description" content="Już teraz zapraszamy wszystkie chętne dzieci w wieku 7-18 lat na rekreacyjno-sportowy obóz! Jedziemy nad morze do …&nbsp;&nbsp;&nbsp; JAROSŁAWCA !!! Nocujemy w OWK MARYSIENKA – ul. Bałtycka 1, Jarosławiec Termin 09-17.08.2026 – to aż 9 dni.&nbsp; &nbsp; Zapewniamy plac zabaw, boiska oraz salę na której będziemy prowadzić nasze zajęcia. Gwarantujemy: – pyszne i zdrowe jedzenie, [&hellip;]" />
<meta property="og:url" content="https://4tutti.pl/?page_id=6444" />
<meta property="og:site_name" content="Stowarzyszenie 4tutti" />
<meta property="article:modified_time" content="2026-03-09T10:47:00+00:00" />
<meta property="og:image" content="https://4tutti.pl/wp-content/uploads/2026/02/oboz-jaroslawiec-2026-scaled.jpg" />
	<meta property="og:image:width" content="1810" />
	<meta property="og:image:height" content="2560" />
	<meta property="og:image:type" content="image/jpeg" />
<meta name="twitter:card" content="summary_large_image" />
<meta name="twitter:label1" content="Szacowany czas czytania" />
	<meta name="twitter:data1" content="2 minuty" />
<script type="application/ld+json" class="yoast-schema-graph">{"@context":"https://schema.org","@graph":[{"@type":"WebPage","@id":"https://4tutti.pl/?page_id=6444","url":"https://4tutti.pl/?page_id=6444","name":"OBÓZ &#8211; LETNI CAMP 2026 - Stowarzyszenie 4tutti","isPartOf":{"@id":"https://4tutti.pl/#website"},"datePublished":"2026-02-05T14:42:49+00:00","dateModified":"2026-03-09T10:47:00+00:00","breadcrumb":{"@id":"https://4tutti.pl/?page_id=6444#breadcrumb"},"inLanguage":"pl-PL","potentialAction":[{"@type":"ReadAction","target":["https://4tutti.pl/?page_id=6444"]}]},{"@type":"BreadcrumbList","@id":"https://4tutti.pl/?page_id=6444#breadcrumb","itemListElement":[{"@type":"ListItem","position":1,"name":"Strona główna","item":"https://4tutti.pl/"},{"@type":"ListItem","position":2,"name":"Aktualności","item":"https://4tutti.pl/?page_id=525"},{"@type":"ListItem","position":3,"name":"OBOZY, PÓŁKOLONIE","item":"https://4tutti.pl/?page_id=2544"},{"@type":"ListItem","position":4,"name":"OBÓZ &#8211; LETNI CAMP 2026"}]},{"@type":"WebSite","@id":"https://4tutti.pl/#website","url":"https://4tutti.pl/","name":"Stowarzyszenie 4tutti","description":"Półkolonie, warsztaty dla dzieci","potentialAction":[{"@type":"SearchAction","target":{"@type":"EntryPoint","urlTemplate":"https://4tutti.pl/?s={search_term_string}"},"query-input":"required name=search_term_string"}],"inLanguage":"pl-PL"}]}</script>
<!-- / Yoast SEO plugin. -->

OBÓZ &#8211; LETNI CAMP 2026 - Stowarzyszenie 4tutti

Już teraz zapraszamy wszystkie chętne dzieci w wieku 7-18 lat na rekreacyjno-sportowy obóz! Jedziemy nad morze do …&nbsp;&nbsp;&nbsp; JAROSŁAWCA !!! Nocujemy w OWK MARYSIENKA – ul. Bałtycka 1, Jarosławiec Termin 09-17.08.2026 – to aż 9 dni.&nbsp; &nbsp; Zapewniamy plac zabaw, boiska oraz salę na której będziemy prowadzić nasze zajęcia. Gwarantujemy: – pyszne i zdrowe jedzenie, [&hellip;]

Strona główna

Aktualności

OBOZY, PÓŁKOLONIE

Półkolonie, warsztaty dla dzieci
